{"id":351,"date":"2020-09-08T15:41:10","date_gmt":"2020-09-08T13:41:10","guid":{"rendered":"http:\/\/www.univ-mosta.dz\/vrpghr\/?page_id=351"},"modified":"2020-09-08T15:41:10","modified_gmt":"2020-09-08T13:41:10","slug":"plateau-technique-danalyses-physico-chimiques","status":"publish","type":"page","link":"https:\/\/www.univ-mosta.dz\/vrpghr\/plateau-technique-danalyses-physico-chimiques\/","title":{"rendered":"Plateau technique d\u2019analyses physico-chimiques"},"content":{"rendered":"<p>[vc_row][vc_column][vc_column_text]<\/p>\n<p style=\"text-align: justify;\"><span style=\"font-size: 14pt;\">Le plateau technique de l\u2019Universit\u00e9 Abdelhamid Ibn Badis va, dans un premier temps, d\u00e9velopper un savoir-faire en analyse et caract\u00e9risation physico-chimiques. Pour garantir sa pluridisciplinarit\u00e9, il va \u00eatre dot\u00e9 de diff\u00e9rents mat\u00e9riels et \u00e9quipements de derni\u00e8re g\u00e9n\u00e9ration. En priorit\u00e9, il mettra \u00e0 la disposition des laboratoires de recherche de l\u2019Universit\u00e9, ses comp\u00e9tences et ses moyens techniques. Il peut \u00e9galement effectuer des travaux pour les autres laboratoires et entreprises publiques et priv\u00e9es. Les stagiaires de divers horizons pourront y accomplir partiellement ou totalement leurs travaux de recherche.<\/span><\/p>\n<p>[\/vc_column_text][\/vc_column][\/vc_row]<\/p>\n","protected":false},"excerpt":{"rendered":"<p>[vc_row][vc_column][vc_column_text] Le plateau technique de l\u2019Universit\u00e9 Abdelhamid Ibn Badis va, dans un premier temps, d\u00e9velopper un savoir-faire en analyse et caract\u00e9risation physico-chimiques. Pour garantir sa pluridisciplinarit\u00e9, il va \u00eatre dot\u00e9 &hellip;<\/p>\n","protected":false},"author":1,"featured_media":0,"parent":0,"menu_order":0,"comment_status":"closed","ping_status":"closed","template":"","meta":{"_coblocks_attr":"","_coblocks_dimensions":"","_coblocks_responsive_height":"","_coblocks_accordion_ie_support":"","footnotes":""},"class_list":["post-351","page","type-page","status-publish","hentry"],"_links":{"self":[{"href":"https:\/\/www.univ-mosta.dz\/vrpghr\/wp-json\/wp\/v2\/pages\/351","targetHints":{"allow":["GET"]}}],"collection":[{"href":"https:\/\/www.univ-mosta.dz\/vrpghr\/wp-json\/wp\/v2\/pages"}],"about":[{"href":"https:\/\/www.univ-mosta.dz\/vrpghr\/wp-json\/wp\/v2\/types\/page"}],"author":[{"embeddable":true,"href":"https:\/\/www.univ-mosta.dz\/vrpghr\/wp-json\/wp\/v2\/users\/1"}],"replies":[{"embeddable":true,"href":"https:\/\/www.univ-mosta.dz\/vrpghr\/wp-json\/wp\/v2\/comments?post=351"}],"version-history":[{"count":1,"href":"https:\/\/www.univ-mosta.dz\/vrpghr\/wp-json\/wp\/v2\/pages\/351\/revisions"}],"predecessor-version":[{"id":353,"href":"https:\/\/www.univ-mosta.dz\/vrpghr\/wp-json\/wp\/v2\/pages\/351\/revisions\/353"}],"wp:attachment":[{"href":"https:\/\/www.univ-mosta.dz\/vrpghr\/wp-json\/wp\/v2\/media?parent=351"}],"curies":[{"name":"wp","href":"https:\/\/api.w.org\/{rel}","templated":true}]}}