{"id":1774,"date":"2022-07-17T17:24:14","date_gmt":"2022-07-17T15:24:14","guid":{"rendered":"https:\/\/www.univ-mosta.dz\/vrpghr\/?page_id=1774"},"modified":"2025-05-18T15:36:08","modified_gmt":"2025-05-18T13:36:08","slug":"categorie-b","status":"publish","type":"page","link":"https:\/\/www.univ-mosta.dz\/vrpghr\/categorie-b\/","title":{"rendered":"Cat\u00e9gorie B"},"content":{"rendered":"\n<h4 class=\"wp-block-heading has-georgia-font-family has-custom-font\" style=\"font-family:Georgia;font-size:21px\">Liste des revues de cat\u00e9gorie B<\/h4>\n\n\n\n<p class=\"has-georgia-font-family has-custom-font\" style=\"font-family:Georgia;font-size:19px\">La Direction G\u00e9n\u00e9rale de la Recherche Scientifique et du D\u00e9veloppement Technologique (DGRSDT) a le plaisir de mettre \u00e0 la disposition de la communaut\u00e9 scientifique nationale l&rsquo;actualisation des listes des revues scientifiques de cat\u00e9gorie A et B, ainsi que, les listes des revues pr\u00e9datrices et \u00e9diteurs pr\u00e9dateurs.<\/p>\n\n\n\n<ul style=\"font-family:Georgia;font-size:19px;color:#4ab98d\" class=\"wp-block-list is-style-checkbox has-georgia-font-family has-custom-font\">\n<li><strong>Il est \u00e0 signaler que lesdites listes rentrent en vigueur pour les articles soumis \u00e0 partir du 25 Mai 2025.<\/strong><\/li>\n\n\n\n<li><strong>La publication dans une revue de cat\u00e9gorie A ou B et consid\u00e9r\u00e9e pr\u00e9datrice ou \u00e9dit\u00e9e par un \u00e9diteur pr\u00e9dateur ou qui publie exclusivement les proceedings des conf\u00e9rences n\u2019est pas accept\u00e9e pour soutenance de doctorat ou l\u2019habilitation universitaire.<\/strong><\/li>\n<\/ul>\n\n\n\n<div class=\"wp-block-group alignwide\"><div class=\"wp-block-group__inner-container is-layout-flow wp-block-group-is-layout-flow\">\n<div class=\"wp-block-group\"><div class=\"wp-block-group__inner-container is-layout-flow wp-block-group-is-layout-flow\">\n<div class=\"wp-block-buttons is-layout-flex wp-container-core-buttons-is-layout-c07eda73 wp-block-buttons-is-layout-flex\">\n<div class=\"wp-block-button is-style-outline coblocks-animate has-custom-font is-style-outline--1\" data-coblocks-animation=\"fadeIn\" style=\"font-family:Georgia\"><a class=\"wp-block-button__link has-georgia-font-family wp-element-button\" href=\"http:\/\/www.univ-mosta.dz\/vrpghr\/wp-content\/uploads\/sites\/14\/2025\/05\/Revue2025_B_ABDC.pdf\" target=\"_blank\" rel=\"noreferrer noopener\"><strong><img loading=\"lazy\" decoding=\"async\" width=\"457\" height=\"110\" class=\"wp-image-1803\" style=\"width: 100px\" src=\"http:\/\/www.univ-mosta.dz\/vrpghr\/wp-content\/uploads\/sites\/14\/2022\/07\/abdc-revue.png\" alt=\"\" srcset=\"https:\/\/www.univ-mosta.dz\/vrpghr\/wp-content\/uploads\/sites\/14\/2022\/07\/abdc-revue.png 457w, https:\/\/www.univ-mosta.dz\/vrpghr\/wp-content\/uploads\/sites\/14\/2022\/07\/abdc-revue-300x72.png 300w\" sizes=\"auto, (max-width: 457px) 100vw, 457px\" \/>2662 <\/strong>revues scientifiques<\/a><\/div>\n\n\n\n<div class=\"wp-block-button is-style-outline coblocks-animate has-custom-font is-style-outline--2\" data-coblocks-animation=\"fadeIn\" style=\"font-family:Georgia\"><a class=\"wp-block-button__link has-georgia-font-family wp-element-button\" href=\"http:\/\/www.univ-mosta.dz\/vrpghr\/wp-content\/uploads\/sites\/14\/2025\/05\/Revue2025_B_De_Gruyter.pdf\" target=\"_blank\" rel=\"noreferrer noopener\"><img loading=\"lazy\" decoding=\"async\" width=\"570\" height=\"350\" class=\"wp-image-1809\" style=\"width: 100px\" src=\"http:\/\/www.univ-mosta.dz\/vrpghr\/wp-content\/uploads\/sites\/14\/2022\/07\/revue-B-De_Gruyter-2.png\" alt=\"\" srcset=\"https:\/\/www.univ-mosta.dz\/vrpghr\/wp-content\/uploads\/sites\/14\/2022\/07\/revue-B-De_Gruyter-2.png 570w, https:\/\/www.univ-mosta.dz\/vrpghr\/wp-content\/uploads\/sites\/14\/2022\/07\/revue-B-De_Gruyter-2-300x184.png 300w\" sizes=\"auto, (max-width: 570px) 100vw, 570px\" \/><strong> 986<\/strong> revues scientifiques<\/a><\/div>\n\n\n\n<div class=\"wp-block-button is-style-outline coblocks-animate has-custom-font is-style-outline--3\" data-coblocks-animation=\"fadeIn\" style=\"font-family:Georgia\"><a class=\"wp-block-button__link has-georgia-font-family wp-element-button\" href=\"http:\/\/www.univ-mosta.dz\/vrpghr\/wp-content\/uploads\/sites\/14\/2025\/05\/Revue2025_B_Erih_plus.pdf\" target=\"_blank\" rel=\"noreferrer noopener\"><img loading=\"lazy\" decoding=\"async\" width=\"657\" height=\"171\" class=\"wp-image-1816\" style=\"width: 150px\" src=\"http:\/\/www.univ-mosta.dz\/vrpghr\/wp-content\/uploads\/sites\/14\/2022\/07\/revue-B-erih.png\" alt=\"\" srcset=\"https:\/\/www.univ-mosta.dz\/vrpghr\/wp-content\/uploads\/sites\/14\/2022\/07\/revue-B-erih.png 657w, https:\/\/www.univ-mosta.dz\/vrpghr\/wp-content\/uploads\/sites\/14\/2022\/07\/revue-B-erih-300x78.png 300w\" sizes=\"auto, (max-width: 657px) 100vw, 657px\" \/> <strong>12093<\/strong> revues scientifiques<\/a><\/div>\n\n\n\n<div class=\"wp-block-button is-style-outline coblocks-animate has-custom-font is-style-outline--4\" data-coblocks-animation=\"fadeIn\" style=\"font-family:Georgia\"><a class=\"wp-block-button__link has-georgia-font-family wp-element-button\" href=\"http:\/\/www.univ-mosta.dz\/vrpghr\/wp-content\/uploads\/sites\/14\/2025\/05\/Revue2025_B_Journal_quality.pdf\" target=\"_blank\" rel=\"noreferrer noopener\">Journal quality list <strong>842<\/strong> revues scientifiques<\/a><\/div>\n\n\n\n<div class=\"wp-block-button is-style-outline has-custom-font is-style-outline--5\" style=\"font-family:Georgia\"><a class=\"wp-block-button__link has-georgia-font-family wp-element-button\" href=\"http:\/\/www.univ-mosta.dz\/vrpghr\/wp-content\/uploads\/sites\/14\/2025\/05\/Revue2025_B_AERES.pdf\" target=\"_blank\" rel=\"noreferrer noopener\"><img loading=\"lazy\" decoding=\"async\" width=\"308\" height=\"164\" class=\"wp-image-1823\" style=\"width: 100px\" src=\"http:\/\/www.univ-mosta.dz\/vrpghr\/wp-content\/uploads\/sites\/14\/2022\/07\/revus-b-Aeres-logo.jpg\" alt=\"\" srcset=\"https:\/\/www.univ-mosta.dz\/vrpghr\/wp-content\/uploads\/sites\/14\/2022\/07\/revus-b-Aeres-logo.jpg 308w, https:\/\/www.univ-mosta.dz\/vrpghr\/wp-content\/uploads\/sites\/14\/2022\/07\/revus-b-Aeres-logo-300x160.jpg 300w\" sizes=\"auto, (max-width: 308px) 100vw, 308px\" \/> <strong>8166<\/strong> revues scientifiques<\/a><\/div>\n\n\n\n<div class=\"wp-block-button is-style-outline has-custom-font is-style-outline--6\" style=\"font-family:Georgia\"><a class=\"wp-block-button__link has-georgia-font-family wp-element-button\" href=\"http:\/\/www.univ-mosta.dz\/vrpghr\/wp-content\/uploads\/sites\/14\/2025\/05\/Revue2025_B_CNRS.pdf\" target=\"_blank\" rel=\"noreferrer noopener\"><img loading=\"lazy\" decoding=\"async\" width=\"1200\" height=\"1200\" class=\"wp-image-1826\" style=\"width: 100px\" src=\"http:\/\/www.univ-mosta.dz\/vrpghr\/wp-content\/uploads\/sites\/14\/2022\/07\/revue-B-CNRS.png\" alt=\"\" srcset=\"https:\/\/www.univ-mosta.dz\/vrpghr\/wp-content\/uploads\/sites\/14\/2022\/07\/revue-B-CNRS.png 1200w, https:\/\/www.univ-mosta.dz\/vrpghr\/wp-content\/uploads\/sites\/14\/2022\/07\/revue-B-CNRS-300x300.png 300w, https:\/\/www.univ-mosta.dz\/vrpghr\/wp-content\/uploads\/sites\/14\/2022\/07\/revue-B-CNRS-1024x1024.png 1024w, https:\/\/www.univ-mosta.dz\/vrpghr\/wp-content\/uploads\/sites\/14\/2022\/07\/revue-B-CNRS-150x150.png 150w, https:\/\/www.univ-mosta.dz\/vrpghr\/wp-content\/uploads\/sites\/14\/2022\/07\/revue-B-CNRS-768x768.png 768w\" sizes=\"auto, (max-width: 1200px) 100vw, 1200px\" \/> <strong>940<\/strong> revues scientifiques<\/a><\/div>\n\n\n\n<div class=\"wp-block-button is-style-outline has-custom-font is-style-outline--7\" style=\"font-family:Georgia\"><a class=\"wp-block-button__link has-georgia-font-family wp-element-button\" href=\"http:\/\/www.univ-mosta.dz\/vrpghr\/wp-content\/uploads\/sites\/14\/2025\/05\/Revue2025_B_SCOPUS.pdf\" target=\"_blank\" rel=\"noreferrer noopener\"><img loading=\"lazy\" decoding=\"async\" width=\"743\" height=\"260\" class=\"wp-image-1829\" style=\"width: 150px\" src=\"http:\/\/www.univ-mosta.dz\/vrpghr\/wp-content\/uploads\/sites\/14\/2022\/07\/revus-B-scopus.png\" alt=\"\" srcset=\"https:\/\/www.univ-mosta.dz\/vrpghr\/wp-content\/uploads\/sites\/14\/2022\/07\/revus-B-scopus.png 743w, https:\/\/www.univ-mosta.dz\/vrpghr\/wp-content\/uploads\/sites\/14\/2022\/07\/revus-B-scopus-300x105.png 300w\" sizes=\"auto, (max-width: 743px) 100vw, 743px\" \/><strong>29061 <\/strong>revus scientifiques<\/a><\/div>\n\n\n\n<div class=\"wp-block-button is-style-outline has-custom-font is-style-outline--8\" style=\"font-family:Georgia\"><a class=\"wp-block-button__link has-georgia-font-family wp-element-button\" href=\"http:\/\/www.univ-mosta.dz\/vrpghr\/wp-content\/uploads\/sites\/14\/2025\/05\/Revue2025_B_Finacial_Times.pdf\" target=\"_blank\" rel=\"noreferrer noopener\"><img loading=\"lazy\" decoding=\"async\" width=\"191\" height=\"263\" class=\"wp-image-1831\" style=\"width: 60px\" src=\"http:\/\/www.univ-mosta.dz\/vrpghr\/wp-content\/uploads\/sites\/14\/2022\/07\/Revue-B-Financial_times.png\" alt=\"\">  <strong>50<\/strong> revues scientifiques<\/a><\/div>\n<\/div>\n<\/div><\/div>\n<\/div><\/div>\n","protected":false},"excerpt":{"rendered":"<p>Liste des revues de cat\u00e9gorie B La Direction G\u00e9n\u00e9rale de la Recherche Scientifique et du D\u00e9veloppement Technologique (DGRSDT) a le plaisir de mettre \u00e0 la disposition de la communaut\u00e9 scientifique &hellip;<\/p>\n","protected":false},"author":14,"featured_media":0,"parent":0,"menu_order":0,"comment_status":"closed","ping_status":"closed","template":"","meta":{"_coblocks_attr":"Georgia,Georgia","_coblocks_dimensions":"","_coblocks_responsive_height":"","_coblocks_accordion_ie_support":"","footnotes":""},"class_list":["post-1774","page","type-page","status-publish","hentry"],"_links":{"self":[{"href":"https:\/\/www.univ-mosta.dz\/vrpghr\/wp-json\/wp\/v2\/pages\/1774","targetHints":{"allow":["GET"]}}],"collection":[{"href":"https:\/\/www.univ-mosta.dz\/vrpghr\/wp-json\/wp\/v2\/pages"}],"about":[{"href":"https:\/\/www.univ-mosta.dz\/vrpghr\/wp-json\/wp\/v2\/types\/page"}],"author":[{"embeddable":true,"href":"https:\/\/www.univ-mosta.dz\/vrpghr\/wp-json\/wp\/v2\/users\/14"}],"replies":[{"embeddable":true,"href":"https:\/\/www.univ-mosta.dz\/vrpghr\/wp-json\/wp\/v2\/comments?post=1774"}],"version-history":[{"count":44,"href":"https:\/\/www.univ-mosta.dz\/vrpghr\/wp-json\/wp\/v2\/pages\/1774\/revisions"}],"predecessor-version":[{"id":5368,"href":"https:\/\/www.univ-mosta.dz\/vrpghr\/wp-json\/wp\/v2\/pages\/1774\/revisions\/5368"}],"wp:attachment":[{"href":"https:\/\/www.univ-mosta.dz\/vrpghr\/wp-json\/wp\/v2\/media?parent=1774"}],"curies":[{"name":"wp","href":"https:\/\/api.w.org\/{rel}","templated":true}]}}