{"id":1460,"date":"2022-01-17T12:13:00","date_gmt":"2022-01-17T11:13:00","guid":{"rendered":"https:\/\/www.univ-mosta.dz\/vrpghr\/?page_id=1460"},"modified":"2025-10-26T09:57:17","modified_gmt":"2025-10-26T08:57:17","slug":"categorie-a","status":"publish","type":"page","link":"https:\/\/www.univ-mosta.dz\/vrpghr\/categorie-a\/","title":{"rendered":"Cat\u00e9gorie A"},"content":{"rendered":"\n<h4 class=\"wp-block-heading has-georgia-font-family has-custom-font\" style=\"font-family:Georgia;font-size:21px\">Liste des revues de cat\u00e9gorie A<\/h4>\n\n\n\n<p class=\"has-georgia-font-family has-custom-font\" style=\"font-family:Georgia;font-size:19px\">La Direction G\u00e9n\u00e9rale de la Recherche Scientifique et du D\u00e9veloppement Technologique (DGRSDT) a le plaisir de mettre \u00e0 la disposition de la communaut\u00e9 scientifique nationale l&rsquo;actualisation des listes des revues scientifiques de cat\u00e9gorie A et B, ainsi que, les listes des revues pr\u00e9datrices et \u00e9diteurs pr\u00e9dateurs.<\/p>\n\n\n\n<ul style=\"font-family:Georgia;font-size:19px;color:#4ab98d\" class=\"wp-block-list is-style-checkbox has-georgia-font-family has-custom-font\">\n<li><strong>Il est \u00e0 signaler que lesdites listes rentrent en vigueur pour les articles soumis a partir du 25 Mai 2025.<\/strong><\/li>\n\n\n\n<li><strong>La publication dans une revue de cat\u00e9gorie A ou B et consid\u00e9r\u00e9e pr\u00e9datrice ou \u00e9dit\u00e9e par un \u00e9diteur pr\u00e9dateur ou qui publie exclusivement les proceedings des conf\u00e9rences n\u2019est pas accept\u00e9e pour soutenance de doctorat ou l\u2019habilitation universitaire.<\/strong><\/li>\n<\/ul>\n\n\n\n<p class=\"has-text-align-center is-style-success has-georgia-font-family has-custom-font\" style=\"font-family:Georgia;font-size:19px\"><a href=\"http:\/\/www.univ-mosta.dz\/vrpghr\/wp-content\/uploads\/sites\/14\/2025\/05\/Revue2025_A.pdf\" target=\"_blank\" rel=\"noreferrer noopener\"><strong>Liste des revues scientifiques de cat\u00e9gorie A<\/strong><\/a><\/p>\n\n\n<a href=\"https:\/\/www.univ-mosta.dz\/vrpghr\/wp-content\/uploads\/sites\/14\/2025\/10\/Revue2025_A_.pdf\" class=\"pdfemb-viewer\" style=\"\" data-width=\"max\" data-height=\"max\" data-toolbar=\"both\" data-toolbar-fixed=\"on\">Revue2025_A_<\/a>","protected":false},"excerpt":{"rendered":"<p>Liste des revues de cat\u00e9gorie A La Direction G\u00e9n\u00e9rale de la Recherche Scientifique et du D\u00e9veloppement Technologique (DGRSDT) a le plaisir de mettre \u00e0 la disposition de la communaut\u00e9 scientifique &hellip;<\/p>\n","protected":false},"author":14,"featured_media":0,"parent":0,"menu_order":0,"comment_status":"closed","ping_status":"closed","template":"","meta":{"_coblocks_attr":"Georgia,Georgia","_coblocks_dimensions":"","_coblocks_responsive_height":"","_coblocks_accordion_ie_support":"","footnotes":""},"class_list":["post-1460","page","type-page","status-publish","hentry"],"_links":{"self":[{"href":"https:\/\/www.univ-mosta.dz\/vrpghr\/wp-json\/wp\/v2\/pages\/1460","targetHints":{"allow":["GET"]}}],"collection":[{"href":"https:\/\/www.univ-mosta.dz\/vrpghr\/wp-json\/wp\/v2\/pages"}],"about":[{"href":"https:\/\/www.univ-mosta.dz\/vrpghr\/wp-json\/wp\/v2\/types\/page"}],"author":[{"embeddable":true,"href":"https:\/\/www.univ-mosta.dz\/vrpghr\/wp-json\/wp\/v2\/users\/14"}],"replies":[{"embeddable":true,"href":"https:\/\/www.univ-mosta.dz\/vrpghr\/wp-json\/wp\/v2\/comments?post=1460"}],"version-history":[{"count":16,"href":"https:\/\/www.univ-mosta.dz\/vrpghr\/wp-json\/wp\/v2\/pages\/1460\/revisions"}],"predecessor-version":[{"id":5908,"href":"https:\/\/www.univ-mosta.dz\/vrpghr\/wp-json\/wp\/v2\/pages\/1460\/revisions\/5908"}],"wp:attachment":[{"href":"https:\/\/www.univ-mosta.dz\/vrpghr\/wp-json\/wp\/v2\/media?parent=1460"}],"curies":[{"name":"wp","href":"https:\/\/api.w.org\/{rel}","templated":true}]}}