{"id":1361,"date":"2022-01-13T11:32:46","date_gmt":"2022-01-13T10:32:46","guid":{"rendered":"https:\/\/www.univ-mosta.dz\/vrpghr\/?page_id=1361"},"modified":"2022-01-13T15:02:47","modified_gmt":"2022-01-13T14:02:47","slug":"doctorat-en-sciences","status":"publish","type":"page","link":"https:\/\/www.univ-mosta.dz\/vrpghr\/doctorat-en-sciences\/","title":{"rendered":"Doctorat en sciences"},"content":{"rendered":"\n<p class=\"has-vivid-red-color has-text-color has-custom-font\" style=\"font-family:Georgia\"><strong>Doctorat en sciences<\/strong>:<\/p>\n\n\n\n<ol type=\"1\" class=\"has-vivid-red-color has-text-color has-custom-font wp-block-list\" style=\"font-family:Georgia\"><li><u><strong>Doctorat:<\/strong><\/u><\/li><\/ol>\n\n\n\n<p class=\"has-custom-font has-custom-lineheight\" style=\"font-family:Georgia;line-height:1.54\">L\u2019objet de la th\u00e8se en vue du doctorat est de consacrer les capacit\u00e9s du candidat \u00e0 r\u00e9aliser un travail de recherche original, de niveau appr\u00e9ciable et de contribuer de fa\u00e7on significative \u00e0 la r\u00e9solution de probl\u00e8mes scientifiques, technologiques et socio-\u00e9conomiques.<\/p>\n\n\n\n<p class=\"has-custom-font has-custom-lineheight\" style=\"font-family:Georgia;line-height:1.5\">La th\u00e8se doit n\u00e9cessairement apporter une contribution \u00e0 l\u2019avancement des connaissances ou conduire \u00e0 des applications nouvelles. Les exigences en mati\u00e8re de formation doctorale permettent d\u2019\u00e9valuer chez le futur imp\u00e9trant la qualification, l\u2019habilitation et l\u2019aptitude requises pour mener \u00e0 bien des travaux de recherche d\u2019une fa\u00e7on autonome<\/p>\n\n\n\n<p class=\"has-vivid-red-color has-text-color has-custom-font has-custom-lineheight\" style=\"font-family:Georgia;line-height:1.5\">2. <strong><u>Conditions d\u2019acc\u00e8s au Doctorat en Sciences:<\/u><\/strong><\/p>\n\n\n\n<p class=\"has-custom-font has-custom-lineheight\" style=\"font-family:Georgia;line-height:1.5\">L\u2019acc\u00e8s \u00e0 l\u2019inscription en vue du Doctorat en Sciences est ouvert aux titulaires d\u2019un magister avec mention ou d\u2019un dipl\u00f4me reconnu \u00e9quivalent. La formation doctorale d\u00e9bouche sur le titre de docteur en sciences dans la sp\u00e9cialit\u00e9 \u00e9tudi\u00e9e.<\/p>\n\n\n\n<p class=\"has-custom-font has-custom-lineheight\" style=\"font-family:Georgia;line-height:1.5\">La th\u00e8se de doctorat consiste en l\u2019\u00e9laboration d\u2019un travail de recherche original ayant fait l\u2019objet d\u2019au moins une (01) publication dans une revue scientifique d\u2019int\u00e9r\u00eat reconnu \u00e0 comit\u00e9 de lecture et sanctionn\u00e9 par la r\u00e9daction et la soutenance d\u2019une th\u00e8se.<\/p>\n","protected":false},"excerpt":{"rendered":"<p>Doctorat en sciences: Doctorat: L\u2019objet de la th\u00e8se en vue du doctorat est de consacrer les capacit\u00e9s du candidat \u00e0 r\u00e9aliser un travail de recherche original, de niveau appr\u00e9ciable et &hellip;<\/p>\n","protected":false},"author":14,"featured_media":0,"parent":0,"menu_order":0,"comment_status":"closed","ping_status":"closed","template":"","meta":{"_coblocks_attr":"Abril Fatface,Georgia","_coblocks_dimensions":"","_coblocks_responsive_height":"","_coblocks_accordion_ie_support":"","footnotes":""},"class_list":["post-1361","page","type-page","status-publish","hentry"],"_links":{"self":[{"href":"https:\/\/www.univ-mosta.dz\/vrpghr\/wp-json\/wp\/v2\/pages\/1361","targetHints":{"allow":["GET"]}}],"collection":[{"href":"https:\/\/www.univ-mosta.dz\/vrpghr\/wp-json\/wp\/v2\/pages"}],"about":[{"href":"https:\/\/www.univ-mosta.dz\/vrpghr\/wp-json\/wp\/v2\/types\/page"}],"author":[{"embeddable":true,"href":"https:\/\/www.univ-mosta.dz\/vrpghr\/wp-json\/wp\/v2\/users\/14"}],"replies":[{"embeddable":true,"href":"https:\/\/www.univ-mosta.dz\/vrpghr\/wp-json\/wp\/v2\/comments?post=1361"}],"version-history":[{"count":3,"href":"https:\/\/www.univ-mosta.dz\/vrpghr\/wp-json\/wp\/v2\/pages\/1361\/revisions"}],"predecessor-version":[{"id":1384,"href":"https:\/\/www.univ-mosta.dz\/vrpghr\/wp-json\/wp\/v2\/pages\/1361\/revisions\/1384"}],"wp:attachment":[{"href":"https:\/\/www.univ-mosta.dz\/vrpghr\/wp-json\/wp\/v2\/media?parent=1361"}],"curies":[{"name":"wp","href":"https:\/\/api.w.org\/{rel}","templated":true}]}}