{"id":21,"date":"2018-11-09T11:44:50","date_gmt":"2018-11-09T10:44:50","guid":{"rendered":"http:\/\/www.univ-mosta.dz\/vrcc\/?page_id=21"},"modified":"2022-10-13T10:23:16","modified_gmt":"2022-10-13T08:23:16","slug":"textes-legislatifs-et-reglementaires","status":"publish","type":"page","link":"https:\/\/www.univ-mosta.dz\/vrcc\/textes-legislatifs-et-reglementaires\/","title":{"rendered":"Textes L\u00e9gislatifs et R\u00e9glementaires"},"content":{"rendered":"\n<div class=\"wp-block-coblocks-accordion\">\n<div class=\"wp-block-coblocks-accordion-item\"><details open><summary class=\"wp-block-coblocks-accordion-item__title has-background has-vivid-cyan-blue-background-color\"><strong>Textes L\u00e9gislatifs et R\u00e9glementaires<\/strong><\/summary><div class=\"wp-block-coblocks-accordion-item__content\" style=\"border-color:#0693e3\">\n<ul class=\"wp-block-list\"><li><a href=\"http:\/\/www.univ-mosta.dz\/vrcc\/wp-content\/uploads\/sites\/13\/2022\/10\/Arrete-n\u00b0-1349-du-04-10-2022_-\u0627\u0644\u0642\u0631\u0627\u0631-\u0627\u0644\u0630\u064a-\u064a\u062d\u062f\u062f-\u0645\u0639\u0627\u064a\u064a\u0631-\u0627\u0644\u0627\u0646\u062a\u0642\u0627\u0644-\u0644\u0644\u0642\u0628\u0648\u0644-\u0641\u064a-\u0628\u0631\u0645\u0627\u0645\u062c-\u0627\u0644\u062d\u0631\u0643\u064a\u0629-\u0642\u0635\u064a\u0631\u0629-\u0627\u0644\u0645\u062f\u0649-\u0641\u064a-\u0627\u0644\u062e\u0627\u0631\u062c.pdf\" target=\"_blank\" rel=\"noreferrer noopener\">Arr\u00eat\u00e9 fixant les crit\u00e8res de s\u00e9lection d&rsquo;admissibilit\u00e9 au programme de mobilit\u00e9 de courte dur\u00e9e et de perfectionnement \u00e0 l&rsquo;\u00e9tranger<\/a><\/li><li><a href=\"http:\/\/www.univ-mosta.dz\/wp-content\/uploads\/2018\/09\/instruction-2-juin-2017.pdf\" target=\"_blank\" rel=\"noreferrer noopener\">Instruction N\u00b002 du 14 juin 2017 relative au perfectionnement \u00e0 l\u2019\u00e9tranger<\/a><\/li><li><a href=\"http:\/\/www.univ-mosta.dz\/wp-content\/uploads\/2018\/09\/Tr___PV_RCC_07_JUIN_2017.zip\" target=\"_blank\" rel=\"noreferrer noopener\">Proc\u00e8s \u2013 Verbal de la r\u00e9union du Concertation et de Coordination du 07 juin 2017<\/a><\/li><li><a href=\"http:\/\/www.univ-mosta.dz\/wp-content\/uploads\/2018\/09\/NOTES.SG_.MESRS_.2016.pdf\" target=\"_blank\" rel=\"noreferrer noopener\">\u0627\u0644\u0646\u0634\u0627\u0637 \u0627\u0644\u062a\u0646\u0638\u064a\u0645\u064a \u0644\u0644\u0627\u0645\u064a\u0646 \u0627\u0644\u0639\u0627\u0645 \u0644\u0648\u0632\u0627\u0631\u0629 \u0627\u0644\u062a\u0639\u0644\u064a\u0645 \u0627\u0644\u0639\u0627\u0644\u064a \u0648 \u0627\u0644\u0628\u062d\u062b \u0627\u0644\u0639\u0644\u0645\u064a \u0628\u0639\u0646\u0648\u0627\u0646 \u0633\u0646\u0629 2016 (\u0645\u0646\u0627\u0634\u064a\u0631 \u0648 \u0645\u0630\u0643\u0631\u0627\u062a)<\/a><\/li><li><a href=\"http:\/\/www.univ-mosta.dz\/wp-content\/uploads\/2018\/09\/Arr%C3%AAt%C3%A9-n-932-du-28-juillet-2016.pdf\" target=\"_blank\" rel=\"noreferrer noopener\">Arr\u00eat\u00e9 n\u00b0 932 du 28 juillet 2016 Fixant les modalit\u00e9s d\u2019accompagnement p\u00e9dagogique au profit de l\u2019enseignant chercheur nouvellement recrut\u00e9<\/a><\/li><li><a href=\"http:\/\/www.univ-mosta.dz\/wp-content\/uploads\/2018\/09\/Am%C3%A9nagement-volume-horaire-FR.pdf\" target=\"_blank\" rel=\"noreferrer noopener\">Arr\u00eat\u00e9 n\u00b0 930 du 28 juillet 2016 fixant les modalit\u00e9s d\u2019am\u00e9nagement du volume horaire hebdomadaire d\u2019enseignement du maitre assistant en cours de pr\u00e9paration d\u2019une th\u00e8se de doctorat<\/a><\/li><li><a href=\"http:\/\/www.univ-mosta.dz\/wp-content\/uploads\/2018\/09\/Arr%C3%AArt%C3%A9_Plagiat_-_Fr-_n_933_du_28_juillet_2016.pdf\" target=\"_blank\" rel=\"noreferrer noopener\">Arr\u00eat\u00e9 Plagiat \u2013 Fr n\u00b0 933 du 28 juillet 2016<\/a><\/li><li><a href=\"http:\/\/www.univ-mosta.dz\/wp-content\/uploads\/2018\/09\/Lettre-du-SG.pdf\" target=\"_blank\" rel=\"noreferrer noopener\">Lettre du SG<\/a><\/li><li><a href=\"http:\/\/www.univ-mosta.dz\/wp-content\/uploads\/2018\/09\/Modulation-volume-horaire-fr.pdf\" target=\"_blank\" rel=\"noreferrer noopener\">Arr\u00eat\u00e9 n\u00b0 931 du 28 juillet 2016 fixant les modalit\u00e9s de modulation du volume horaire d\u2019enseignement de l\u2019enseignant chercheur assurant un poste sup\u00e9rieur<\/a><\/li><li><a href=\"http:\/\/www.univ-mosta.dz\/wp-content\/uploads\/2018\/09\/Volume-horaire-Fr.pdf\" target=\"_blank\" rel=\"noreferrer noopener\">Arr\u00eat\u00e9 n\u00b0929 du 28 juillet 2016 fixant le volume horaire hebdomadaire d\u2019enseignement de l\u2019enseignant chercheur<\/a><\/li><\/ul>\n<\/div><\/details><\/div>\n\n\n\n<div class=\"wp-block-coblocks-accordion-item\"><details><summary class=\"wp-block-coblocks-accordion-item__title has-background has-pale-pink-background-color\"><strong>Textes r\u00e9gissant le perfectionnement \u00e0 l\u2019\u00e9tranger<\/strong><\/summary><div class=\"wp-block-coblocks-accordion-item__content\" style=\"border-color:#f78da7\">\n<ul class=\"wp-block-list\"><li><a href=\"http:\/\/www.univ-mosta.dz\/wp-content\/uploads\/2022\/09\/ARRETE-EN-FRANCAIS.pdf\" target=\"_blank\" rel=\"noreferrer noopener\">Arr\u00eat\u00e9 fixant les crit\u00e8res de s\u00e9lection d&rsquo;admissibilit\u00e9 au programme de mobilit\u00e9 de courte dur\u00e9e et de perfectionnement \u00e0 l&rsquo;\u00e9tranger<\/a><\/li><li><a href=\"http:\/\/www.univ-mosta.dz\/wp-content\/uploads\/2018\/09\/D%C3%A9cret-N%C2%B0-14-196.pdf\" target=\"_blank\" rel=\"noreferrer noopener\">D\u00e9cret pr\u00e9sidentiel n\u00b0 14-196 du 8 Ramadhan 1435 correspondant au 6 juillet 2014 portant organisation et gestion de la formation et du perfectionnement \u00e0 l\u2019\u00e9tranger<\/a><\/li><li><a href=\"http:\/\/www.univ-mosta.dz\/wp-content\/uploads\/2018\/09\/F2011-30-33_Arr%C3%AAt%C3%A9-interminist%C3%A9riel-du-25-d%C3%A9cembre-2011-le-montant-de-lindemnit%C3%A9-convertible.pdf\" target=\"_blank\" rel=\"noreferrer noopener\">Arr\u00eat\u00e9 interminist\u00e9riel du 30 Moharram 1433 correspondant au 25 d\u00e9cembre 2011 modifiant l\u2019arr\u00eat\u00e9 interminist\u00e9riel du 27 Rabie El Aouel 1425 correspondant au 17 mai 2004 d\u00e9terminant le montant de l\u2019indemnit\u00e9 convertible relative \u00e0 la formation et au perfectionnement de dur\u00e9e \u00e9gale ou inf\u00e9rieure \u00e0 six (6) mois effectu\u00e9s \u00e0 l\u2019\u00e9tranger.<\/a><\/li><li><a href=\"http:\/\/www.univ-mosta.dz\/wp-content\/uploads\/2018\/09\/Arrete_N_327__09_juil_2015_Fr.pdf\" target=\"_blank\" rel=\"noreferrer noopener\">Arr\u00eat\u00e9 N\u00b0327 du 09\/07\/2015 modifiant l\u2019arr\u00eat\u00e9 N\u00b0 2010 du 29\/12\/2014 fixant les crit\u00e8res de s\u00e9lection d\u2019admissibilit\u00e9 au programme de perfectionnement \u00e0 l\u2019\u00e9tranger.<\/a><\/li><li><a href=\"http:\/\/www.univ-mosta.dz\/wp-content\/uploads\/2018\/09\/Instruction-N%C2%B05-du-01-12-2015-relative-au-perfectionnement-%C3%A0-l%E2%80%99%C3%A9tranger_FR.pdf\" target=\"_blank\" rel=\"noreferrer noopener\">Instruction N\u00b0 05 du 01\/12\/2015 relative au perfectionnement \u00e0 l\u2019\u00e9tranger.<\/a><\/li><li><a href=\"http:\/\/www.univ-mosta.dz\/wp-content\/uploads\/2018\/09\/instruction-2-juin-2017.pdf\" target=\"_blank\" rel=\"noreferrer noopener\">Instruction n\u00b002 juin 2017 Relative Au Perfectionnement A L\u2019\u00e9tranger<\/a><\/li><\/ul>\n<\/div><\/details><\/div>\n\n\n\n<div class=\"wp-block-coblocks-accordion-item\"><details open><summary class=\"wp-block-coblocks-accordion-item__title has-background has-luminous-vivid-orange-background-color\"><strong>Textes r\u00e9gissant le programme de formation r\u00e9sidentielle<\/strong><\/summary><div class=\"wp-block-coblocks-accordion-item__content\" style=\"border-color:#ff6900\">\n<p><a href=\"http:\/\/www.univ-mosta.dz\/wp-content\/uploads\/2018\/09\/Arrete_58_formation_residentielle_2018.pdf\" target=\"_blank\" rel=\"noreferrer noopener\">Arr\u00eat\u00e9 N\u00b058 du 24\/01\/2018 Fixant les crit\u00e8res de s\u00e9lection d\u2019admissibilit\u00e9 au programme de formation r\u00e9sidentielle \u00e0 l\u2019\u00e9tranger au titre de l\u2019ann\u00e9e 2018.<br><\/a><\/p>\n\n\n\n<p><a href=\"http:\/\/www.univ-mosta.dz\/wp-content\/uploads\/2018\/09\/ArreteN704_fr-COTUTELLE-univ-bejaia.pdf\" target=\"_blank\" rel=\"noreferrer noopener\">Arr\u00eat\u00e9 n\u00b0 704 du 16\/06\/2016 fixant les proc\u00e9dures et les modalit\u00e9s d\u2019organisation de cotutelle internationale de th\u00e8se de doctorat.<br><\/a><\/p>\n<\/div><\/details><\/div>\n\n\n\n<div class=\"wp-block-coblocks-accordion-item\"><details><summary class=\"wp-block-coblocks-accordion-item__title has-background has-pale-cyan-blue-background-color\"><strong>Textes r\u00e9gissant les cong\u00e9s scientifiques<\/strong><\/summary><div class=\"wp-block-coblocks-accordion-item__content\" style=\"border-color:#8ed1fc\">\n<p><a href=\"http:\/\/www.univ-mosta.dz\/wp-content\/uploads\/2018\/09\/arrete-interministeriel.pdf\" target=\"_blank\" rel=\"noreferrer noopener\">Arr\u00eat\u00e9 N\u00b01267 du 23\/12\/2015 Fixant la proportion des enseignants et des chercheurs b\u00e9n\u00e9ficiaires de cong\u00e9 scientifique au titre se l\u2019ann\u00e9e universitaire 2016-2017.<br><\/a><\/p>\n\n\n\n<p><a href=\"http:\/\/www.univ-mosta.dz\/wp-content\/uploads\/2018\/09\/arrete1267_fr.pdf\" target=\"_blank\" rel=\"noreferrer noopener\">Arr\u00eat\u00e9 n\u00b01267 du 23 d\u00e9cembre 2015 fixant la proportion des enseignants et des chercheurs b\u00e9n\u00e9ficiaires de cong\u00e9 scientifique au titre de l\u2019ann\u00e9e universitaire 2016\/2017.<br><\/a><\/p>\n\n\n\n<p><a href=\"http:\/\/www.univ-mosta.dz\/wp-content\/uploads\/2018\/09\/note-n\u00b0-003-du-03-01-2016.docx\" target=\"_blank\" rel=\"noreferrer noopener\">Note n\u00b0003\/DCEIU du 03-01-2016 relative au cong\u00e9 scientifique- ann\u00e9e sabbatique- au titre de l\u2019ann\u00e9e universitaire 2016-2017.<br><\/a><\/p>\n<\/div><\/details><\/div>\n<\/div>\n\n\n","protected":false},"excerpt":{"rendered":"<p>Textes L\u00e9gislatifs et R\u00e9glementaires Arr\u00eat\u00e9 fixant les crit\u00e8res de s\u00e9lection d&rsquo;admissibilit\u00e9 au programme de mobilit\u00e9 de courte dur\u00e9e et de perfectionnement \u00e0 l&rsquo;\u00e9trangerInstruction N\u00b002 du 14 juin 2017 relative au &hellip;<\/p>\n","protected":false},"author":1,"featured_media":0,"parent":0,"menu_order":0,"comment_status":"closed","ping_status":"closed","template":"","meta":{"_coblocks_attr":"","_coblocks_dimensions":"","_coblocks_responsive_height":"","_coblocks_accordion_ie_support":"","_EventAllDay":false,"_EventTimezone":"","_EventStartDate":"","_EventEndDate":"","_EventStartDateUTC":"","_EventEndDateUTC":"","_EventShowMap":false,"_EventShowMapLink":false,"_EventURL":"","_EventCost":"","_EventCostDescription":"","_EventCurrencySymbol":"","_EventCurrencyCode":"","_EventCurrencyPosition":"","_EventDateTimeSeparator":"","_EventTimeRangeSeparator":"","_EventOrganizerID":[],"_EventVenueID":[],"_OrganizerEmail":"","_OrganizerPhone":"","_OrganizerWebsite":"","_VenueAddress":"","_VenueCity":"","_VenueCountry":"","_VenueProvince":"","_VenueState":"","_VenueZip":"","_VenuePhone":"","_VenueURL":"","_VenueStateProvince":"","_VenueLat":"","_VenueLng":"","_VenueShowMap":false,"_VenueShowMapLink":false,"footnotes":""},"class_list":["post-21","page","type-page","status-publish","hentry"],"_links":{"self":[{"href":"https:\/\/www.univ-mosta.dz\/vrcc\/wp-json\/wp\/v2\/pages\/21","targetHints":{"allow":["GET"]}}],"collection":[{"href":"https:\/\/www.univ-mosta.dz\/vrcc\/wp-json\/wp\/v2\/pages"}],"about":[{"href":"https:\/\/www.univ-mosta.dz\/vrcc\/wp-json\/wp\/v2\/types\/page"}],"author":[{"embeddable":true,"href":"https:\/\/www.univ-mosta.dz\/vrcc\/wp-json\/wp\/v2\/users\/1"}],"replies":[{"embeddable":true,"href":"https:\/\/www.univ-mosta.dz\/vrcc\/wp-json\/wp\/v2\/comments?post=21"}],"version-history":[{"count":4,"href":"https:\/\/www.univ-mosta.dz\/vrcc\/wp-json\/wp\/v2\/pages\/21\/revisions"}],"predecessor-version":[{"id":6423,"href":"https:\/\/www.univ-mosta.dz\/vrcc\/wp-json\/wp\/v2\/pages\/21\/revisions\/6423"}],"wp:attachment":[{"href":"https:\/\/www.univ-mosta.dz\/vrcc\/wp-json\/wp\/v2\/media?parent=21"}],"curies":[{"name":"wp","href":"https:\/\/api.w.org\/{rel}","templated":true}]}}