{"id":3784,"date":"2026-03-18T10:46:01","date_gmt":"2026-03-18T09:46:01","guid":{"rendered":"https:\/\/www.univ-mosta.dz\/medecine\/?page_id=3784"},"modified":"2026-04-30T15:00:18","modified_gmt":"2026-04-30T13:00:18","slug":"presentation-de-la-bibliotheque","status":"publish","type":"page","link":"https:\/\/www.univ-mosta.dz\/medecine\/presentation-de-la-bibliotheque\/","title":{"rendered":"Pr\u00e9sentation de la Biblioth\u00e8que"},"content":{"rendered":"\n\n\n<div class=\"wp-block-coblocks-accordion\">\n<div class=\"wp-block-coblocks-accordion-item\"><details open><summary class=\"wp-block-coblocks-accordion-item__title has-background has-vivid-cyan-blue-background-color\"><strong>Pr\u00e9sentation<\/strong><\/summary><div class=\"wp-block-coblocks-accordion-item__content\" style=\"border-color:#0693e3\">\n<p style=\"text-align: justify\">La biblioth\u00e8que de la Facult\u00e9 de M\u00e9decine de l\u2019Universit\u00e9 Abdelhamid Ibn Badis de Mostaganem a \u00e9t\u00e9 cr\u00e9\u00e9e en vertu du d\u00e9cret ex\u00e9cutif n\u00b0 12-360 du 22 Dhou al-Qa\u2018da 1433 correspondant au 08 octobre 2012, date de cr\u00e9ation de la facult\u00e9. Elle \u0153uvre au soutien de la recherche scientifique en offrant des ressources documentaires vari\u00e9es, en ad\u00e9quation avec les programmes de formation dans toutes les unit\u00e9s d\u2019enseignement en m\u00e9decine et en pharmacie, ce qui en fait l\u2019un des principaux espaces de recherche de la facult\u00e9.<\/p>\n\n\n\n<p style=\"text-align: justify\">La biblioth\u00e8que dispose d\u2019un fonds documentaire diversifi\u00e9 de 15 386 exemplaires (ann\u00e9e 2026), comprenant des livres, encyclop\u00e9dies, atlas, dictionnaires, guides, p\u00e9riodiques, actes de conf\u00e9rences et th\u00e8ses, principalement en fran\u00e7ais et en anglais, dans le cadre de l\u2019orientation actuelle du syst\u00e8me de formation visant \u00e0 renforcer la pr\u00e9sence de la langue anglaise.<\/p>\n\n\n\n<p style=\"text-align: justify\">La biblioth\u00e8que est compos\u00e9e d\u2019un rez-de-chauss\u00e9e comprenant deux salles de lecture, un comptoir de pr\u00eat ainsi qu\u2019un hall accueillant les activit\u00e9s des clubs scientifiques.<\/p>\n\n\n\n<p style=\"text-align: justify\">Le premier \u00e9tage comprend deux salles de consultation en libre acc\u00e8s (syst\u00e8me de rayonnage ouvert) permettant aux \u00e9tudiants de d\u00e9couvrir le fonds documentaire, en plus d\u2019une salle de lecture et du bureau du directeur.<\/p>\n\n\n\n<p style=\"text-align: justify\">Toutes les salles de la biblioth\u00e8que sont \u00e9quip\u00e9es d\u2019un acc\u00e8s \u00e0 Internet afin de faciliter la recherche pour les \u00e9tudiants selon diverses options. La biblioth\u00e8que met \u00e9galement \u00e0 disposition des livres num\u00e9riques au format PDF sur ordinateur, au nombre de 317 titres.<\/p>\n\n\n\n<p style=\"text-align: justify\">Le nombre d\u2019inscrits \u00e0 la biblioth\u00e8que pour l\u2019ann\u00e9e universitaire 2025\/2026 est d\u2019environ 1 888 \u00e9tudiants et enseignants. La biblioth\u00e8que est \u00e9galement ouverte aux chercheurs de diff\u00e9rentes sp\u00e9cialit\u00e9s (orthophonie, param\u00e9dical, psychologie, sport, sciences de la nature et de la vie, m\u00e9decins) afin de b\u00e9n\u00e9ficier de ses ressources documentaires.<\/p>\n<\/div><\/details><\/div>\n\n\n\n<div class=\"wp-block-coblocks-accordion-item\"><details open><summary class=\"wp-block-coblocks-accordion-item__title has-background has-vivid-cyan-blue-background-color\">Organigramme<\/summary><div class=\"wp-block-coblocks-accordion-item__content\" style=\"border-color:#0693e3\">\n<p><\/p>\n\n\n<div class=\"wp-block-image\">\n<figure class=\"aligncenter size-full coblocks-animate\" data-coblocks-animation=\"clipHorizontal\"><img loading=\"lazy\" decoding=\"async\" width=\"745\" height=\"553\" src=\"http:\/\/www.univ-mosta.dz\/medecine\/wp-content\/uploads\/sites\/4\/2026\/03\/organigrameitre.jpg\" alt=\"\" class=\"wp-image-3785\"><\/figure>\n<\/div>\n\n<\/div><\/details><\/div>\n\n\n\n<div class=\"wp-block-coblocks-accordion-item\"><details open><summary class=\"wp-block-coblocks-accordion-item__title has-background has-vivid-cyan-blue-background-color\">Galerie<\/summary><div class=\"wp-block-coblocks-accordion-item__content\" style=\"border-color:#0693e3\">\n<figure class=\"wp-block-gallery has-nested-images columns-2 is-cropped coblocks-animate wp-block-gallery-1 is-layout-flex wp-block-gallery-is-layout-flex\" data-coblocks-animation=\"clipHorizontal\">\n<figure class=\"wp-block-image size-full is-style-default\"><img decoding=\"async\" data-id=\"2480\" src=\"https:\/\/www.univ-mosta.dz\/medecine\/wp-content\/uploads\/sites\/4\/2026\/03\/bib1.jpg\" alt=\"\" class=\"wp-image-2480\"><\/figure>\n\n\n\n<figure class=\"wp-block-image size-full\"><img decoding=\"async\" data-id=\"2482\" src=\"https:\/\/www.univ-mosta.dz\/medecine\/wp-content\/uploads\/sites\/4\/2026\/03\/bib2.jpg\" alt=\"\" class=\"wp-image-2482\"><\/figure>\n\n\n\n<figure class=\"wp-block-image size-full\"><img decoding=\"async\" data-id=\"2483\" src=\"https:\/\/www.univ-mosta.dz\/medecine\/wp-content\/uploads\/sites\/4\/2026\/03\/bib3.jpg\" alt=\"\" class=\"wp-image-2483\"><\/figure>\n\n\n\n<figure class=\"wp-block-image size-full\"><img decoding=\"async\" data-id=\"2481\" src=\"https:\/\/www.univ-mosta.dz\/medecine\/wp-content\/uploads\/sites\/4\/2026\/03\/bib4.jpg\" alt=\"\" class=\"wp-image-2481\"><\/figure>\n\n\n\n<figure class=\"wp-block-image size-full\"><img decoding=\"async\" data-id=\"2485\" src=\"https:\/\/www.univ-mosta.dz\/medecine\/wp-content\/uploads\/sites\/4\/2026\/03\/bib5.jpg\" alt=\"\" class=\"wp-image-2485\"><\/figure>\n\n\n\n<figure class=\"wp-block-image size-large\"><img loading=\"lazy\" decoding=\"async\" width=\"3584\" height=\"2399\" data-id=\"4767\" src=\"https:\/\/www.univ-mosta.dz\/medecine\/wp-content\/uploads\/sites\/4\/2026\/04\/biblilotheque-1.jpg\" alt=\"\" class=\"wp-image-4767\"><\/figure>\n\n\n\n<figure class=\"wp-block-image size-large\"><img loading=\"lazy\" decoding=\"async\" width=\"3607\" height=\"2415\" data-id=\"4768\" src=\"https:\/\/www.univ-mosta.dz\/medecine\/wp-content\/uploads\/sites\/4\/2026\/04\/biblilotheque-2.jpg\" alt=\"\" class=\"wp-image-4768\"><\/figure>\n\n\n\n<figure class=\"wp-block-image size-large\"><img loading=\"lazy\" decoding=\"async\" width=\"3872\" height=\"2592\" data-id=\"4769\" src=\"https:\/\/www.univ-mosta.dz\/medecine\/wp-content\/uploads\/sites\/4\/2026\/04\/biblilotheque-3.jpg\" alt=\"\" class=\"wp-image-4769\"><\/figure>\n\n\n\n<figure class=\"wp-block-image size-large\"><img loading=\"lazy\" decoding=\"async\" width=\"3663\" height=\"2452\" data-id=\"4770\" src=\"https:\/\/www.univ-mosta.dz\/medecine\/wp-content\/uploads\/sites\/4\/2026\/04\/biblilotheque-4.jpg\" alt=\"\" class=\"wp-image-4770\"><\/figure>\n\n\n\n<figure class=\"wp-block-image size-large\"><img loading=\"lazy\" decoding=\"async\" width=\"3872\" height=\"2592\" data-id=\"4771\" src=\"https:\/\/www.univ-mosta.dz\/medecine\/wp-content\/uploads\/sites\/4\/2026\/04\/biblilotheque-5.jpg\" alt=\"\" class=\"wp-image-4771\"><\/figure>\n\n\n\n<figure class=\"wp-block-image size-large\"><img loading=\"lazy\" decoding=\"async\" width=\"3785\" height=\"2534\" data-id=\"4772\" src=\"https:\/\/www.univ-mosta.dz\/medecine\/wp-content\/uploads\/sites\/4\/2026\/04\/biblilotheque-7.jpg\" alt=\"\" class=\"wp-image-4772\"><\/figure>\n\n\n\n<figure class=\"wp-block-image size-large\"><img loading=\"lazy\" decoding=\"async\" width=\"3545\" height=\"2373\" data-id=\"4773\" src=\"https:\/\/www.univ-mosta.dz\/medecine\/wp-content\/uploads\/sites\/4\/2026\/04\/biblilotheque-8.jpg\" alt=\"\" class=\"wp-image-4773\"><\/figure>\n\n\n\n<figure class=\"wp-block-image size-large\"><img loading=\"lazy\" decoding=\"async\" width=\"3872\" height=\"2592\" data-id=\"4774\" src=\"https:\/\/www.univ-mosta.dz\/medecine\/wp-content\/uploads\/sites\/4\/2026\/04\/biblilotheque-15.jpg\" alt=\"\" class=\"wp-image-4774\"><\/figure>\n\n\n\n<figure class=\"wp-block-image size-large\"><img loading=\"lazy\" decoding=\"async\" width=\"3872\" height=\"2592\" data-id=\"4775\" src=\"https:\/\/www.univ-mosta.dz\/medecine\/wp-content\/uploads\/sites\/4\/2026\/04\/biblilotheque-16.jpg\" alt=\"\" class=\"wp-image-4775\"><\/figure>\n\n\n\n<figure class=\"wp-block-image size-large\"><img loading=\"lazy\" decoding=\"async\" width=\"3731\" height=\"2498\" data-id=\"4776\" src=\"https:\/\/www.univ-mosta.dz\/medecine\/wp-content\/uploads\/sites\/4\/2026\/04\/Personelle-biblioteque.jpg\" alt=\"\" class=\"wp-image-4776\"><\/figure>\n<\/figure>\n<\/div><\/details><\/div>\n<\/div>\n","protected":false},"excerpt":{"rendered":"<p>Pr\u00e9sentation La biblioth\u00e8que de la Facult\u00e9 de M\u00e9decine de l\u2019Universit\u00e9 Abdelhamid Ibn Badis de Mostaganem a \u00e9t\u00e9 cr\u00e9\u00e9e en vertu du d\u00e9cret ex\u00e9cutif n\u00b0 12-360 du 22 Dhou al-Qa\u2018da 1433 &hellip;<\/p>\n","protected":false},"author":23,"featured_media":0,"parent":0,"menu_order":0,"comment_status":"closed","ping_status":"closed","template":"","meta":{"_coblocks_attr":"","_coblocks_dimensions":"","_coblocks_responsive_height":"","_coblocks_accordion_ie_support":"","footnotes":""},"class_list":["post-3784","page","type-page","status-publish","hentry"],"_links":{"self":[{"href":"https:\/\/www.univ-mosta.dz\/medecine\/wp-json\/wp\/v2\/pages\/3784","targetHints":{"allow":["GET"]}}],"collection":[{"href":"https:\/\/www.univ-mosta.dz\/medecine\/wp-json\/wp\/v2\/pages"}],"about":[{"href":"https:\/\/www.univ-mosta.dz\/medecine\/wp-json\/wp\/v2\/types\/page"}],"author":[{"embeddable":true,"href":"https:\/\/www.univ-mosta.dz\/medecine\/wp-json\/wp\/v2\/users\/23"}],"replies":[{"embeddable":true,"href":"https:\/\/www.univ-mosta.dz\/medecine\/wp-json\/wp\/v2\/comments?post=3784"}],"version-history":[{"count":25,"href":"https:\/\/www.univ-mosta.dz\/medecine\/wp-json\/wp\/v2\/pages\/3784\/revisions"}],"predecessor-version":[{"id":4777,"href":"https:\/\/www.univ-mosta.dz\/medecine\/wp-json\/wp\/v2\/pages\/3784\/revisions\/4777"}],"wp:attachment":[{"href":"https:\/\/www.univ-mosta.dz\/medecine\/wp-json\/wp\/v2\/media?parent=3784"}],"curies":[{"name":"wp","href":"https:\/\/api.w.org\/{rel}","templated":true}]}}