{"id":2525,"date":"2026-02-24T10:31:44","date_gmt":"2026-02-24T09:31:44","guid":{"rendered":"https:\/\/www.univ-mosta.dz\/medecine\/?page_id=2525"},"modified":"2026-03-19T13:03:18","modified_gmt":"2026-03-19T12:03:18","slug":"vie-etudiant-pharmacie","status":"publish","type":"page","link":"https:\/\/www.univ-mosta.dz\/medecine\/vie-etudiant-pharmacie\/","title":{"rendered":"Vie Etudiant Pharmacie"},"content":{"rendered":"\n<div class=\"wp-block-coblocks-accordion mb-0 pb-0 mt-0 pt-0\">\n<div class=\"wp-block-coblocks-accordion-item\"><details><summary class=\"wp-block-coblocks-accordion-item__title has-background has-pale-cyan-blue-background-color\">1 ere ann\u00e9e<\/summary><div class=\"wp-block-coblocks-accordion-item__content\" style=\"border-color:#8ed1fc\">\n<div class=\"wp-block-coblocks-accordion\">\n<div class=\"wp-block-coblocks-accordion-item\"><details><summary class=\"wp-block-coblocks-accordion-item__title has-background has-cyan-bluish-gray-background-color\">Programme<\/summary><div class=\"wp-block-coblocks-accordion-item__content\" style=\"border-color:#abb8c3\">\n<p><\/p>\n\n\n<a href=\"https:\/\/www.univ-mosta.dz\/medecine\/wp-content\/uploads\/sites\/4\/2026\/02\/programme_national_premiere.pdf\" class=\"pdfemb-viewer\" style=\"height:600px;\" data-width=\"max\" data-height=\"600\" data-toolbar=\"both\" data-toolbar-fixed=\"on\">programme_national_premiere<\/a><\/div><\/details><\/div>\n\n\n\n<div class=\"wp-block-coblocks-accordion-item\"><details><summary class=\"wp-block-coblocks-accordion-item__title has-background has-cyan-bluish-gray-background-color\">Emploi Du Temps<\/summary><div class=\"wp-block-coblocks-accordion-item__content\" style=\"border-color:#abb8c3\"><a href=\"https:\/\/www.univ-mosta.dz\/medecine\/wp-content\/uploads\/sites\/4\/2026\/02\/emploi-du-temps-1er-annee-25-26-1.pdf\" class=\"pdfemb-viewer\" style=\"\" data-width=\"max\" data-height=\"max\" data-toolbar=\"both\" data-toolbar-fixed=\"on\">emploi-du-temps-1er-annee-25-26-1<\/a>\n\n<\/div><\/details><\/div>\n<\/div>\n<\/div><\/details><\/div>\n\n\n\n<div class=\"wp-block-coblocks-accordion-item\"><details><summary class=\"wp-block-coblocks-accordion-item__title has-background has-pale-cyan-blue-background-color\">2 eme ann\u00e9e<\/summary><div class=\"wp-block-coblocks-accordion-item__content\" style=\"border-color:#8ed1fc\">\n<div class=\"wp-block-coblocks-accordion\">\n<div class=\"wp-block-coblocks-accordion-item\"><details><summary class=\"wp-block-coblocks-accordion-item__title has-background has-cyan-bluish-gray-background-color\">Programme<\/summary><div class=\"wp-block-coblocks-accordion-item__content\" style=\"border-color:#abb8c3\">\n<p><\/p>\n\n\n<a href=\"https:\/\/www.univ-mosta.dz\/medecine\/wp-content\/uploads\/sites\/4\/2026\/02\/programme_national_deuxieme.pdf\" class=\"pdfemb-viewer\" style=\"height:600px;\" data-width=\"max\" data-height=\"600\" data-toolbar=\"both\" data-toolbar-fixed=\"on\">programme_national_deuxieme<\/a><\/div><\/details><\/div>\n\n\n\n<div class=\"wp-block-coblocks-accordion-item\"><details><summary class=\"wp-block-coblocks-accordion-item__title has-background has-cyan-bluish-gray-background-color\">Emploi Du Temps<\/summary><div class=\"wp-block-coblocks-accordion-item__content\" style=\"border-color:#abb8c3\"><a href=\"https:\/\/www.univ-mosta.dz\/medecine\/wp-content\/uploads\/sites\/4\/2026\/02\/emploi-du-temps-1er-annee-25-26-1.pdf\" class=\"pdfemb-viewer\" style=\"\" data-width=\"max\" data-height=\"max\" data-toolbar=\"both\" data-toolbar-fixed=\"on\">emploi-du-temps-1er-annee-25-26-1<\/a><\/div><\/details><\/div>\n<\/div>\n<\/div><\/details><\/div>\n\n\n\n<div class=\"wp-block-coblocks-accordion-item\"><details><summary class=\"wp-block-coblocks-accordion-item__title has-background has-pale-cyan-blue-background-color\">3 eme ann\u00e9e<\/summary><div class=\"wp-block-coblocks-accordion-item__content\" style=\"border-color:#8ed1fc\">\n<div class=\"wp-block-coblocks-accordion\">\n<div class=\"wp-block-coblocks-accordion-item\"><details><summary class=\"wp-block-coblocks-accordion-item__title has-background has-cyan-bluish-gray-background-color\">Programme<\/summary><div class=\"wp-block-coblocks-accordion-item__content\" style=\"border-color:#abb8c3\">\n<p><\/p>\n\n\n<a href=\"https:\/\/www.univ-mosta.dz\/medecine\/wp-content\/uploads\/sites\/4\/2026\/02\/programme_national_troisieme.pdf\" class=\"pdfemb-viewer\" style=\"height:600px;\" data-width=\"max\" data-height=\"600\" data-toolbar=\"both\" data-toolbar-fixed=\"on\">programme_national_troisieme<\/a><\/div><\/details><\/div>\n\n\n\n<div class=\"wp-block-coblocks-accordion-item\"><details><summary class=\"wp-block-coblocks-accordion-item__title has-background has-cyan-bluish-gray-background-color\">Emploi Du Temps<\/summary><div class=\"wp-block-coblocks-accordion-item__content\" style=\"border-color:#abb8c3\"><a href=\"https:\/\/www.univ-mosta.dz\/medecine\/wp-content\/uploads\/sites\/4\/2026\/02\/emploi-du-temps-1er-annee-25-26-1.pdf\" class=\"pdfemb-viewer\" style=\"\" data-width=\"max\" data-height=\"max\" data-toolbar=\"both\" data-toolbar-fixed=\"on\">emploi-du-temps-1er-annee-25-26-1<\/a><\/div><\/details><\/div>\n<\/div>\n<\/div><\/details><\/div>\n<\/div>\n","protected":false},"excerpt":{"rendered":"<p>1 ere ann\u00e9e Programme programme_national_premiere Emploi Du Tempsemploi-du-temps-1er-annee-25-26-1 2 eme ann\u00e9e Programme programme_national_deuxieme Emploi Du Tempsemploi-du-temps-1er-annee-25-26-1 3 eme ann\u00e9e Programme programme_national_troisieme Emploi Du Tempsemploi-du-temps-1er-annee-25-26-1<\/p>\n","protected":false},"author":23,"featured_media":0,"parent":0,"menu_order":0,"comment_status":"closed","ping_status":"closed","template":"","meta":{"_coblocks_attr":"","_coblocks_dimensions":"","_coblocks_responsive_height":"","_coblocks_accordion_ie_support":"","footnotes":""},"class_list":["post-2525","page","type-page","status-publish","hentry"],"_links":{"self":[{"href":"https:\/\/www.univ-mosta.dz\/medecine\/wp-json\/wp\/v2\/pages\/2525","targetHints":{"allow":["GET"]}}],"collection":[{"href":"https:\/\/www.univ-mosta.dz\/medecine\/wp-json\/wp\/v2\/pages"}],"about":[{"href":"https:\/\/www.univ-mosta.dz\/medecine\/wp-json\/wp\/v2\/types\/page"}],"author":[{"embeddable":true,"href":"https:\/\/www.univ-mosta.dz\/medecine\/wp-json\/wp\/v2\/users\/23"}],"replies":[{"embeddable":true,"href":"https:\/\/www.univ-mosta.dz\/medecine\/wp-json\/wp\/v2\/comments?post=2525"}],"version-history":[{"count":24,"href":"https:\/\/www.univ-mosta.dz\/medecine\/wp-json\/wp\/v2\/pages\/2525\/revisions"}],"predecessor-version":[{"id":2672,"href":"https:\/\/www.univ-mosta.dz\/medecine\/wp-json\/wp\/v2\/pages\/2525\/revisions\/2672"}],"wp:attachment":[{"href":"https:\/\/www.univ-mosta.dz\/medecine\/wp-json\/wp\/v2\/media?parent=2525"}],"curies":[{"name":"wp","href":"https:\/\/api.w.org\/{rel}","templated":true}]}}