{"id":1292,"date":"2022-02-03T10:19:40","date_gmt":"2022-02-03T09:19:40","guid":{"rendered":"https:\/\/www.univ-mosta.dz\/medecine\/?page_id=1292"},"modified":"2026-03-25T11:57:00","modified_gmt":"2026-03-25T10:57:00","slug":"manifestations-scientifiques","status":"publish","type":"page","link":"https:\/\/www.univ-mosta.dz\/medecine\/manifestations-scientifiques\/","title":{"rendered":"Manifestations Scientifiques"},"content":{"rendered":"\n<h2 class=\"hP\" style=\"text-align: center\" data-thread-perm-id=\"thread-f:1858097015168695108\" data-legacy-thread-id=\"19c949640357fb44\">Appel \u00e0 Manifestation d&rsquo;Int\u00e9r\u00eat IPTICAR<\/h2>\n<div class=\"pG\" role=\"switch\" data-tooltip-contained=\"true\" data-tooltip-align=\"b,l\" data-tooltip-delay=\"1500\" aria-label=\"Important, car marqu\u00e9 comme tel par Google\" data-is-important=\"true\">\n<p style=\"font-weight: 400\">Bonjour,<\/p>\n<p>Dans le cadre des actions inscrites pour l&rsquo;appui \u00e0 l&rsquo;internationalisation de la recherche et de l&rsquo;innovation \u00ab\u00a0IPTICAR\u00a0\u00bb, notamment dans son volet d\u00e9di\u00e9 \u00e0 l&rsquo;appui pour \u00ab\u00a0<strong><em>Soumission des projets internationaux (programme Horizon Europe)\u00a0\u00bb<\/em><\/strong>, j&rsquo;ai l&rsquo;honneur de vous demander de renseigner , le questionnaire disponible ci-apr\u00e8s, \u00e9labor\u00e9s sp\u00e9cifiquement \u00e0 deux cat\u00e9gories distinctes (basic et avanc\u00e9e) :\u00a0<\/p>\n<ol>\n<li>Basic form Link :\u00a0<a href=\"https:\/\/forms.gle\/RydRQ2vMBrh5bJrQ6\" target=\"_blank\" rel=\"noopener\">https:\/\/forms.gle\/RydRQ2vMBrh5bJrQ6<\/a> .\u00a0<strong><em>Pour les enseignants chercheurs et chercheurs permanents n&rsquo;ayant pas du tout participer aux projets europ\u00e9ens\u00a0<\/em><\/strong><\/li>\n<li>Advanced form Link :\u00a0<a href=\"https:\/\/forms.gle\/ABW4YZRMcD72oKar6\" target=\"_blank\" rel=\"noopener\">https:\/\/forms.gle\/ABW4YZRMcD72oKar6<\/a>\u00a0<strong><em>Pour les enseignants chercheurs et chercheurs permanents ayant d\u00e9j\u00e0 postul\u00e9s et\/ou ont l&rsquo;intention de postuler.\u00a0<\/em><\/strong><\/li>\n<\/ol>\n<p>Les enseignants chercheurs et chercheurs permanents int\u00e9ress\u00e9s, doivent renseigner l&rsquo;un ou l&rsquo;autre questionnaire\u00a0<strong>au plus tard le 28 f\u00e9vrier 2026,<\/strong>\u00a0d\u00e9lai de rigueur pour l&rsquo;\u00e9quipe\u00a0IPTICAR\u00a0qui doit proc\u00e9der \u00e0 l&rsquo;analyse des besoins et identifier les \u00e9quipes projets pour un accompagnement\u00a0<\/p>\n<p>Cordialement<\/p>\n<\/div>\n\n\n","protected":false},"excerpt":{"rendered":"<p>Appel \u00e0 Manifestation d&rsquo;Int\u00e9r\u00eat IPTICAR Bonjour, Dans le cadre des actions inscrites pour l&rsquo;appui \u00e0 l&rsquo;internationalisation de la recherche et de l&rsquo;innovation \u00ab\u00a0IPTICAR\u00a0\u00bb, notamment dans son volet d\u00e9di\u00e9 \u00e0 l&rsquo;appui &hellip;<\/p>\n","protected":false},"author":23,"featured_media":0,"parent":0,"menu_order":0,"comment_status":"closed","ping_status":"closed","template":"","meta":{"_coblocks_attr":"","_coblocks_dimensions":"","_coblocks_responsive_height":"","_coblocks_accordion_ie_support":"","footnotes":""},"class_list":["post-1292","page","type-page","status-publish","hentry"],"_links":{"self":[{"href":"https:\/\/www.univ-mosta.dz\/medecine\/wp-json\/wp\/v2\/pages\/1292","targetHints":{"allow":["GET"]}}],"collection":[{"href":"https:\/\/www.univ-mosta.dz\/medecine\/wp-json\/wp\/v2\/pages"}],"about":[{"href":"https:\/\/www.univ-mosta.dz\/medecine\/wp-json\/wp\/v2\/types\/page"}],"author":[{"embeddable":true,"href":"https:\/\/www.univ-mosta.dz\/medecine\/wp-json\/wp\/v2\/users\/23"}],"replies":[{"embeddable":true,"href":"https:\/\/www.univ-mosta.dz\/medecine\/wp-json\/wp\/v2\/comments?post=1292"}],"version-history":[{"count":3,"href":"https:\/\/www.univ-mosta.dz\/medecine\/wp-json\/wp\/v2\/pages\/1292\/revisions"}],"predecessor-version":[{"id":2649,"href":"https:\/\/www.univ-mosta.dz\/medecine\/wp-json\/wp\/v2\/pages\/1292\/revisions\/2649"}],"wp:attachment":[{"href":"https:\/\/www.univ-mosta.dz\/medecine\/wp-json\/wp\/v2\/media?parent=1292"}],"curies":[{"name":"wp","href":"https:\/\/api.w.org\/{rel}","templated":true}]}}