{"id":20,"date":"2018-11-14T18:45:52","date_gmt":"2018-11-14T17:45:52","guid":{"rendered":"http:\/\/www.univ-mosta.dz\/lsamh\/?page_id=20"},"modified":"2023-06-17T07:30:53","modified_gmt":"2023-06-17T05:30:53","slug":"adaptation-et-readaptation-physiologique-a-lexercice-physique","status":"publish","type":"page","link":"https:\/\/www.univ-mosta.dz\/lsamh\/adaptation-et-readaptation-physiologique-a-lexercice-physique\/","title":{"rendered":"Adaptation et r\u00e9adaptation physiologique \u00e0 l\u2019exercice physique"},"content":{"rendered":"<h3>\u00c9quipe 1\u00a0:\u00a0<em>a<\/em><em>daptation <\/em><em>e<\/em><em>t <\/em><em>r<\/em><em>\u00e9adaptation <\/em><em>p<\/em><em>hysiologique <\/em><em>\u00e0<\/em> <em>l<\/em><em>\u2019<\/em><em>e<\/em><em>xercice\u00a0<\/em><em>p<\/em><em>hysique<\/em>\u00a0<em>\u00a0<\/em><\/h3>\n<h3>\u00a0 (Code\u00a0: W0872801)<\/h3>\n<ul style=\"list-style-type: square\">\n<li>Responsable de l\u2019\u00e9quipe\u00a0: Dr Boudjemaa Bloufa<\/li>\n<li><span style=\"color: #ff0000\">E-Mail:<\/span>bloufa.boudjema@univ-mosta.dz<\/li>\n<\/ul>\n<p>Dirig\u00e9e par \u00a0le Dr Bouloufa boudjemaa, cette \u00e9quipe \u00e9tudie, en laboratoire et sur le terrain, la physiologie du corps humain lors d\u2019activit\u00e9s physiques. En effet, la place du sport dans l&rsquo;\u00e9ducation du jeune enfant est primordiale et sa pratique doit \u00eatre guid\u00e9e suivant des principes de pr\u00e9caution. Chez l&rsquo;adolescent, la pratique sportive se r\u00e9v\u00e8le tout aussi capitale dans la mesure o\u00f9 la sollicitation des fonctions cardiaques et circulatoires forge ce que sera le c\u0153ur de l&rsquo;adulte mature.<\/p>\n<p>Cette \u00e9quipe explore et traite aussi les adaptations cardiaques et respiratoires et m\u00e9taboliques, et propose d&rsquo;\u00e9tudier les m\u00e9thodes d&rsquo;\u00e9valuation de l&rsquo;aptitude physique, en milieux normal ou sp\u00e9cifique (chaleur, altitude, plong\u00e9e). Pour les chercheurs, l\u2019objectif de cette recherche est d\u2019une part, d\u2019optimiser les entra\u00eenements physiques de mani\u00e8re \u00e0 am\u00e9liorer les performances et d\u2019autres part,\u00a0 de mieux comprendre la physiologie humaine lors d\u2019une activit\u00e9 sportive afin de pouvoir en am\u00e9liorer les capacit\u00e9s physiques.<\/p>\n<p>Responsable de l\u2019\u00e9quipe\u00a0: Dr Boudjemaa Bloufa<\/p>\n<p>&#8211;\u00a0 Les Membres<\/p>\n<p>Dr. IDriss Khodja Mohamed R\u00e9da\u00a0 (UMAB)<\/p>\n<p>Dr. Benkada Djamel\u00a0 (UMAB)<\/p>\n<p>Mr. Djaider Mohamed (Doctorant- UMAB)<\/p>\n<table border=\"1\">\n<tbody>\n<tr>\n<td>Enseignant<\/td>\n<td>Curriculum Vitae\u00a0 (CV)<\/td>\n<\/tr>\n<tr>\n<td>Dr. IDriss Khodja Mohamed R\u00e9da\u00a0 (UMAB)<\/td>\n<td><a href=\"http:\/\/www.univ-mosta.dz\/lsamh\/wp-content\/uploads\/sites\/15\/2019\/05\/CV_Reda.doc\" target=\"_blank\" rel=\"noopener noreferrer\"><img loading=\"lazy\" decoding=\"async\" class=\"alignleft wp-image-101\" src=\"http:\/\/www.univ-mosta.dz\/lsamh\/wp-content\/uploads\/sites\/15\/2018\/11\/gopuonline-how-to-download-and-play-pokemon-go-without-virus-01-300x95.png\" alt=\"\" width=\"97\" height=\"31\" srcset=\"https:\/\/www.univ-mosta.dz\/lsamh\/wp-content\/uploads\/sites\/15\/2018\/11\/gopuonline-how-to-download-and-play-pokemon-go-without-virus-01-300x95.png 300w, https:\/\/www.univ-mosta.dz\/lsamh\/wp-content\/uploads\/sites\/15\/2018\/11\/gopuonline-how-to-download-and-play-pokemon-go-without-virus-01-768x244.png 768w, https:\/\/www.univ-mosta.dz\/lsamh\/wp-content\/uploads\/sites\/15\/2018\/11\/gopuonline-how-to-download-and-play-pokemon-go-without-virus-01.png 919w\" sizes=\"auto, (max-width: 97px) 100vw, 97px\" \/><\/a><\/td>\n<\/tr>\n<tr>\n<td><\/td>\n<td><\/td>\n<\/tr>\n<tr>\n<td>Dr. Benkada Djamel\u00a0 (UMAB)<\/td>\n<td><a href=\"http:\/\/www.univ-mosta.dz\/lsamh\/wp-content\/uploads\/sites\/15\/2019\/04\/CV-bekada-djamel.pdf\" target=\"_blank\" rel=\"noopener noreferrer\"><img loading=\"lazy\" decoding=\"async\" class=\"alignleft wp-image-101\" src=\"http:\/\/www.univ-mosta.dz\/lsamh\/wp-content\/uploads\/sites\/15\/2018\/11\/gopuonline-how-to-download-and-play-pokemon-go-without-virus-01-300x95.png\" alt=\"\" width=\"97\" height=\"31\" srcset=\"https:\/\/www.univ-mosta.dz\/lsamh\/wp-content\/uploads\/sites\/15\/2018\/11\/gopuonline-how-to-download-and-play-pokemon-go-without-virus-01-300x95.png 300w, https:\/\/www.univ-mosta.dz\/lsamh\/wp-content\/uploads\/sites\/15\/2018\/11\/gopuonline-how-to-download-and-play-pokemon-go-without-virus-01-768x244.png 768w, https:\/\/www.univ-mosta.dz\/lsamh\/wp-content\/uploads\/sites\/15\/2018\/11\/gopuonline-how-to-download-and-play-pokemon-go-without-virus-01.png 919w\" sizes=\"auto, (max-width: 97px) 100vw, 97px\" \/><\/a><\/td>\n<\/tr>\n<tr>\n<td><\/td>\n<td><\/td>\n<\/tr>\n<tr>\n<td>Mr. Djaider Mohamed (Doc torant- UMAB)<\/td>\n<td><a href=\"http:\/\/www.univ-mosta.dz\/lsamh\/wp-content\/uploads\/sites\/15\/2019\/04\/CV-zitouni-PSY.pdf\" target=\"_blank\" rel=\"noopener noreferrer\"><img loading=\"lazy\" decoding=\"async\" class=\"alignleft wp-image-101\" src=\"http:\/\/www.univ-mosta.dz\/lsamh\/wp-content\/uploads\/sites\/15\/2018\/11\/gopuonline-how-to-download-and-play-pokemon-go-without-virus-01-300x95.png\" alt=\"\" width=\"97\" height=\"31\" srcset=\"https:\/\/www.univ-mosta.dz\/lsamh\/wp-content\/uploads\/sites\/15\/2018\/11\/gopuonline-how-to-download-and-play-pokemon-go-without-virus-01-300x95.png 300w, https:\/\/www.univ-mosta.dz\/lsamh\/wp-content\/uploads\/sites\/15\/2018\/11\/gopuonline-how-to-download-and-play-pokemon-go-without-virus-01-768x244.png 768w, https:\/\/www.univ-mosta.dz\/lsamh\/wp-content\/uploads\/sites\/15\/2018\/11\/gopuonline-how-to-download-and-play-pokemon-go-without-virus-01.png 919w\" sizes=\"auto, (max-width: 97px) 100vw, 97px\" \/><\/a><\/td>\n<\/tr>\n<tr>\n<td><\/td>\n<td><a href=\"http:\/\/www.univ-mosta.dz\/lsamh\/wp-content\/uploads\/sites\/15\/2019\/04\/CV-AGBOUBI.pdf\" target=\"_blank\" rel=\"noopener noreferrer\"><img loading=\"lazy\" decoding=\"async\" class=\"alignleft wp-image-101\" src=\"http:\/\/www.univ-mosta.dz\/lsamh\/wp-content\/uploads\/sites\/15\/2018\/11\/gopuonline-how-to-download-and-play-pokemon-go-without-virus-01-300x95.png\" alt=\"\" width=\"97\" height=\"31\" srcset=\"https:\/\/www.univ-mosta.dz\/lsamh\/wp-content\/uploads\/sites\/15\/2018\/11\/gopuonline-how-to-download-and-play-pokemon-go-without-virus-01-300x95.png 300w, https:\/\/www.univ-mosta.dz\/lsamh\/wp-content\/uploads\/sites\/15\/2018\/11\/gopuonline-how-to-download-and-play-pokemon-go-without-virus-01-768x244.png 768w, https:\/\/www.univ-mosta.dz\/lsamh\/wp-content\/uploads\/sites\/15\/2018\/11\/gopuonline-how-to-download-and-play-pokemon-go-without-virus-01.png 919w\" sizes=\"auto, (max-width: 97px) 100vw, 97px\" \/><\/a><\/td>\n<\/tr>\n<tr>\n<td><\/td>\n<td><\/td>\n<\/tr>\n<\/tbody>\n<\/table>\n","protected":false},"excerpt":{"rendered":"<p>\u00c9quipe 1\u00a0:\u00a0adaptation et r\u00e9adaptation physiologique \u00e0 l\u2019exercice\u00a0physique\u00a0\u00a0 \u00a0 (Code\u00a0: W0872801) Responsable de l\u2019\u00e9quipe\u00a0: Dr Boudjemaa Bloufa E-Mail:bloufa.boudjema@univ-mosta.dz Dirig\u00e9e par \u00a0le Dr Bouloufa boudjemaa, cette \u00e9quipe \u00e9tudie, en laboratoire et sur &hellip;<\/p>\n","protected":false},"author":1,"featured_media":0,"parent":0,"menu_order":0,"comment_status":"closed","ping_status":"closed","template":"","meta":{"_coblocks_attr":"","_coblocks_dimensions":"","_coblocks_responsive_height":"","_coblocks_accordion_ie_support":"","footnotes":""},"class_list":["post-20","page","type-page","status-publish","hentry"],"_links":{"self":[{"href":"https:\/\/www.univ-mosta.dz\/lsamh\/wp-json\/wp\/v2\/pages\/20","targetHints":{"allow":["GET"]}}],"collection":[{"href":"https:\/\/www.univ-mosta.dz\/lsamh\/wp-json\/wp\/v2\/pages"}],"about":[{"href":"https:\/\/www.univ-mosta.dz\/lsamh\/wp-json\/wp\/v2\/types\/page"}],"author":[{"embeddable":true,"href":"https:\/\/www.univ-mosta.dz\/lsamh\/wp-json\/wp\/v2\/users\/1"}],"replies":[{"embeddable":true,"href":"https:\/\/www.univ-mosta.dz\/lsamh\/wp-json\/wp\/v2\/comments?post=20"}],"version-history":[{"count":11,"href":"https:\/\/www.univ-mosta.dz\/lsamh\/wp-json\/wp\/v2\/pages\/20\/revisions"}],"predecessor-version":[{"id":615,"href":"https:\/\/www.univ-mosta.dz\/lsamh\/wp-json\/wp\/v2\/pages\/20\/revisions\/615"}],"wp:attachment":[{"href":"https:\/\/www.univ-mosta.dz\/lsamh\/wp-json\/wp\/v2\/media?parent=20"}],"curies":[{"name":"wp","href":"https:\/\/api.w.org\/{rel}","templated":true}]}}