{"id":18,"date":"2018-11-14T18:44:07","date_gmt":"2018-11-14T17:44:07","guid":{"rendered":"http:\/\/www.univ-mosta.dz\/lsamh\/?page_id=18"},"modified":"2018-12-16T17:37:23","modified_gmt":"2018-12-16T16:37:23","slug":"objectifs","status":"publish","type":"page","link":"https:\/\/www.univ-mosta.dz\/lsamh\/objectifs\/","title":{"rendered":"Objectifs"},"content":{"rendered":"<p>Au-del\u00e0 de la n\u00e9cessit\u00e9 et de l\u2019ambition d\u2019une production scientifique de haut niveau, le Laboratoire SAMH se veut \u00eatre un interlocuteur soci\u00e9tal du sport. La vocation et la raison d\u2019\u00eatre du Laboratoire SAMH s\u2019inscrit dans la progression et la diffusion de la connaissance et de la mod\u00e9lisation et la mise en \u0153uvre de nouveaux\u00a0 savoirs. Positionn\u00e9 comme auxiliaire de la performance par la recherche et pour les acteurs, le laboratoire SAMH interroge plusieurs th\u00e9matiques sp\u00e9cifiques qui portent sur les d\u00e9terminants m\u00e9caniques, physiologiques, psychologiques et biom\u00e9triques de la motricit\u00e9 humaine.<\/p>\n","protected":false},"excerpt":{"rendered":"<p>Au-del\u00e0 de la n\u00e9cessit\u00e9 et de l\u2019ambition d\u2019une production scientifique de haut niveau, le Laboratoire SAMH se veut \u00eatre un interlocuteur soci\u00e9tal du sport. La vocation et la raison d\u2019\u00eatre &hellip;<\/p>\n","protected":false},"author":1,"featured_media":0,"parent":0,"menu_order":0,"comment_status":"closed","ping_status":"closed","template":"","meta":{"_coblocks_attr":"","_coblocks_dimensions":"","_coblocks_responsive_height":"","_coblocks_accordion_ie_support":"","footnotes":""},"class_list":["post-18","page","type-page","status-publish","hentry"],"_links":{"self":[{"href":"https:\/\/www.univ-mosta.dz\/lsamh\/wp-json\/wp\/v2\/pages\/18","targetHints":{"allow":["GET"]}}],"collection":[{"href":"https:\/\/www.univ-mosta.dz\/lsamh\/wp-json\/wp\/v2\/pages"}],"about":[{"href":"https:\/\/www.univ-mosta.dz\/lsamh\/wp-json\/wp\/v2\/types\/page"}],"author":[{"embeddable":true,"href":"https:\/\/www.univ-mosta.dz\/lsamh\/wp-json\/wp\/v2\/users\/1"}],"replies":[{"embeddable":true,"href":"https:\/\/www.univ-mosta.dz\/lsamh\/wp-json\/wp\/v2\/comments?post=18"}],"version-history":[{"count":3,"href":"https:\/\/www.univ-mosta.dz\/lsamh\/wp-json\/wp\/v2\/pages\/18\/revisions"}],"predecessor-version":[{"id":152,"href":"https:\/\/www.univ-mosta.dz\/lsamh\/wp-json\/wp\/v2\/pages\/18\/revisions\/152"}],"wp:attachment":[{"href":"https:\/\/www.univ-mosta.dz\/lsamh\/wp-json\/wp\/v2\/media?parent=18"}],"curies":[{"name":"wp","href":"https:\/\/api.w.org\/{rel}","templated":true}]}}