{"id":30,"date":"2018-12-17T12:00:47","date_gmt":"2018-12-17T11:00:47","guid":{"rendered":"http:\/\/www.univ-mosta.dz\/labopaps\/?page_id=30"},"modified":"2020-06-30T17:47:19","modified_gmt":"2020-06-30T15:47:19","slug":"equipe-n-03","status":"publish","type":"page","link":"https:\/\/www.univ-mosta.dz\/labopaps\/equipe-n-03\/","title":{"rendered":"\u00c9quipe 03:Entrainement et pr\u00e9paration physique"},"content":{"rendered":"<div class=\"entry-content clearfix\">\n<h3><strong>\u00c9quipe 3 :\u00a0Entrainement et pr\u00e9paration physique\u00a0 (Code\u00a0: W0890404<\/strong>)<\/h3>\n<ul>\n<li>\n<h4>Responsable de l\u2019\u00e9quipe:\u00a0 Pr BENGOUA Ali<\/h4>\n<\/li>\n<\/ul>\n<p><strong><img loading=\"lazy\" decoding=\"async\" class=\"alignleft size-full wp-image-91\" src=\"http:\/\/www.univ-mosta.dz\/labopaps\/wp-content\/uploads\/sites\/16\/2018\/12\/BENG.jpg\" alt=\"\" width=\"206\" height=\"222\" \/>Mail\u00a0:<\/strong> ali.bengoua@univ-mosta.dz<\/p>\n<p>Institut d\u2019\u00e9ducation physique et Sportive -UMAB<\/p>\n<p>&nbsp;<\/p>\n<p>&nbsp;<\/p>\n<p>&nbsp;<\/p>\n<p>&nbsp;<\/p>\n<p><strong>\u00a0<\/strong>Dirig\u00e9e par le Pr Bengoua Ali,cette \u00e9quipe a pour but d\u2019\u00e9tablir des recherche sur ces trois axes de recherches :<\/p>\n<p>&#8211;<em>La p\u00e9riodisation de l&rsquo;entrainement sportif.<\/em><\/p>\n<p><em>&#8211; l&rsquo;\u00e9valuation des degr\u00e9s de monotonie au cours de l&rsquo;entrainement.<\/em><\/p>\n<p>&#8211; l&rsquo;individualisation de l&rsquo;activit\u00e9 sportive en fonction des particularit\u00e9s et sp\u00e9cialit\u00e9s.<\/p>\n<p>-Devlopement et validation des tests physqiues lie a l&rsquo;entrainement physique et sportive.<\/p>\n<p>les Membres :<\/p>\n<table style=\"width: 99.4154%\" width=\"530\">\n<tbody>\n<tr>\n<td style=\"width: 9.58254%\">Pr\/Dr<\/td>\n<td style=\"width: 14.5398%\">Nom<\/td>\n<td style=\"width: 18.9585%\">Pr\u00e9nom<\/td>\n<td style=\"width: 21.0387%\">Affiliation<\/td>\n<td style=\"width: 18.8026%\">\n<h4>Google Scholar<\/h4>\n<\/td>\n<\/tr>\n<tr>\n<td style=\"width: 9.58254%\">Dr<\/td>\n<td style=\"width: 14.5398%\">ZERF<\/td>\n<td style=\"width: 18.9585%\">\u00a0Mohammed<\/td>\n<td style=\"width: 21.0387%\">(UMAB)<\/td>\n<td style=\"width: 18.8026%\"><\/td>\n<\/tr>\n<tr>\n<td style=\"width: 9.58254%\">Dr<\/td>\n<td style=\"width: 14.5398%\">MIM Mokhtar<\/td>\n<td style=\"width: 18.9585%\">Mokhtar<\/td>\n<td style=\"width: 21.0387%\">(UMAB)<\/td>\n<td style=\"width: 18.8026%\"><\/td>\n<\/tr>\n<tr>\n<td style=\"width: 9.58254%\">Dr<\/td>\n<td style=\"width: 14.5398%\">BELKADI<\/td>\n<td style=\"width: 18.9585%\">ADEL<\/td>\n<td style=\"width: 21.0387%\">(UMAB)<\/td>\n<td style=\"width: 18.8026%\"><\/td>\n<\/tr>\n<tr>\n<td style=\"width: 9.58254%\">Dr<\/td>\n<td style=\"width: 14.5398%\">BEBOUCHA<\/td>\n<td style=\"width: 18.9585%\">Wahib<\/td>\n<td style=\"width: 21.0387%\">(UMAB)<\/td>\n<td style=\"width: 18.8026%\"><\/td>\n<\/tr>\n<tr>\n<td style=\"width: 9.58254%\">Dr<\/td>\n<td style=\"width: 14.5398%\">MESSALITI<\/td>\n<td style=\"width: 18.9585%\">\u00a0Lakhdar<\/td>\n<td style=\"width: 21.0387%\">(UMAB)<\/td>\n<td style=\"width: 18.8026%\"><\/td>\n<\/tr>\n<tr>\n<td style=\"width: 9.58254%\">Dr<\/td>\n<td style=\"width: 14.5398%\">GHOUAL Adda<\/td>\n<td style=\"width: 18.9585%\">Adda<\/td>\n<td style=\"width: 21.0387%\">(UMAB)<\/td>\n<td style=\"width: 18.8026%\"><\/td>\n<\/tr>\n<tr>\n<td style=\"width: 9.58254%\">Dr<\/td>\n<td style=\"width: 14.5398%\">FOURLOUL<\/td>\n<td style=\"width: 18.9585%\">\u00a0Senouci<\/td>\n<td style=\"width: 21.0387%\">(UMAB)<\/td>\n<td style=\"width: 18.8026%\"><\/td>\n<\/tr>\n<tr>\n<td style=\"width: 9.58254%\">Dr<\/td>\n<td style=\"width: 14.5398%\">SENOUCI<\/td>\n<td style=\"width: 18.9585%\">Abdelkarim<\/td>\n<td style=\"width: 21.0387%\">(UMAB)<\/td>\n<td style=\"width: 18.8026%\"><\/td>\n<\/tr>\n<tr>\n<td style=\"width: 9.58254%\">Dr<\/td>\n<td style=\"width: 14.5398%\">BAROUDI<\/td>\n<td style=\"width: 18.9585%\">Mohamed Amine<\/td>\n<td style=\"width: 21.0387%\">(UMAB)<\/td>\n<td style=\"width: 18.8026%\"><\/td>\n<\/tr>\n<tr>\n<td style=\"width: 9.58254%\">Dr<\/td>\n<td style=\"width: 14.5398%\">HOUAR<\/td>\n<td style=\"width: 18.9585%\">Abdelatif<\/td>\n<td style=\"width: 21.0387%\">(UMAB)<\/td>\n<td style=\"width: 18.8026%\"><\/td>\n<\/tr>\n<tr>\n<td style=\"width: 9.58254%\">Dr<\/td>\n<td style=\"width: 14.5398%\">AMEUR AMEUR<\/td>\n<td style=\"width: 18.9585%\">Hocine<\/td>\n<td style=\"width: 21.0387%\">(UMAB)<\/td>\n<td style=\"width: 18.8026%\"><\/td>\n<\/tr>\n<tr>\n<td style=\"width: 9.58254%\">Mr<\/td>\n<td style=\"width: 14.5398%\">BLIDI<\/td>\n<td style=\"width: 18.9585%\">Touati<\/td>\n<td style=\"width: 21.0387%\">\n<h4><strong>(Doctorant- UMAB)<\/strong><\/h4>\n<\/td>\n<td style=\"width: 18.8026%\"><\/td>\n<\/tr>\n<tr>\n<td style=\"width: 9.58254%\">Mr<\/td>\n<td style=\"width: 14.5398%\">AOUIR<\/td>\n<td style=\"width: 18.9585%\">Seddam<\/td>\n<td style=\"width: 21.0387%\">\n<h4><strong>(Doctorant- UMAB)<\/strong><\/h4>\n<\/td>\n<td style=\"width: 18.8026%\"><\/td>\n<\/tr>\n<tr>\n<td style=\"width: 9.58254%\">Mr<\/td>\n<td style=\"width: 14.5398%\">BESSOLTANE<\/td>\n<td style=\"width: 18.9585%\">Elhadj<\/td>\n<td style=\"width: 21.0387%\">\n<h4><strong>(Doctorant- UMAB)<\/strong><\/h4>\n<\/td>\n<td style=\"width: 18.8026%\"><\/td>\n<\/tr>\n<tr>\n<td style=\"width: 9.58254%\">Mr<\/td>\n<td style=\"width: 14.5398%\">HAMEK<\/td>\n<td style=\"width: 18.9585%\">Baghdad<\/td>\n<td style=\"width: 21.0387%\">\n<h4><strong>(Doctorant- UMAB)<\/strong><\/h4>\n<\/td>\n<td style=\"width: 18.8026%\"><\/td>\n<\/tr>\n<tr>\n<td style=\"width: 9.58254%\">Mr<\/td>\n<td style=\"width: 14.5398%\">BENTOUMIA<\/td>\n<td style=\"width: 18.9585%\">Radouane<\/td>\n<td style=\"width: 21.0387%\">\n<h4><strong>(Doctorant- UMAB)<\/strong><\/h4>\n<\/td>\n<td style=\"width: 18.8026%\"><\/td>\n<\/tr>\n<tr>\n<td style=\"width: 9.58254%\">Mr<\/td>\n<td style=\"width: 14.5398%\">LOUGLAIEB<\/td>\n<td style=\"width: 18.9585%\">Lakhdar<\/td>\n<td style=\"width: 21.0387%\">\n<h4><strong>(Doctorant- UMAB)<\/strong><\/h4>\n<\/td>\n<td style=\"width: 18.8026%\"><\/td>\n<\/tr>\n<tr>\n<td style=\"width: 9.58254%\">Mr<\/td>\n<td style=\"width: 14.5398%\">SAIHI<\/td>\n<td style=\"width: 18.9585%\">Fouad<\/td>\n<td style=\"width: 21.0387%\">\n<h4><strong>(Doctorant- UMAB)<\/strong><\/h4>\n<\/td>\n<td style=\"width: 18.8026%\"><\/td>\n<\/tr>\n<tr>\n<td style=\"width: 9.58254%\">Mr<\/td>\n<td style=\"width: 14.5398%\">BOUGHADOU<\/td>\n<td style=\"width: 18.9585%\">\u00a0Mustapha<\/td>\n<td style=\"width: 21.0387%\">\n<h4><strong>(Doctorant- UMAB)<\/strong><\/h4>\n<\/td>\n<td style=\"width: 18.8026%\"><\/td>\n<\/tr>\n<tr>\n<td style=\"width: 9.58254%\">Mr<\/td>\n<td style=\"width: 14.5398%\">MANSOUR<\/td>\n<td style=\"width: 18.9585%\">KELTOUM<\/td>\n<td style=\"width: 21.0387%\">\n<h4><strong>(Doctorant- UMAB)<\/strong><\/h4>\n<\/td>\n<td style=\"width: 18.8026%\"><\/td>\n<\/tr>\n<tr>\n<td style=\"width: 9.58254%\">Mr<\/td>\n<td style=\"width: 14.5398%\">BENAAMA<\/td>\n<td style=\"width: 18.9585%\">Benaouda<\/td>\n<td style=\"width: 21.0387%\">\n<h4><strong>(Doctorant- UMAB)<\/strong><\/h4>\n<\/td>\n<td style=\"width: 18.8026%\"><\/td>\n<\/tr>\n<tr>\n<td style=\"width: 9.58254%\">Mr<\/td>\n<td style=\"width: 14.5398%\">DAHMANI<\/td>\n<td style=\"width: 18.9585%\">NAWEL<\/td>\n<td style=\"width: 21.0387%\">\n<h4><strong>(Doctorant- UMAB)<\/strong><\/h4>\n<\/td>\n<td style=\"width: 18.8026%\"><\/td>\n<\/tr>\n<tr>\n<td style=\"width: 9.58254%\">Mr<\/td>\n<td style=\"width: 14.5398%\">BENTOUMIA<\/td>\n<td style=\"width: 18.9585%\">REDOUAN<\/td>\n<td style=\"width: 21.0387%\">\n<h4><strong>(Doctorant- UMAB)<\/strong><\/h4>\n<\/td>\n<td style=\"width: 18.8026%\"><\/td>\n<\/tr>\n<tr>\n<td style=\"width: 9.58254%\">Mr<\/td>\n<td style=\"width: 14.5398%\">BOUKCHICH<\/td>\n<td style=\"width: 18.9585%\">MOULOUD<\/td>\n<td style=\"width: 21.0387%\">\n<h4><strong>(Doctorant- UMAB)<\/strong><\/h4>\n<\/td>\n<td style=\"width: 18.8026%\"><\/td>\n<\/tr>\n<tr>\n<td style=\"width: 9.58254%\">Mr<\/td>\n<td style=\"width: 14.5398%\">BELGHERISSI<\/td>\n<td style=\"width: 18.9585%\">ABDELHAMID<\/td>\n<td style=\"width: 21.0387%\">\n<h4><strong>(Doctorant- UMAB)<\/strong><\/h4>\n<\/td>\n<td style=\"width: 18.8026%\"><\/td>\n<\/tr>\n<tr>\n<td style=\"width: 9.58254%\">Mr<\/td>\n<td style=\"width: 14.5398%\">kourdeghli<\/td>\n<td style=\"width: 18.9585%\">mohamed<\/td>\n<td style=\"width: 21.0387%\">\n<h4><strong>(Doctorant- UMAB)<\/strong><\/h4>\n<h4><strong>\u00a0<\/strong><\/h4>\n<\/td>\n<td style=\"width: 18.8026%\"><\/td>\n<\/tr>\n<\/tbody>\n<\/table>\n<\/div>\n","protected":false},"excerpt":{"rendered":"<p>\u00c9quipe 3 :\u00a0Entrainement et pr\u00e9paration physique\u00a0 (Code\u00a0: W0890404) Responsable de l\u2019\u00e9quipe:\u00a0 Pr BENGOUA Ali Mail\u00a0: ali.bengoua@univ-mosta.dz Institut d\u2019\u00e9ducation physique et Sportive -UMAB &nbsp; &nbsp; &nbsp; &nbsp; \u00a0Dirig\u00e9e par le Pr [&hellip;]<\/p>\n","protected":false},"author":1,"featured_media":0,"parent":0,"menu_order":0,"comment_status":"closed","ping_status":"closed","template":"","meta":{"_coblocks_attr":"","_coblocks_dimensions":"","_coblocks_responsive_height":"","_coblocks_accordion_ie_support":"","footnotes":""},"class_list":["post-30","page","type-page","status-publish","hentry"],"_links":{"self":[{"href":"https:\/\/www.univ-mosta.dz\/labopaps\/wp-json\/wp\/v2\/pages\/30","targetHints":{"allow":["GET"]}}],"collection":[{"href":"https:\/\/www.univ-mosta.dz\/labopaps\/wp-json\/wp\/v2\/pages"}],"about":[{"href":"https:\/\/www.univ-mosta.dz\/labopaps\/wp-json\/wp\/v2\/types\/page"}],"author":[{"embeddable":true,"href":"https:\/\/www.univ-mosta.dz\/labopaps\/wp-json\/wp\/v2\/users\/1"}],"replies":[{"embeddable":true,"href":"https:\/\/www.univ-mosta.dz\/labopaps\/wp-json\/wp\/v2\/comments?post=30"}],"version-history":[{"count":9,"href":"https:\/\/www.univ-mosta.dz\/labopaps\/wp-json\/wp\/v2\/pages\/30\/revisions"}],"predecessor-version":[{"id":141,"href":"https:\/\/www.univ-mosta.dz\/labopaps\/wp-json\/wp\/v2\/pages\/30\/revisions\/141"}],"wp:attachment":[{"href":"https:\/\/www.univ-mosta.dz\/labopaps\/wp-json\/wp\/v2\/media?parent=30"}],"curies":[{"name":"wp","href":"https:\/\/api.w.org\/{rel}","templated":true}]}}