{"id":576,"date":"2021-11-29T12:54:20","date_gmt":"2021-11-29T11:54:20","guid":{"rendered":"https:\/\/www.univ-mosta.dz\/fst\/?page_id=576"},"modified":"2022-11-13T20:22:46","modified_gmt":"2022-11-13T19:22:46","slug":"chef-departement-darchitecture","status":"publish","type":"page","link":"https:\/\/www.univ-mosta.dz\/fst\/chef-departement-darchitecture\/","title":{"rendered":"Chef d\u00e9partement d&rsquo;Architecture"},"content":{"rendered":"\n<div class=\"wp-block-coblocks-author\"><figure class=\"wp-block-coblocks-author__avatar\"><img decoding=\"async\" alt=\"Dr CHACHOUR Madjid\" class=\"wp-block-coblocks-author__avatar-img\" src=\"http:\/\/www.univ-mosta.dz\/fst\/wp-content\/uploads\/sites\/3\/2022\/11\/s200_chachour.madjid.jpg\" \/><\/figure><div class=\"wp-block-coblocks-author__content\"><span class=\"wp-block-coblocks-author__name\">Dr CHACHOUR Madjid<\/span><p class=\"wp-block-coblocks-author__biography\">Chef de D\u00e9partement d&rsquo;Architecture <br \/>fst.architecture@univ-mosta.dz<\/p>\n<div class=\"wp-block-button\"><a class=\"wp-block-button__link\"> curriculum vit\u00e6 <\/a><\/div>\n<\/div><\/div>\n\n\n\n<div class=\"wp-block-uagb-advanced-heading uagb-block-85a927a9\"><h2 class=\"uagb-heading-text\">Textes R\u00e9glementaires<\/h2><div class=\"uagb-separator\"><\/div><p class=\"uagb-desc-text\"><strong>D\u00e9cret ex\u00e9cutif n\u00b0 03-279 du 24 Joumada Ethania 1424 correspondant au 23 ao\u00fbt 2003 fixant les missions et les r\u00e8gles particuli\u00e8res d\u2019organisation et de fonctionnement de l\u2019universit\u00e9.<\/strong><br><strong>Article 56 :<\/strong><br>Le chef de d\u00e9partement est responsable du fonctionnement p\u00e9dagogique et administratif du d\u00e9partement et il exerce l\u2019autorit\u00e9 hi\u00e9rarchique sur le personnel plac\u00e9 sous sa responsabilit\u00e9.<br>Il est assist\u00e9 de chefs de d\u00e9partements adjoints, de chefs de services et, le cas \u00e9ch\u00e9ant, de chefs de laboratoires.<br>Le chef de d\u00e9partements est nomm\u00e9, pour une p\u00e9riode de trois ans, parmi les enseignants permanents justifiant du grade le plus \u00e9lev\u00e9 , par arr\u00eat\u00e9 du ministre charg\u00e9 de l&rsquo;enseignement sup\u00e9rieur et de recherche scientifique sur proposition du doyen et apr\u00e8s avis du recteur.<\/p><\/div>\n","protected":false},"excerpt":{"rendered":"<p>Dr CHACHOUR MadjidChef de D\u00e9partement d&rsquo;Architecture fst.architecture@univ-mosta.dz curriculum vit\u00e6 Textes R\u00e9glementairesD\u00e9cret ex\u00e9cutif n\u00b0 03-279 du 24 Joumada Ethania 1424 correspondant au 23 ao\u00fbt 2003 fixant les missions et les r\u00e8gles &hellip;<\/p>\n","protected":false},"author":13,"featured_media":0,"parent":0,"menu_order":0,"comment_status":"closed","ping_status":"closed","template":"","meta":{"_coblocks_attr":"","_coblocks_dimensions":"","_coblocks_responsive_height":"","_coblocks_accordion_ie_support":"","footnotes":""},"class_list":["post-576","page","type-page","status-publish","hentry"],"_links":{"self":[{"href":"https:\/\/www.univ-mosta.dz\/fst\/wp-json\/wp\/v2\/pages\/576","targetHints":{"allow":["GET"]}}],"collection":[{"href":"https:\/\/www.univ-mosta.dz\/fst\/wp-json\/wp\/v2\/pages"}],"about":[{"href":"https:\/\/www.univ-mosta.dz\/fst\/wp-json\/wp\/v2\/types\/page"}],"author":[{"embeddable":true,"href":"https:\/\/www.univ-mosta.dz\/fst\/wp-json\/wp\/v2\/users\/13"}],"replies":[{"embeddable":true,"href":"https:\/\/www.univ-mosta.dz\/fst\/wp-json\/wp\/v2\/comments?post=576"}],"version-history":[{"count":5,"href":"https:\/\/www.univ-mosta.dz\/fst\/wp-json\/wp\/v2\/pages\/576\/revisions"}],"predecessor-version":[{"id":1714,"href":"https:\/\/www.univ-mosta.dz\/fst\/wp-json\/wp\/v2\/pages\/576\/revisions\/1714"}],"wp:attachment":[{"href":"https:\/\/www.univ-mosta.dz\/fst\/wp-json\/wp\/v2\/media?parent=576"}],"curies":[{"name":"wp","href":"https:\/\/api.w.org\/{rel}","templated":true}]}}

Chef département d&rsquo;Architecture

<div class="wp-block-coblocks-author"><figure class="wp-block-coblocks-author__avatar"><img decoding="async" alt="Dr CHACHOUR Madjid" class="wp-block-coblocks-author__avatar-img" src="http://www.univ-mosta.dz/fst/wp-content/uploads/sites/3/2022/11/s200_chachour.madjid.jpg" /></figure><div class="wp-block-coblocks-author__content"><span class="wp-block-coblocks-author__name">Dr CHACHOUR Madjid</span><p class="wp-block-coblocks-author__biography">Chef de Département d&rsquo;Architecture <br />fst.architecture@univ-mosta.dz</p>
<div class="wp-block-button"><a class="wp-block-button__link"> curriculum vitæ </a></div>
</div></div>



<div class="wp-block-uagb-advanced-heading uagb-block-85a927a9"><h2 class="uagb-heading-text">Textes Réglementaires</h2><div class="uagb-separator"></div><p class="uagb-desc-text"><strong>Décret exécutif n° 03-279 du 24 Joumada Ethania 1424 correspondant au 23 août 2003 fixant les missions et les règles particulières d’organisation et de fonctionnement de l’université.</strong><br><strong>Article 56 :</strong><br>Le chef de département est responsable du fonctionnement pédagogique et administratif du département et il exerce l’autorité hiérarchique sur le personnel placé sous sa responsabilité.<br>Il est assisté de chefs de départements adjoints, de chefs de services et, le cas échéant, de chefs de laboratoires.<br>Le chef de départements est nommé, pour une période de trois ans, parmi les enseignants permanents justifiant du grade le plus élevé , par arrêté du ministre chargé de l&rsquo;enseignement supérieur et de recherche scientifique sur proposition du doyen et après avis du recteur.</p></div>

<p>Dr CHACHOUR MadjidChef de Département d&rsquo;Architecture fst.architecture@univ-mosta.dz curriculum vitæ Textes RéglementairesDécret exécutif n° 03-279 du 24 Joumada Ethania 1424 correspondant au 23 août 2003 fixant les missions et les règles &hellip;</p>
