{"id":899,"date":"2020-01-09T08:59:07","date_gmt":"2020-01-09T07:59:07","guid":{"rendered":"http:\/\/www.univ-mosta.dz\/fsnv\/?page_id=899"},"modified":"2022-12-15T13:10:38","modified_gmt":"2022-12-15T12:10:38","slug":"planning-des-examens","status":"publish","type":"page","link":"https:\/\/www.univ-mosta.dz\/fsnv\/planning-des-examens\/","title":{"rendered":"Planning des examens"},"content":{"rendered":"\n<p class=\"has-text-align-center has-cyan-bluish-gray-background-color has-background\"><strong>Premi\u00e8re Ann\u00e9e Tronc Commun SNV et lieux des examens (Semestre 1 )<\/strong><\/p>\n\n\n<a href=\"https:\/\/www.univ-mosta.dz\/fsnv\/wp-content\/uploads\/sites\/6\/2022\/12\/1ere-annee.pdf\" class=\"pdfemb-viewer\" style=\"\" data-width=\"max\" data-height=\"max\" data-toolbar=\"both\" data-toolbar-fixed=\"on\">1ere-annee<\/a>\n<p class=\"wp-block-pdfemb-pdf-embedder-viewer\"><\/p>\n\n\n\n<p class=\"has-text-align-center has-light-green-cyan-background-color has-background\"><strong><span>Deuxi\u00e8me Ann\u00e9e Tronc Commun SNV et lieux des examens (Semestre 3 )<\/span> <\/strong><\/p>\n\n\n<a href=\"https:\/\/www.univ-mosta.dz\/fsnv\/wp-content\/uploads\/sites\/6\/2022\/12\/2eme-annee.pdf\" class=\"pdfemb-viewer\" style=\"\" data-width=\"max\" data-height=\"max\" data-toolbar=\"both\" data-toolbar-fixed=\"on\">2eme-annee<\/a>\n<p class=\"wp-block-pdfemb-pdf-embedder-viewer\"><\/p>\n\n\n\n<p class=\"has-text-align-center has-white-color has-text-color has-background\" style=\"background-color:#a31b00\"><strong> Troisi\u00e8me Ann\u00e9e Licence Semestre 5 (Tous les sp\u00e9cialit\u00e9s)<\/strong><\/p>\n\n\n<a href=\"https:\/\/www.univ-mosta.dz\/fsnv\/wp-content\/uploads\/sites\/6\/2022\/12\/Planning-exam-L3_S5_SN_2022_2023.pdf\" class=\"pdfemb-viewer\" style=\"\" data-width=\"max\" data-height=\"max\" data-toolbar=\"both\" data-toolbar-fixed=\"on\">Planning-exam-L3_S5_SN_2022_2023<\/a>\n<p class=\"wp-block-pdfemb-pdf-embedder-viewer\"><\/p>\n\n\n\n<p class=\"has-text-align-center has-cyan-bluish-gray-background-color has-background\"> <strong> Master I  Semestre 2 (Tous les sp\u00e9cialit\u00e9s)<\/strong> <\/p>\n\n\n<a href=\"https:\/\/www.univ-mosta.dz\/fsnv\/wp-content\/uploads\/sites\/6\/2022\/12\/Planning-exam-M1_S1_SN_2022_2023.pdf\" class=\"pdfemb-viewer\" style=\"\" data-width=\"max\" data-height=\"max\" data-toolbar=\"both\" data-toolbar-fixed=\"on\">Planning-exam-M1_S1_SN_2022_2023<\/a>\n<p class=\"wp-block-pdfemb-pdf-embedder-viewer\"><\/p>\n\n\n\n<p class=\"has-text-align-center has-luminous-vivid-amber-background-color has-background\"> <strong> Master 2  Semestre3 (Tous les sp\u00e9cialit\u00e9s)<\/strong> <\/p>\n\n\n<a href=\"https:\/\/www.univ-mosta.dz\/fsnv\/wp-content\/uploads\/sites\/6\/2022\/12\/Planning-exam-M2_S3_SN_2022_2023.pdf\" class=\"pdfemb-viewer\" style=\"\" data-width=\"max\" data-height=\"max\" data-toolbar=\"both\" data-toolbar-fixed=\"on\">Planning-exam-M2_S3_SN_2022_2023<\/a>\n<p class=\"wp-block-pdfemb-pdf-embedder-viewer\"><\/p>\n","protected":false},"excerpt":{"rendered":"<p>Premi\u00e8re Ann\u00e9e Tronc Commun SNV et lieux des examens (Semestre 1 ) 1ere-annee Deuxi\u00e8me Ann\u00e9e Tronc Commun SNV et lieux des examens (Semestre 3 ) 2eme-annee Troisi\u00e8me Ann\u00e9e Licence Semestre &hellip;<\/p>\n","protected":false},"author":9,"featured_media":0,"parent":0,"menu_order":0,"comment_status":"closed","ping_status":"closed","template":"","meta":{"_coblocks_attr":"","_coblocks_dimensions":"","_coblocks_responsive_height":"","_coblocks_accordion_ie_support":"","footnotes":""},"class_list":["post-899","page","type-page","status-publish","hentry"],"_links":{"self":[{"href":"https:\/\/www.univ-mosta.dz\/fsnv\/wp-json\/wp\/v2\/pages\/899","targetHints":{"allow":["GET"]}}],"collection":[{"href":"https:\/\/www.univ-mosta.dz\/fsnv\/wp-json\/wp\/v2\/pages"}],"about":[{"href":"https:\/\/www.univ-mosta.dz\/fsnv\/wp-json\/wp\/v2\/types\/page"}],"author":[{"embeddable":true,"href":"https:\/\/www.univ-mosta.dz\/fsnv\/wp-json\/wp\/v2\/users\/9"}],"replies":[{"embeddable":true,"href":"https:\/\/www.univ-mosta.dz\/fsnv\/wp-json\/wp\/v2\/comments?post=899"}],"version-history":[{"count":23,"href":"https:\/\/www.univ-mosta.dz\/fsnv\/wp-json\/wp\/v2\/pages\/899\/revisions"}],"predecessor-version":[{"id":4713,"href":"https:\/\/www.univ-mosta.dz\/fsnv\/wp-json\/wp\/v2\/pages\/899\/revisions\/4713"}],"wp:attachment":[{"href":"https:\/\/www.univ-mosta.dz\/fsnv\/wp-json\/wp\/v2\/media?parent=899"}],"curies":[{"name":"wp","href":"https:\/\/api.w.org\/{rel}","templated":true}]}}