{"id":57,"date":"2019-02-20T13:46:22","date_gmt":"2019-02-20T12:46:22","guid":{"rendered":"http:\/\/www.univ-mosta.dz\/fsnv\/?page_id=57"},"modified":"2022-05-12T11:03:55","modified_gmt":"2022-05-12T09:03:55","slug":"soutenance","status":"publish","type":"page","link":"https:\/\/www.univ-mosta.dz\/fsnv\/soutenance\/","title":{"rendered":"Soutenance the th\u00e8se"},"content":{"rendered":"\n<div class=\"wp-block-coblocks-accordion\">\n<div class=\"wp-block-coblocks-accordion-item\"><details><summary class=\"wp-block-coblocks-accordion-item__title has-background has-text-color has-white-color\" style=\"background-color:#6e0505\"><strong>Liste des revues<\/strong><\/summary><div class=\"wp-block-coblocks-accordion-item__content\" style=\"border-color:#6e0505\">\n<ul class=\"wp-block-list\"><li><strong>Cat\u00e9gorie B :<\/strong><ul><li><a href=\"http:\/\/www.univ-mosta.dz\/fsnv\/wp-content\/uploads\/sites\/6\/2022\/03\/ABDC-2021.pdf\">ABDC 2021<\/a><\/li><li><a href=\"http:\/\/www.univ-mosta.dz\/fsnv\/wp-content\/uploads\/sites\/6\/2022\/03\/ERIH-PLUS.pdf\">ERIH PLUS<\/a><\/li><li><a href=\"http:\/\/www.univ-mosta.dz\/fsnv\/wp-content\/uploads\/sites\/6\/2022\/03\/Journal-Quality-List.pdf\">Journal Quality List<\/a><\/li><li><a href=\"http:\/\/www.univ-mosta.dz\/fsnv\/wp-content\/uploads\/sites\/6\/2022\/03\/Liste-des-revues-scientifiques-CNRS.pdf\">Liste des revues scientifiques CNRS<\/a><\/li><li><a href=\"http:\/\/www.univ-mosta.dz\/fsnv\/wp-content\/uploads\/sites\/6\/2022\/03\/Liste-AERES.xlsx\">Liste AERES<\/a><\/li><li><a href=\"http:\/\/www.univ-mosta.dz\/fsnv\/wp-content\/uploads\/sites\/6\/2022\/03\/Liste-SCOPUS.pdf\">Liste SCOPUS<\/a><\/li><li><a href=\"http:\/\/www.univ-mosta.dz\/fsnv\/wp-content\/uploads\/sites\/6\/2022\/03\/Listes-des-revues-scientifiques-Financial-Times.pdf\">Listes des revues scientifiques Financial Times<\/a><\/li><\/ul><\/li><li><a href=\"http:\/\/www.univ-mosta.dz\/fsnv\/wp-content\/uploads\/sites\/6\/2022\/03\/Liste-des-revues-scientifiques-de-Categorie-A-2021.pdf\">Liste des revues scientifiques de Cat\u00e9gorie A 2021<\/a><\/li><li><a href=\"http:\/\/www.univ-mosta.dz\/fsnv\/wp-content\/uploads\/sites\/6\/2022\/03\/Listes-des-revues-scientifiques-de-categorie-A-et-B-Conferences-Regionales-2021.pdf\">Listes des revues scientifiques de cat\u00e9gorie A et B- Conf\u00e9rences R\u00e9gionales 2021<\/a><\/li><li><strong>Liste des Revues Pr\u00e9datrices, Editeurs pr\u00e9dateurs<\/strong><ul><li><strong>2016<\/strong><ul><li><a href=\"http:\/\/www.univ-mosta.dz\/fsnv\/wp-content\/uploads\/sites\/6\/2022\/03\/Liste-des-editeurs-scientifiques-predateurs.pdf\">Liste des \u00e9diteurs scientifiques pr\u00e9dateurs<\/a><\/li><li><a href=\"http:\/\/www.univ-mosta.dz\/fsnv\/wp-content\/uploads\/sites\/6\/2022\/03\/Liste-des-revues-scientifiques-predatrices.pdf\">Liste des revues scientifiques pr\u00e9datrices<\/a><\/li><\/ul><\/li><li><strong>2017<\/strong><ul><li><a href=\"http:\/\/www.univ-mosta.dz\/fsnv\/wp-content\/uploads\/sites\/6\/2022\/03\/Liste-des-editeurs-scientifiques-predateurs-1.pdf\">Liste des \u00e9diteurs scientifiques pr\u00e9dateurs<\/a><\/li><li><a href=\"http:\/\/www.univ-mosta.dz\/fsnv\/wp-content\/uploads\/sites\/6\/2022\/03\/Liste-des-revues-scientifiques-predatrices-1.pdf\">Liste des revues scientifiques pr\u00e9datrices<\/a><\/li><\/ul><\/li><li><strong>2018<\/strong><ul><li><a href=\"http:\/\/www.univ-mosta.dz\/fsnv\/wp-content\/uploads\/sites\/6\/2022\/03\/Liste-des-editeurs-scientifiques-predateurs-2.pdf\">Liste des \u00e9diteurs scientifiques pr\u00e9dateurs<\/a><\/li><li><a href=\"http:\/\/www.univ-mosta.dz\/fsnv\/wp-content\/uploads\/sites\/6\/2022\/03\/Liste-des-revues-scientifiques-predatrices-2.pdf\">Liste des revues scientifiques pr\u00e9datrices<\/a><\/li><\/ul><\/li><li><strong>2019<\/strong><ul><li><a href=\"http:\/\/www.univ-mosta.dz\/fsnv\/wp-content\/uploads\/sites\/6\/2022\/03\/Liste-des-editeures-scientifiques-predateurs.pdf\">Liste des \u00e9diteurs scientifiques pr\u00e9dateurs<\/a><\/li><li><a href=\"http:\/\/www.univ-mosta.dz\/fsnv\/wp-content\/uploads\/sites\/6\/2022\/03\/Liste-des-revues-scientifiques-predatrices-3.pdf\">Liste des revues scientifiques pr\u00e9datrices<\/a><\/li><\/ul><\/li><li><strong>2020<\/strong><ul><li><a href=\"http:\/\/www.univ-mosta.dz\/fsnv\/wp-content\/uploads\/sites\/6\/2022\/03\/Liste-des-editeurs-scientifiques-predateurs-2020.pdf\">Liste des \u00e9diteurs scientifiques pr\u00e9dateurs<\/a><\/li><li><a href=\"http:\/\/www.univ-mosta.dz\/fsnv\/wp-content\/uploads\/sites\/6\/2022\/03\/Liste-des-revues-scientifiques-predatrices-2020.pdf\">Liste des revues scientifiques pr\u00e9datrices<\/a><\/li><\/ul><\/li><li><strong>2021<\/strong><ul><li><a href=\"http:\/\/www.univ-mosta.dz\/fsnv\/wp-content\/uploads\/sites\/6\/2022\/03\/Liste-des-editeurs-scientifiques-predateurs-2021.pdf\">Liste des \u00e9diteurs scientifiques pr\u00e9dateurs<\/a><\/li><li><a href=\"http:\/\/www.univ-mosta.dz\/fsnv\/wp-content\/uploads\/sites\/6\/2022\/03\/Liste-des-revues-scientifiques-predatrices-2021.pdf\">Liste des revues scientifiques pr\u00e9datrices<\/a><\/li><\/ul><\/li><\/ul><\/li><\/ul>\n<\/div><\/details><\/div>\n<\/div>\n\n\n\n<div class=\"wp-block-coblocks-accordion\"><\/div>\n","protected":false},"excerpt":{"rendered":"<p>Liste des revues Cat\u00e9gorie B :ABDC 2021ERIH PLUSJournal Quality ListListe des revues scientifiques CNRSListe AERESListe SCOPUSListes des revues scientifiques Financial TimesListe des revues scientifiques de Cat\u00e9gorie A 2021Listes des revues &hellip;<\/p>\n","protected":false},"author":9,"featured_media":0,"parent":0,"menu_order":0,"comment_status":"closed","ping_status":"closed","template":"","meta":{"_coblocks_attr":"","_coblocks_dimensions":"","_coblocks_responsive_height":"","_coblocks_accordion_ie_support":"","footnotes":""},"class_list":["post-57","page","type-page","status-publish","hentry"],"_links":{"self":[{"href":"https:\/\/www.univ-mosta.dz\/fsnv\/wp-json\/wp\/v2\/pages\/57","targetHints":{"allow":["GET"]}}],"collection":[{"href":"https:\/\/www.univ-mosta.dz\/fsnv\/wp-json\/wp\/v2\/pages"}],"about":[{"href":"https:\/\/www.univ-mosta.dz\/fsnv\/wp-json\/wp\/v2\/types\/page"}],"author":[{"embeddable":true,"href":"https:\/\/www.univ-mosta.dz\/fsnv\/wp-json\/wp\/v2\/users\/9"}],"replies":[{"embeddable":true,"href":"https:\/\/www.univ-mosta.dz\/fsnv\/wp-json\/wp\/v2\/comments?post=57"}],"version-history":[{"count":12,"href":"https:\/\/www.univ-mosta.dz\/fsnv\/wp-json\/wp\/v2\/pages\/57\/revisions"}],"predecessor-version":[{"id":3971,"href":"https:\/\/www.univ-mosta.dz\/fsnv\/wp-json\/wp\/v2\/pages\/57\/revisions\/3971"}],"wp:attachment":[{"href":"https:\/\/www.univ-mosta.dz\/fsnv\/wp-json\/wp\/v2\/media?parent=57"}],"curies":[{"name":"wp","href":"https:\/\/api.w.org\/{rel}","templated":true}]}}