{"id":5191,"date":"2023-07-09T09:30:26","date_gmt":"2023-07-09T07:30:26","guid":{"rendered":"https:\/\/www.univ-mosta.dz\/fsnv\/?page_id=5191"},"modified":"2023-07-09T09:36:22","modified_gmt":"2023-07-09T07:36:22","slug":"arretes-ministeriels-2","status":"publish","type":"page","link":"https:\/\/www.univ-mosta.dz\/fsnv\/arretes-ministeriels-2\/","title":{"rendered":"Arr\u00eat\u00e9s minist\u00e9riels"},"content":{"rendered":"\n\n<a href=\"https:\/\/www.univ-mosta.dz\/fsnv\/wp-content\/uploads\/sites\/6\/2023\/07\/ARRETE-2022-2023-N\u00b0-1411-DU-03-12-2022-.pdf\" class=\"pdfemb-viewer\" style=\"\" data-width=\"max\" data-height=\"max\" data-toolbar=\"both\" data-toolbar-fixed=\"on\">ARRETE-2022-2023-N\u00b0-1411-DU-03-12-2022-<\/a>\n<p class=\"wp-block-pdfemb-pdf-embedder-viewer\"><\/p>\n\n\n<a href=\"https:\/\/www.univ-mosta.dz\/fsnv\/wp-content\/uploads\/sites\/6\/2023\/07\/ARRETE-2021-2022-N\u00b0-033-DU-13-01-2022.pdf\" class=\"pdfemb-viewer\" style=\"\" data-width=\"max\" data-height=\"max\" data-toolbar=\"both\" data-toolbar-fixed=\"on\">ARRETE-2021-2022-N\u00b0-033-DU-13-01-2022<\/a>\n<p class=\"wp-block-pdfemb-pdf-embedder-viewer\"><\/p>\n\n\n<a href=\"https:\/\/www.univ-mosta.dz\/fsnv\/wp-content\/uploads\/sites\/6\/2023\/07\/ARRETE-2021-855-DU-18-07-2021-REGULARISE-LARRETE-N\u00b014-674-ET-N\u00b016-935.pdf\" class=\"pdfemb-viewer\" style=\"\" data-width=\"max\" data-height=\"max\" data-toolbar=\"both\" data-toolbar-fixed=\"on\">ARRETE-2021-855-DU-18-07-2021-REGULARISE-LARRETE-N\u00b014-674-ET-N\u00b016-935<\/a>\n<p class=\"wp-block-pdfemb-pdf-embedder-viewer\"><\/p>\n\n\n<a href=\"https:\/\/www.univ-mosta.dz\/fsnv\/wp-content\/uploads\/sites\/6\/2023\/07\/ARRETE-2020-2021-N\u00b0-962-DU-02-12-2020.pdf\" class=\"pdfemb-viewer\" style=\"\" data-width=\"max\" data-height=\"max\" data-toolbar=\"both\" data-toolbar-fixed=\"on\">ARRETE-2020-2021-N\u00b0-962-DU-02-12-2020<\/a>\n<p class=\"wp-block-pdfemb-pdf-embedder-viewer\"><\/p>\n\n\n<a href=\"https:\/\/www.univ-mosta.dz\/fsnv\/wp-content\/uploads\/sites\/6\/2023\/07\/ARRETE-2019-2020-N\u00b01434-DU-21-08-2019-2.pdf\" class=\"pdfemb-viewer\" style=\"\" data-width=\"max\" data-height=\"max\" data-toolbar=\"both\" data-toolbar-fixed=\"on\">ARRETE-2019-2020-N\u00b01434-DU-21-08-2019-2<\/a>\n<p class=\"wp-block-pdfemb-pdf-embedder-viewer\"><\/p>\n\n\n<a href=\"https:\/\/www.univ-mosta.dz\/fsnv\/wp-content\/uploads\/sites\/6\/2023\/07\/ARRETE-2018-2019-N\u00b0615-DU-16-07-2018.pdf\" class=\"pdfemb-viewer\" style=\"\" data-width=\"max\" data-height=\"max\" data-toolbar=\"both\" data-toolbar-fixed=\"on\">ARRETE-2018-2019-N\u00b0615-DU-16-07-2018<\/a>\n<p class=\"wp-block-pdfemb-pdf-embedder-viewer\"><\/p>\n\n\n<a href=\"https:\/\/www.univ-mosta.dz\/fsnv\/wp-content\/uploads\/sites\/6\/2023\/07\/ARRETE-2017-2018-N\u00b0-834-Du-27-juil-2017.pdf\" class=\"pdfemb-viewer\" style=\"\" data-width=\"max\" data-height=\"max\" data-toolbar=\"both\" data-toolbar-fixed=\"on\">ARRETE-2017-2018-N\u00b0-834-Du-27-juil-2017<\/a>\n<p class=\"wp-block-pdfemb-pdf-embedder-viewer\"><\/p>\n\n\n<a href=\"https:\/\/www.univ-mosta.dz\/fsnv\/wp-content\/uploads\/sites\/6\/2023\/07\/ARRETE-2016-2017-N\u00b0935-du-31-juil-2016.pdf\" class=\"pdfemb-viewer\" style=\"\" data-width=\"max\" data-height=\"max\" data-toolbar=\"both\" data-toolbar-fixed=\"on\">ARRETE-2016-2017-N\u00b0935-du-31-juil-2016<\/a>\n<p class=\"wp-block-pdfemb-pdf-embedder-viewer\"><\/p>\n\n\n<a href=\"https:\/\/www.univ-mosta.dz\/fsnv\/wp-content\/uploads\/sites\/6\/2023\/07\/ARRETE-2015-2016-N\u00b0333-du-12-07-2015-.pdf\" class=\"pdfemb-viewer\" style=\"\" data-width=\"max\" data-height=\"max\" data-toolbar=\"both\" data-toolbar-fixed=\"on\">ARRETE-2015-2016-N\u00b0333-du-12-07-2015-<\/a>\n<p class=\"wp-block-pdfemb-pdf-embedder-viewer\"><\/p>\n\n\n<a href=\"https:\/\/www.univ-mosta.dz\/fsnv\/wp-content\/uploads\/sites\/6\/2023\/07\/ARRETE-2014-2015-N\u00b0674-du-13-08-2014complmentaire.pdf\" class=\"pdfemb-viewer\" style=\"\" data-width=\"max\" data-height=\"max\" data-toolbar=\"both\" data-toolbar-fixed=\"on\">ARRETE-2014-2015-N\u00b0674-du-13-08-2014complmentaire<\/a>\n<p class=\"wp-block-pdfemb-pdf-embedder-viewer\"><\/p>\n\n\n<a href=\"https:\/\/www.univ-mosta.dz\/fsnv\/wp-content\/uploads\/sites\/6\/2023\/07\/ARRETE-2014-2015-N\u00b0_423-du-06-juillet-2014.pdf\" class=\"pdfemb-viewer\" style=\"\" data-width=\"max\" data-height=\"max\" data-toolbar=\"both\" data-toolbar-fixed=\"on\">ARRETE-2014-2015-N\u00b0_423-du-06-juillet-2014<\/a>\n<p class=\"wp-block-pdfemb-pdf-embedder-viewer\"><\/p>\n\n\n<a href=\"https:\/\/www.univ-mosta.dz\/fsnv\/wp-content\/uploads\/sites\/6\/2023\/07\/ARRETE-2013-2014-N\u00b0487-du-15-07-2013doctorat-lmd.pdf\" class=\"pdfemb-viewer\" style=\"\" data-width=\"max\" data-height=\"max\" data-toolbar=\"both\" data-toolbar-fixed=\"on\">ARRETE-2013-2014-N\u00b0487-du-15-07-2013doctorat-lmd<\/a>\n<p class=\"wp-block-pdfemb-pdf-embedder-viewer\"><\/p>\n\n\n<a href=\"https:\/\/www.univ-mosta.dz\/fsnv\/wp-content\/uploads\/sites\/6\/2023\/07\/ARRETE-2012-2013-N\u00b0_361-du-19-07-2012-doctorat_lmd.pdf\" class=\"pdfemb-viewer\" style=\"\" data-width=\"max\" data-height=\"max\" data-toolbar=\"both\" data-toolbar-fixed=\"on\">ARRETE-2012-2013-N\u00b0_361-du-19-07-2012-doctorat_lmd<\/a>\n<p class=\"wp-block-pdfemb-pdf-embedder-viewer\"><\/p>\n","protected":false},"excerpt":{"rendered":"<p>ARRETE-2022-2023-N\u00b0-1411-DU-03-12-2022- ARRETE-2021-2022-N\u00b0-033-DU-13-01-2022 ARRETE-2021-855-DU-18-07-2021-REGULARISE-LARRETE-N\u00b014-674-ET-N\u00b016-935 ARRETE-2020-2021-N\u00b0-962-DU-02-12-2020 ARRETE-2019-2020-N\u00b01434-DU-21-08-2019-2 ARRETE-2018-2019-N\u00b0615-DU-16-07-2018 ARRETE-2017-2018-N\u00b0-834-Du-27-juil-2017 ARRETE-2016-2017-N\u00b0935-du-31-juil-2016 ARRETE-2015-2016-N\u00b0333-du-12-07-2015- ARRETE-2014-2015-N\u00b0674-du-13-08-2014complmentaire ARRETE-2014-2015-N\u00b0_423-du-06-juillet-2014 ARRETE-2013-2014-N\u00b0487-du-15-07-2013doctorat-lmd ARRETE-2012-2013-N\u00b0_361-du-19-07-2012-doctorat_lmd<\/p>\n","protected":false},"author":9,"featured_media":0,"parent":0,"menu_order":0,"comment_status":"closed","ping_status":"closed","template":"","meta":{"_coblocks_attr":"","_coblocks_dimensions":"","_coblocks_responsive_height":"","_coblocks_accordion_ie_support":"","footnotes":""},"class_list":["post-5191","page","type-page","status-publish","hentry"],"_links":{"self":[{"href":"https:\/\/www.univ-mosta.dz\/fsnv\/wp-json\/wp\/v2\/pages\/5191","targetHints":{"allow":["GET"]}}],"collection":[{"href":"https:\/\/www.univ-mosta.dz\/fsnv\/wp-json\/wp\/v2\/pages"}],"about":[{"href":"https:\/\/www.univ-mosta.dz\/fsnv\/wp-json\/wp\/v2\/types\/page"}],"author":[{"embeddable":true,"href":"https:\/\/www.univ-mosta.dz\/fsnv\/wp-json\/wp\/v2\/users\/9"}],"replies":[{"embeddable":true,"href":"https:\/\/www.univ-mosta.dz\/fsnv\/wp-json\/wp\/v2\/comments?post=5191"}],"version-history":[{"count":2,"href":"https:\/\/www.univ-mosta.dz\/fsnv\/wp-json\/wp\/v2\/pages\/5191\/revisions"}],"predecessor-version":[{"id":5210,"href":"https:\/\/www.univ-mosta.dz\/fsnv\/wp-json\/wp\/v2\/pages\/5191\/revisions\/5210"}],"wp:attachment":[{"href":"https:\/\/www.univ-mosta.dz\/fsnv\/wp-json\/wp\/v2\/media?parent=5191"}],"curies":[{"name":"wp","href":"https:\/\/api.w.org\/{rel}","templated":true}]}}