{"id":3029,"date":"2021-11-21T14:38:39","date_gmt":"2021-11-21T13:38:39","guid":{"rendered":"https:\/\/www.univ-mosta.dz\/fsnv\/?page_id=3029"},"modified":"2022-12-29T10:48:06","modified_gmt":"2022-12-29T09:48:06","slug":"planning-des-examens-2","status":"publish","type":"page","link":"https:\/\/www.univ-mosta.dz\/fsnv\/planning-des-examens-2\/","title":{"rendered":"Planning des Examens"},"content":{"rendered":"\n<p class=\"has-text-align-center has-vivid-green-cyan-background-color has-background\"><strong>Troisi\u00e8me ann\u00e9e Licence Semestre 5 (Tous les sp\u00e9cialit\u00e9s)<\/strong><\/p>\n\n\n<a href=\"https:\/\/www.univ-mosta.dz\/fsnv\/wp-content\/uploads\/sites\/6\/2022\/12\/planning-dexamen-licence-2021.2022.pdf\" class=\"pdfemb-viewer\" style=\"\" data-width=\"max\" data-height=\"max\" data-toolbar=\"both\" data-toolbar-fixed=\"on\">planning-dexamen-licence-2021.2022<\/a>\n<p class=\"wp-block-pdfemb-pdf-embedder-viewer\"><\/p>\n\n\n\n<p class=\"has-text-align-center has-background\" style=\"background-color:#8bea8e\"><strong>Master I Semestre 1 ( Tous les Sp\u00e9cialit\u00e9s)<\/strong><\/p>\n\n\n<a href=\"https:\/\/www.univ-mosta.dz\/fsnv\/wp-content\/uploads\/sites\/6\/2022\/12\/planning-dexamen-M1.-21.22.pdf\" class=\"pdfemb-viewer\" style=\"\" data-width=\"max\" data-height=\"max\" data-toolbar=\"both\" data-toolbar-fixed=\"on\">planning-dexamen-M1.-21.22<\/a>\n<p class=\"wp-block-pdfemb-pdf-embedder-viewer\"><\/p>\n\n\n\n<p class=\"has-text-align-center has-background\" style=\"background-color:#42d100\"> <strong>Master II Semestre 3 ( Tous les Sp\u00e9cialit\u00e9s)<\/strong> <\/p>\n\n\n<a href=\"https:\/\/www.univ-mosta.dz\/fsnv\/wp-content\/uploads\/sites\/6\/2022\/12\/planning-dexamen-M2-.21.22.pdf\" class=\"pdfemb-viewer\" style=\"\" data-width=\"max\" data-height=\"max\" data-toolbar=\"both\" data-toolbar-fixed=\"on\">planning-dexamen-M2-.21.22<\/a>\n<p class=\"wp-block-pdfemb-pdf-embedder-viewer\"><\/p>\n","protected":false},"excerpt":{"rendered":"<p>Troisi\u00e8me ann\u00e9e Licence Semestre 5 (Tous les sp\u00e9cialit\u00e9s) planning-dexamen-licence-2021.2022 Master I Semestre 1 ( Tous les Sp\u00e9cialit\u00e9s) planning-dexamen-M1.-21.22 Master II Semestre 3 ( Tous les Sp\u00e9cialit\u00e9s) planning-dexamen-M2-.21.22<\/p>\n","protected":false},"author":9,"featured_media":0,"parent":0,"menu_order":0,"comment_status":"closed","ping_status":"closed","template":"","meta":{"_coblocks_attr":"","_coblocks_dimensions":"","_coblocks_responsive_height":"","_coblocks_accordion_ie_support":"","footnotes":""},"class_list":["post-3029","page","type-page","status-publish","hentry"],"_links":{"self":[{"href":"https:\/\/www.univ-mosta.dz\/fsnv\/wp-json\/wp\/v2\/pages\/3029","targetHints":{"allow":["GET"]}}],"collection":[{"href":"https:\/\/www.univ-mosta.dz\/fsnv\/wp-json\/wp\/v2\/pages"}],"about":[{"href":"https:\/\/www.univ-mosta.dz\/fsnv\/wp-json\/wp\/v2\/types\/page"}],"author":[{"embeddable":true,"href":"https:\/\/www.univ-mosta.dz\/fsnv\/wp-json\/wp\/v2\/users\/9"}],"replies":[{"embeddable":true,"href":"https:\/\/www.univ-mosta.dz\/fsnv\/wp-json\/wp\/v2\/comments?post=3029"}],"version-history":[{"count":5,"href":"https:\/\/www.univ-mosta.dz\/fsnv\/wp-json\/wp\/v2\/pages\/3029\/revisions"}],"predecessor-version":[{"id":4753,"href":"https:\/\/www.univ-mosta.dz\/fsnv\/wp-json\/wp\/v2\/pages\/3029\/revisions\/4753"}],"wp:attachment":[{"href":"https:\/\/www.univ-mosta.dz\/fsnv\/wp-json\/wp\/v2\/media?parent=3029"}],"curies":[{"name":"wp","href":"https:\/\/api.w.org\/{rel}","templated":true}]}}