{"id":750,"date":"2020-06-10T02:26:11","date_gmt":"2020-06-10T00:26:11","guid":{"rendered":"http:\/\/www.univ-mosta.dz\/fsei\/?page_id=750"},"modified":"2025-01-26T11:52:59","modified_gmt":"2025-01-26T10:52:59","slug":"decouvrir-mostaganem","status":"publish","type":"page","link":"https:\/\/www.univ-mosta.dz\/fsei\/decouvrir-mostaganem\/","title":{"rendered":"D\u00e9couvrir Mostaganem"},"content":{"rendered":"\n<figure class=\"wp-block-embed is-type-video is-provider-youtube wp-block-embed-youtube wp-embed-aspect-16-9 wp-has-aspect-ratio\"><div class=\"wp-block-embed__wrapper\">\n<iframe loading=\"lazy\" title=\"Mostaganem, la muse de la m\u00e9diterran\u00e9e\" width=\"500\" height=\"281\" src=\"https:\/\/www.youtube.com\/embed\/YmSbnFwXJhQ?feature=oembed\" frameborder=\"0\" allow=\"accelerometer; autoplay; clipboard-write; encrypted-media; gyroscope; picture-in-picture; web-share\" referrerpolicy=\"strict-origin-when-cross-origin\" allowfullscreen><\/iframe>\n<\/div><\/figure>\n\n\n<h2 class=\"section-heading sh-t6 sh-s4\"><span class=\"h-text\" style=\"color: #000000\">D\u00e9couvrir Mostaganem<\/span><\/h2>\n<p>Mostaganem est la 27\u00e8me wilaya dans l\u2019administration territoriale Alg\u00e9rienne.\u00a0Elle se trouve au Nord-Ouest de l\u2019Alg\u00e9rie sur la m\u00e9diterran\u00e9e (Afrique du Nord), \u00e0 350 Km \u00e0 l\u2019Ouest d\u2019Alger (La capitale) et \u00e0 80 Km \u00e0 l\u2019Est d\u2019Oran (2\u00e8me ville d\u2019Alg\u00e9rie).<\/p>\n<p>La wilaya de Mostaganem\u00a0compte plus de 800 000 habitants (statistiques de 2008) et se compose de 32 communes, r\u00e9parties sur 10 Dairas (sous-pr\u00e9fectures).<\/p>\n<h2 class=\"section-heading sh-t1 sh-s5\"><span class=\"h-text\" style=\"color: #000000\">G\u00e9ographie \u00e9conomique<\/span><\/h2>\n<div class=\"bs-text-content\">\n<p>La wilaya de Mostaganem se distingue par la richesse de ses terres agricoles et de son littoral qui lui conf\u00e8rent une vocation agricole et touristique r\u00e9elle.<\/p>\n<p>L\u2019\u00e9tude men\u00e9e par l\u2019Agence Nationale de l\u2019Am\u00e9nagement et l\u2019Attractivit\u00e9 des Territoires (ANAAT) a relev\u00e9 la diversit\u00e9\u00a0 de la wilaya de Mostaganem en termes de ressources territoriales, l\u2019importance de son front de mer, sa proximit\u00e9 d\u2019Oran et du p\u00f4le p\u00e9trochimique d\u2019Arzew.<\/p>\n<p>L\u2019\u00e9tude a consid\u00e9r\u00e9 Mostaganem comme \u00ab\u00a0le centre des enjeux de l\u2019am\u00e9nagement et du d\u00e9veloppement durable\u00a0\u00bb, notamment en mati\u00e8re de programmation territoriale du Nord-Ouest.<\/p>\n<\/div>","protected":false},"excerpt":{"rendered":"<p>D\u00e9couvrir Mostaganem Mostaganem est la 27\u00e8me wilaya dans l\u2019administration territoriale Alg\u00e9rienne.\u00a0Elle se trouve au Nord-Ouest de l\u2019Alg\u00e9rie sur la m\u00e9diterran\u00e9e (Afrique du Nord), \u00e0 350 Km \u00e0 l\u2019Ouest d\u2019Alger (La &hellip;<\/p>\n","protected":false},"author":16,"featured_media":0,"parent":0,"menu_order":0,"comment_status":"closed","ping_status":"closed","template":"","meta":{"_coblocks_attr":"","_coblocks_dimensions":"","_coblocks_responsive_height":"","_coblocks_accordion_ie_support":"","footnotes":""},"class_list":["post-750","page","type-page","status-publish","hentry"],"_links":{"self":[{"href":"https:\/\/www.univ-mosta.dz\/fsei\/wp-json\/wp\/v2\/pages\/750","targetHints":{"allow":["GET"]}}],"collection":[{"href":"https:\/\/www.univ-mosta.dz\/fsei\/wp-json\/wp\/v2\/pages"}],"about":[{"href":"https:\/\/www.univ-mosta.dz\/fsei\/wp-json\/wp\/v2\/types\/page"}],"author":[{"embeddable":true,"href":"https:\/\/www.univ-mosta.dz\/fsei\/wp-json\/wp\/v2\/users\/16"}],"replies":[{"embeddable":true,"href":"https:\/\/www.univ-mosta.dz\/fsei\/wp-json\/wp\/v2\/comments?post=750"}],"version-history":[{"count":5,"href":"https:\/\/www.univ-mosta.dz\/fsei\/wp-json\/wp\/v2\/pages\/750\/revisions"}],"predecessor-version":[{"id":4403,"href":"https:\/\/www.univ-mosta.dz\/fsei\/wp-json\/wp\/v2\/pages\/750\/revisions\/4403"}],"wp:attachment":[{"href":"https:\/\/www.univ-mosta.dz\/fsei\/wp-json\/wp\/v2\/media?parent=750"}],"curies":[{"name":"wp","href":"https:\/\/api.w.org\/{rel}","templated":true}]}}