{"id":566,"date":"2023-05-09T10:46:17","date_gmt":"2023-05-09T08:46:17","guid":{"rendered":"http:\/\/www.univ-mosta.dz\/fsei\/?page_id=566"},"modified":"2025-01-26T11:40:13","modified_gmt":"2025-01-26T10:40:13","slug":"mots-du-doyen","status":"publish","type":"page","link":"https:\/\/www.univ-mosta.dz\/fsei\/mots-du-doyen\/","title":{"rendered":"Le Doyen"},"content":{"rendered":"<div class=\"wp-block-image\">\n<figure class=\"aligncenter size-large is-resized\"><img loading=\"lazy\" decoding=\"async\" width=\"1024\" height=\"576\" src=\"http:\/\/www.univ-mosta.dz\/fsei\/wp-content\/uploads\/sites\/5\/2023\/09\/IMG_20230924_093809-edited-1024x576.jpg\" alt=\"\" class=\"wp-image-3277\" style=\"aspect-ratio:1.5188284518828452;width:671px;height:auto\" srcset=\"https:\/\/www.univ-mosta.dz\/fsei\/wp-content\/uploads\/sites\/5\/2023\/09\/IMG_20230924_093809-edited-1024x576.jpg 1024w, https:\/\/www.univ-mosta.dz\/fsei\/wp-content\/uploads\/sites\/5\/2023\/09\/IMG_20230924_093809-edited-300x169.jpg 300w, https:\/\/www.univ-mosta.dz\/fsei\/wp-content\/uploads\/sites\/5\/2023\/09\/IMG_20230924_093809-edited-768x432.jpg 768w, https:\/\/www.univ-mosta.dz\/fsei\/wp-content\/uploads\/sites\/5\/2023\/09\/IMG_20230924_093809-edited-1536x864.jpg 1536w, https:\/\/www.univ-mosta.dz\/fsei\/wp-content\/uploads\/sites\/5\/2023\/09\/IMG_20230924_093809-edited-2048x1152.jpg 2048w, https:\/\/www.univ-mosta.dz\/fsei\/wp-content\/uploads\/sites\/5\/2023\/09\/IMG_20230924_093809-edited-390x220.jpg 390w\" sizes=\"auto, (max-width: 1024px) 100vw, 1024px\" \/><\/figure>\n<\/div>\n\n<p>Le doyen de la facult\u00e9 des sciences exactes et de l\u2019informatique (FSEI), le professeur Abdessamad AMIR est ravi de vous accueillir sur le site web de la FSEI.<\/p>\n<p>Notre facult\u00e9 propose des programmes de formation de haute qualit\u00e9 en math\u00e9matiques, math\u00e9matiques appliqu\u00e9es, informatique, chimie et physique qui permettent \u00e0 nos \u00e9tudiants de d\u00e9velopper des comp\u00e9tences techniques avanc\u00e9es. Nous sommes \u00e9galement engag\u00e9s \u00e0 offrir \u00e0 nos \u00e9tudiants la possibilit\u00e9 de mieux s\u2019int\u00e9grer dans le domaine socioprofessionnel.<\/p>\n<p>Notre objectif est de travailler en \u00e9troite collaboration avec des partenaires industriels et socioprofessionnels pour offrir \u00e0 nos \u00e9tudiants des stages, des projets de recherche et des exp\u00e9riences pratiques qui les pr\u00e9parent \u00e0 r\u00e9ussir dans leurs carri\u00e8res.<\/p>\n<p>Notre facult\u00e9 jouit d\u2019une r\u00e9putation internationale pour son excellence acad\u00e9mique et ses programmes de formation de haut niveau. Nous avons un corps enseignant hautement qualifi\u00e9 et des chercheurs de renom qui publient dans des revues scientifiques de premier plan. Nos dipl\u00f4m\u00e9s ont un excellent taux de placement et occupent des postes prestigieux dans des entreprises nationales et internationales. Nous sommes fiers de notre contribution \u00e0 la soci\u00e9t\u00e9 en formant des professionnels hautement qualifi\u00e9s et comp\u00e9tents. Nous esp\u00e9rons que vous trouverez notre site informatif et utile.<\/p>\n<p><strong>Email :<\/strong> <strong>abdessamad.amir@univ-mosta.dz\u00a0<br \/>T\u00e9l : (+213) 45 366 472<\/strong><\/p>","protected":false},"excerpt":{"rendered":"<p>Le doyen de la facult\u00e9 des sciences exactes et de l\u2019informatique (FSEI), le professeur Abdessamad AMIR est ravi de vous accueillir sur le site web de la FSEI. Notre facult\u00e9 &hellip;<\/p>\n","protected":false},"author":16,"featured_media":0,"parent":0,"menu_order":0,"comment_status":"closed","ping_status":"closed","template":"","meta":{"_coblocks_attr":"","_coblocks_dimensions":"","_coblocks_responsive_height":"","_coblocks_accordion_ie_support":"","footnotes":""},"class_list":["post-566","page","type-page","status-publish","hentry"],"_links":{"self":[{"href":"https:\/\/www.univ-mosta.dz\/fsei\/wp-json\/wp\/v2\/pages\/566","targetHints":{"allow":["GET"]}}],"collection":[{"href":"https:\/\/www.univ-mosta.dz\/fsei\/wp-json\/wp\/v2\/pages"}],"about":[{"href":"https:\/\/www.univ-mosta.dz\/fsei\/wp-json\/wp\/v2\/types\/page"}],"author":[{"embeddable":true,"href":"https:\/\/www.univ-mosta.dz\/fsei\/wp-json\/wp\/v2\/users\/16"}],"replies":[{"embeddable":true,"href":"https:\/\/www.univ-mosta.dz\/fsei\/wp-json\/wp\/v2\/comments?post=566"}],"version-history":[{"count":11,"href":"https:\/\/www.univ-mosta.dz\/fsei\/wp-json\/wp\/v2\/pages\/566\/revisions"}],"predecessor-version":[{"id":4400,"href":"https:\/\/www.univ-mosta.dz\/fsei\/wp-json\/wp\/v2\/pages\/566\/revisions\/4400"}],"wp:attachment":[{"href":"https:\/\/www.univ-mosta.dz\/fsei\/wp-json\/wp\/v2\/media?parent=566"}],"curies":[{"name":"wp","href":"https:\/\/api.w.org\/{rel}","templated":true}]}}