{"id":468,"date":"2019-03-19T15:12:23","date_gmt":"2019-03-19T14:12:23","guid":{"rendered":"http:\/\/www.univ-mosta.dz\/fsei\/?page_id=468"},"modified":"2026-01-04T09:23:33","modified_gmt":"2026-01-04T08:23:33","slug":"presentation","status":"publish","type":"page","link":"https:\/\/www.univ-mosta.dz\/fsei\/presentation\/","title":{"rendered":"Universit\u00e9 Abdelhamid ibn Badis Mostaganem"},"content":{"rendered":"\n<figure class=\"wp-block-embed aligncenter is-type-video is-provider-youtube wp-block-embed-youtube wp-embed-aspect-16-9 wp-has-aspect-ratio\"><div class=\"wp-block-embed__wrapper\">\n<iframe loading=\"lazy\" title=\"Universit\u00e9 Abdelhamid Ibn Badis, Mostaganem - \u062c\u0627\u0645\u0639\u0629 \u0645\u0633\u062a\u063a\u0627\u0646\u0645 \u0639\u0628\u062f \u0627\u0644\u062d\u0645\u064a\u062f \u0628\u0646 \u0628\u0627\u062f\u064a\u0633\" width=\"500\" height=\"281\" src=\"https:\/\/www.youtube.com\/embed\/Kp87parYdsg?feature=oembed\" frameborder=\"0\" allow=\"accelerometer; autoplay; clipboard-write; encrypted-media; gyroscope; picture-in-picture; web-share\" referrerpolicy=\"strict-origin-when-cross-origin\" allowfullscreen><\/iframe>\n<\/div><\/figure>\n\n\n<blockquote>\n<p class=\"has-medium-font-size\">L\u2019Universit\u00e9 Abdelhamid Ibn Badis, Mostaganem (UMAB) est situ\u00e9e dans la ville de Mostaganem, au Nord-Ouest de l\u2019Alg\u00e9rie.<\/p>\n<p class=\"has-medium-font-size\">L\u2019histoire de l\u2019universit\u00e9 Abdelhamid Ibn Badis, Mostaganem se m\u00eale intimement \u00e0 celle de la r\u00e9gion de Dahra. Fond\u00e9 en 1978, cet \u00e9tablissement d\u2019enseignement sup\u00e9rieur, a longtemps form\u00e9 l\u2019\u00e9lite intellectuelle de la r\u00e9gion ouest, et son influence est toujours marquante.<\/p>\n<p class=\"has-medium-font-size\">En quarante ans d\u2019existence, l\u2019UMAB n\u2019a cess\u00e9 de relever les d\u00e9fis scientifiques et soci\u00e9taux. Une universit\u00e9 dont la situation g\u00e9ographique lui offre une position strat\u00e9gique. En effet, elle est \u00e0 mi-distance des wilayas d\u2019Oran, Relizane, Chlef et Mascara.<\/p>\n<p class=\"has-medium-font-size\">Baptis\u00e9e en universit\u00e9 Abdelhamid Ibn Badis lors de la visite du pr\u00e9sident de la r\u00e9publique en 1998 par\u00a0<a href=\"http:\/\/www.univ-mosta.dz\/wp-content\/uploads\/2018\/06\/decret-umab.pdf\" target=\"_blank\" rel=\"noreferrer noopener\">D\u00e9cret ex\u00e9cutif N\u00b0 98-220 du 07 Juillet 1998.<\/a><\/p>\n<p class=\"has-medium-font-size\">Auparavant, l\u2019enseignement sup\u00e9rieur s\u2019est implant\u00e9 \u00e0 Mostaganem d\u00e8s 1969, avec la cr\u00e9ation de l\u2019Institut de Technologie Agricole (I.T.A. de Mostaganem) qui formait des Ing\u00e9nieurs en agronomie appliqu\u00e9e, et l\u2019implantation en 1978 du Centre Universitaire de Mostaganem, qui a ouvert ses portes avec des formations sup\u00e9rieures en Biologie, en tronc commun de sciences m\u00e9dicales et en Chimie.Depuis 1998, l\u2019Universit\u00e9 de Mostaganem a connu un essor tr\u00e8s rapide de ses infrastructures et capacit\u00e9s, de ses personnels et de ses \u00e9tudiants. Les efforts d\u00e9ploy\u00e9s par ses responsables, ses cadres et ses enseignants ont permis \u00e0 l\u2019UMAB de traverser avec succ\u00e8s une s\u00e9rie d\u2019\u00e9tapes qualitatives qui ont fait de Mostaganem un v\u00e9ritable p\u00f4le universitaire rayonnant dans toute la r\u00e9gion Ouest du pays et bien au-del\u00e0.<\/p>\n<p class=\"has-medium-font-size\">L\u2019Universit\u00e9 de Mostaganem porte le nom de Abdelhamid Ibn Badis\u00a0 qui est une figure embl\u00e9matique du mouvement r\u00e9formiste musulman en Alg\u00e9rie. Il \u00e9tait enseignant, philosophe, visionnaire\u00a0 musulman, journaliste, et r\u00e9volutionnaire de la plume et du savoir.\u00a0 Une f\u00eate nationale \u2018YAWM EL ILM\u2019 o\u00f9 \u2018Journ\u00e9e du savoir est c\u00e9l\u00e9br\u00e9e en son honneur le 16 Avril de chaque ann\u00e9e.<\/p>\n<p class=\"has-medium-font-size\">L\u2019universit\u00e9 Abdelhamid Ibn Badis de Mostaganem est compos\u00e9e actuellement de 9 facult\u00e9s et d\u2019un institut :<\/p>\n<ul class=\"has-medium-font-size\">\n<li>La Facult\u00e9 des sciences sociales qui compte 2 d\u00e9partements (sciences humaines et sciences sociales) ;<\/li>\n<li>La Facult\u00e9 de litt\u00e9rature arabe et des arts avec 3 d\u00e9partements (\u00e9tudes litt\u00e9raires et critiques, \u00e9tudes linguistiques, arts visuels et arts de spectacles) ;<\/li>\n<li>La Facult\u00e9 des langues \u00e9trang\u00e8res qui compte trois d\u00e9partements (fran\u00e7ais, anglais, espagnol)<\/li>\n<li>La Facult\u00e9 des sciences \u00e9conomiques, commerciales et des sciences de gestion qui comprend 4 d\u00e9partements (sciences \u00e9conomiques, sciences commerciales, sciences de gestion, comptabilit\u00e9 et finances) ;<\/li>\n<li>La Facult\u00e9 de droit et des sciences politiques avec 3 d\u00e9partements (droit public, droit priv\u00e9, sciences politiques);<\/li>\n<li>La Facult\u00e9 de m\u00e9decine qui comprend un seul d\u00e9partement (m\u00e9decine) ;<\/li>\n<li>La Facult\u00e9 des sciences exactes informatique qui compte 2 d\u00e9partements (math\u00e9matiques et informatique, physique et chimie) ;<\/li>\n<li>La Facult\u00e9 des sciences de la nature et de la vie comprenant 3 d\u00e9partements (agronomie, biologie, halieutique) ;<\/li>\n<li>La Facult\u00e9 des sciences et de la technologie qui compte 4 d\u00e9partements (g\u00e9nie civil et architecture, g\u00e9nie des proc\u00e9d\u00e9s, g\u00e9nie m\u00e9canique, g\u00e9nie \u00e9lectrique) ;<\/li>\n<li>L\u2019institut d\u2019\u00e9ducation physique et sportive qui comprend 3 d\u00e9partements (\u00e9ducation physique et sportive, entrainement sportif et activit\u00e9s motrices adapt\u00e9es).<\/li>\n<\/ul>\n<\/blockquote>\n\n\n<h2 class=\"wp-block-heading\">Histoire de l&rsquo;universit\u00e9 de Mostaganem<\/h2>\n\n\n\n<blockquote>\n<p><em>Cr\u00e9\u00e9 en 1969,&nbsp; l\u2019Institut de Technologie Agricole (I.T.A. de Mostaganem), qui formait des Ing\u00e9nieurs en agronomie appliqu\u00e9e, se voit \u00e9rig\u00e9 en \u00e9tablissement d\u2019enseignement sup\u00e9rieur en 1978, date de la naissance du Centre Universitaire de Mostaganem, qui assurera d\u00e8s lors des formations sup\u00e9rieures en Biologie, en tronc commun de sciences m\u00e9dicales et en Chimie. En 1984, une nouvelle restructuration en ENS et INES est effectu\u00e9e (ENS\/Sciences Fondamentales, ENS\/Education Physique et Sportive, INES biologie et INES chimie industrielle). En 1992 le centre universitaire de Mostaganem est r\u00e9install\u00e9.<\/em><\/p>\n<\/blockquote>\n\n\n<div class=\"wp-block-image\">\n<figure class=\"aligncenter\"><img decoding=\"async\" src=\"https:\/\/www.univ-mosta.dz\/wp-content\/uploads\/2021\/10\/DSC_1547-1024x678.jpg\" alt=\"\" class=\"wp-image-14745\" \/><\/figure>\n<\/div>\n\n<div class=\"wp-block-image\">\n<figure class=\"aligncenter\"><img decoding=\"async\" src=\"https:\/\/www.univ-mosta.dz\/wp-content\/uploads\/2021\/10\/DSC_1482-1024x678.jpg\" alt=\"\" class=\"wp-image-14747\" \/><\/figure>\n<\/div>\n\n<div class=\"wp-block-image\">\n<figure class=\"aligncenter\"><img decoding=\"async\" src=\"https:\/\/www.univ-mosta.dz\/wp-content\/uploads\/2021\/10\/DSC_5797-1024x678.jpg\" alt=\"\" class=\"wp-image-14746\" \/><\/figure>\n<\/div>\n\n\n<p>L\u2019Universit\u00e9 de Mostaganem Abdelhamid Ibn Badis \u00ab&nbsp;UMAB&nbsp;\u00bb a \u00e9t\u00e9 cr\u00e9\u00e9e en 1998 par D\u00e9cret ex\u00e9cutif N\u00b0 98-220 du 07 Juillet 1998.<\/p>\n\n\n\n<p>Depuis cette date, l\u2019Universit\u00e9 de Mostaganem a connu un essor tr\u00e8s rapide par ses infrastructures et capacit\u00e9s d\u2019accueil, ainsi que par la croissance du nombre de ses personnels et de ses \u00e9tudiants. Les efforts d\u00e9ploy\u00e9s par ses responsables, ses cadres et ses enseignants ont permis \u00e0 l\u2019UMAB de traverser avec succ\u00e8s une s\u00e9rie d\u2019\u00e9tapes qualitatives qui ont fait de Mostaganem un v\u00e9ritable p\u00f4le universitaire rayonnant dans toute la r\u00e9gion Ouest du pays et bien au-del\u00e0. Son parcours se r\u00e9sume comme suit&nbsp;:<\/p>\n\n\n\n<ul class=\"wp-block-list\">\n<li><strong>1978<\/strong>&nbsp;:Cr\u00e9ation du Centre Universitaire de Mostaganem. D\u00e9cret n\u00b078-131 du 08 juin 1978 portant cr\u00e9ation du centre universitaire de Mostaganem.<\/li>\n\n\n\n<li><strong>1984<\/strong>&nbsp;: Organisation du Centre Universitaire de Mostaganem<\/li>\n<\/ul>\n\n\n\n<p>\u2013 \u00c9cole Normale Sup\u00e9rieure en sciences fondamentales<\/p>\n\n\n\n<p>\u2013 Institut National de l\u2019Enseignement Sup\u00e9rieur de Biologie<\/p>\n\n\n\n<p>\u2013 Institut National de l\u2019Enseignement Sup\u00e9rieur de Chimie<\/p>\n\n\n\n<p>\u2013 \u00c9cole Sup\u00e9rieure de l\u2019\u00c9ducation Physique et Sportive<\/p>\n\n\n\n<ul class=\"wp-block-list\">\n<li><strong>1992<\/strong>&nbsp;: Nouvelle organisation de l\u2019institution<\/li>\n<\/ul>\n\n\n\n<p>\u2013 Centre Universitaire<\/p>\n\n\n\n<p>\u2013 \u00c9cole Normale Sup\u00e9rieure en sciences fondamentales<\/p>\n\n\n\n<p>\u2013 \u00c9cole Normale Sup\u00e9rieure en \u00c9ducation Physique et Sportive<\/p>\n","protected":false},"excerpt":{"rendered":"<p>L\u2019Universit\u00e9 Abdelhamid Ibn Badis, Mostaganem (UMAB) est situ\u00e9e dans la ville de Mostaganem, au Nord-Ouest de l\u2019Alg\u00e9rie. L\u2019histoire de l\u2019universit\u00e9 Abdelhamid Ibn Badis, Mostaganem se m\u00eale intimement \u00e0 celle de &hellip;<\/p>\n","protected":false},"author":7,"featured_media":0,"parent":0,"menu_order":0,"comment_status":"closed","ping_status":"closed","template":"","meta":{"_coblocks_attr":"","_coblocks_dimensions":"","_coblocks_responsive_height":"","_coblocks_accordion_ie_support":"","footnotes":""},"class_list":["post-468","page","type-page","status-publish","hentry"],"_links":{"self":[{"href":"https:\/\/www.univ-mosta.dz\/fsei\/wp-json\/wp\/v2\/pages\/468","targetHints":{"allow":["GET"]}}],"collection":[{"href":"https:\/\/www.univ-mosta.dz\/fsei\/wp-json\/wp\/v2\/pages"}],"about":[{"href":"https:\/\/www.univ-mosta.dz\/fsei\/wp-json\/wp\/v2\/types\/page"}],"author":[{"embeddable":true,"href":"https:\/\/www.univ-mosta.dz\/fsei\/wp-json\/wp\/v2\/users\/7"}],"replies":[{"embeddable":true,"href":"https:\/\/www.univ-mosta.dz\/fsei\/wp-json\/wp\/v2\/comments?post=468"}],"version-history":[{"count":15,"href":"https:\/\/www.univ-mosta.dz\/fsei\/wp-json\/wp\/v2\/pages\/468\/revisions"}],"predecessor-version":[{"id":4883,"href":"https:\/\/www.univ-mosta.dz\/fsei\/wp-json\/wp\/v2\/pages\/468\/revisions\/4883"}],"wp:attachment":[{"href":"https:\/\/www.univ-mosta.dz\/fsei\/wp-json\/wp\/v2\/media?parent=468"}],"curies":[{"name":"wp","href":"https:\/\/api.w.org\/{rel}","templated":true}]}}