{"id":362,"date":"2018-12-07T20:50:36","date_gmt":"2018-12-07T19:50:36","guid":{"rendered":"http:\/\/www.univ-mosta.dz\/fsei\/?page_id=362"},"modified":"2018-12-07T20:50:36","modified_gmt":"2018-12-07T19:50:36","slug":"proe-partenaires-internationaux","status":"publish","type":"page","link":"https:\/\/www.univ-mosta.dz\/fsei\/proe-partenaires-internationaux\/","title":{"rendered":"Partenaires Internationaux"},"content":{"rendered":"<p><span style=\"font-size: 18pt\">Partenaires Internationaux :<\/span><\/p>\n<hr \/>\n<p>\u2022 Universit\u00e9 de G\u00eanes \u2013 Italie<br \/>\n\u2022 Universit\u00e9 de Sousse \u2013 Tunisie<br \/>\n\u2022 Universit\u00e9 de Gabes \u2013 Tunisie<br \/>\n\u2022 Universit\u00e9 Euro-m\u00e9diterran\u00e9enne de F\u00e8s \u2013 Maroc<br \/>\n\u2022 Universit\u00e9 Cadi Ayyad Marrakech \u2013 Maroc<br \/>\n\u2022 Institut d\u2019Agora de Management &amp; de D\u00e9veloppent \u2013 Espagne<br \/>\n\u2022 Universit\u00e9 des Sciences de la Vie de Varsovie \u2013 Pologne<br \/>\n\u2022 Universit\u00e9 de La Rochelle \u2013 France<br \/>\n\u2022 Technologies innovantes pour le contr\u00f4le environnemental et le d\u00e9veloppement durable -Italie<br \/>\n\u2022 Horizons Pour le D\u00e9veloppement Local Jendouba \u2013 Tunisie<br \/>\n\u2022 Centre De D\u00e9veloppement de la R\u00e9gion De Tensift \u2013 Maroc<\/p>\n<p>&nbsp;<\/p>\n<hr \/>\n<p style=\"text-align: right\"><span style=\"font-size: 10pt\">| <a href=\"https:\/\/www.univ-mosta.dz\/fsei\/le-projet-proemed\/\">Projet PROEMED<\/a> | <a href=\"http:\/\/www.univ-mosta.dz\/fsei\/proe-partenaires-nationaux\/\">Partenaires Nationaux<\/a> |<br \/>\n<\/span><\/p>\n","protected":false},"excerpt":{"rendered":"<p>Partenaires Internationaux : \u2022 Universit\u00e9 de G\u00eanes \u2013 Italie \u2022 Universit\u00e9 de Sousse \u2013 Tunisie \u2022 Universit\u00e9 de Gabes \u2013 Tunisie \u2022 Universit\u00e9 Euro-m\u00e9diterran\u00e9enne de F\u00e8s \u2013 Maroc \u2022 Universit\u00e9 &hellip;<\/p>\n","protected":false},"author":7,"featured_media":0,"parent":0,"menu_order":0,"comment_status":"closed","ping_status":"closed","template":"","meta":{"_coblocks_attr":"","_coblocks_dimensions":"","_coblocks_responsive_height":"","_coblocks_accordion_ie_support":"","footnotes":""},"class_list":["post-362","page","type-page","status-publish","hentry"],"_links":{"self":[{"href":"https:\/\/www.univ-mosta.dz\/fsei\/wp-json\/wp\/v2\/pages\/362","targetHints":{"allow":["GET"]}}],"collection":[{"href":"https:\/\/www.univ-mosta.dz\/fsei\/wp-json\/wp\/v2\/pages"}],"about":[{"href":"https:\/\/www.univ-mosta.dz\/fsei\/wp-json\/wp\/v2\/types\/page"}],"author":[{"embeddable":true,"href":"https:\/\/www.univ-mosta.dz\/fsei\/wp-json\/wp\/v2\/users\/7"}],"replies":[{"embeddable":true,"href":"https:\/\/www.univ-mosta.dz\/fsei\/wp-json\/wp\/v2\/comments?post=362"}],"version-history":[{"count":1,"href":"https:\/\/www.univ-mosta.dz\/fsei\/wp-json\/wp\/v2\/pages\/362\/revisions"}],"predecessor-version":[{"id":364,"href":"https:\/\/www.univ-mosta.dz\/fsei\/wp-json\/wp\/v2\/pages\/362\/revisions\/364"}],"wp:attachment":[{"href":"https:\/\/www.univ-mosta.dz\/fsei\/wp-json\/wp\/v2\/media?parent=362"}],"curies":[{"name":"wp","href":"https:\/\/api.w.org\/{rel}","templated":true}]}}