{"id":238,"date":"2018-12-04T10:23:43","date_gmt":"2018-12-04T09:23:43","guid":{"rendered":"http:\/\/www.univ-mosta.dz\/fsei\/?page_id=238"},"modified":"2018-12-04T10:31:27","modified_gmt":"2018-12-04T09:31:27","slug":"etps1","status":"publish","type":"page","link":"https:\/\/www.univ-mosta.dz\/fsei\/etps1\/","title":{"rendered":"Emploi du Temps du Semestre 1"},"content":{"rendered":"<p style=\"text-align: right\"><span style=\"font-size: 10pt\">| <a href=\"https:\/\/www.univ-mosta.dz\/fsei\/proemedmaster\/\">PROEMED MASTER<\/a> | <a href=\"https:\/\/www.univ-mosta.dz\/fsei\/prog-proemed\">PROGRAMME<\/a> |<\/span><\/p>\n<p><strong><span style=\"font-size: 18pt\">Emploi du Temps du Semestre 1<\/span> <\/strong><br \/>\n<span style=\"font-size: 14pt\">Premi\u00e8re Ann\u00e9e Master &#8211; <\/span>Efficacit\u00e9 Energ\u00e9tique des B\u00e2timents<\/p>\n<hr \/>\n<p><img loading=\"lazy\" decoding=\"async\" class=\"alignnone size-full wp-image-241\" src=\"http:\/\/www.univ-mosta.dz\/fsei\/wp-content\/uploads\/sites\/5\/2018\/12\/EmpT.png\" alt=\"\" width=\"684\" height=\"347\" srcset=\"https:\/\/www.univ-mosta.dz\/fsei\/wp-content\/uploads\/sites\/5\/2018\/12\/EmpT.png 684w, https:\/\/www.univ-mosta.dz\/fsei\/wp-content\/uploads\/sites\/5\/2018\/12\/EmpT-300x152.png 300w\" sizes=\"auto, (max-width: 684px) 100vw, 684px\" \/><\/p>\n","protected":false},"excerpt":{"rendered":"<p>| PROEMED MASTER | PROGRAMME | Emploi du Temps du Semestre 1 Premi\u00e8re Ann\u00e9e Master &#8211; Efficacit\u00e9 Energ\u00e9tique des B\u00e2timents<\/p>\n","protected":false},"author":7,"featured_media":0,"parent":0,"menu_order":0,"comment_status":"closed","ping_status":"closed","template":"","meta":{"_coblocks_attr":"","_coblocks_dimensions":"","_coblocks_responsive_height":"","_coblocks_accordion_ie_support":"","footnotes":""},"class_list":["post-238","page","type-page","status-publish","hentry"],"_links":{"self":[{"href":"https:\/\/www.univ-mosta.dz\/fsei\/wp-json\/wp\/v2\/pages\/238","targetHints":{"allow":["GET"]}}],"collection":[{"href":"https:\/\/www.univ-mosta.dz\/fsei\/wp-json\/wp\/v2\/pages"}],"about":[{"href":"https:\/\/www.univ-mosta.dz\/fsei\/wp-json\/wp\/v2\/types\/page"}],"author":[{"embeddable":true,"href":"https:\/\/www.univ-mosta.dz\/fsei\/wp-json\/wp\/v2\/users\/7"}],"replies":[{"embeddable":true,"href":"https:\/\/www.univ-mosta.dz\/fsei\/wp-json\/wp\/v2\/comments?post=238"}],"version-history":[{"count":4,"href":"https:\/\/www.univ-mosta.dz\/fsei\/wp-json\/wp\/v2\/pages\/238\/revisions"}],"predecessor-version":[{"id":249,"href":"https:\/\/www.univ-mosta.dz\/fsei\/wp-json\/wp\/v2\/pages\/238\/revisions\/249"}],"wp:attachment":[{"href":"https:\/\/www.univ-mosta.dz\/fsei\/wp-json\/wp\/v2\/media?parent=238"}],"curies":[{"name":"wp","href":"https:\/\/api.w.org\/{rel}","templated":true}]}}