{"id":1784,"date":"2021-12-30T10:45:02","date_gmt":"2021-12-30T09:45:02","guid":{"rendered":"https:\/\/www.univ-mosta.dz\/fsei\/?page_id=1784"},"modified":"2022-01-02T00:39:09","modified_gmt":"2022-01-01T23:39:09","slug":"csd-mi","status":"publish","type":"page","link":"https:\/\/www.univ-mosta.dz\/fsei\/csd-mi\/","title":{"rendered":"CSD MI"},"content":{"rendered":"\n<div class=\"wp-block-uagb-advanced-heading uagb-block-26758382\"><h2 class=\"uagb-heading-text\"><br>Proc\u00e8s-Verbaux des r\u00e9unions du comit\u00e9 Scientifique -D\u00e9partement de Math\u00e9matiques et informatique<\/h2><div class=\"uagb-separator-wrap\"><div class=\"uagb-separator\"><\/div><\/div><p class=\"uagb-desc-text\"><\/p><\/div>\n\n\n<!-- PDF Embedder: Please provide an \"URL\" attribute in your shortcode. -->","protected":false},"excerpt":{"rendered":"<p>Proc\u00e8s-Verbaux des r\u00e9unions du comit\u00e9 Scientifique -D\u00e9partement de Math\u00e9matiques et informatique<\/p>\n","protected":false},"author":16,"featured_media":0,"parent":0,"menu_order":0,"comment_status":"closed","ping_status":"closed","template":"","meta":{"_coblocks_attr":"","_coblocks_dimensions":"","_coblocks_responsive_height":"","_coblocks_accordion_ie_support":"","footnotes":""},"class_list":["post-1784","page","type-page","status-publish","hentry"],"_links":{"self":[{"href":"https:\/\/www.univ-mosta.dz\/fsei\/wp-json\/wp\/v2\/pages\/1784","targetHints":{"allow":["GET"]}}],"collection":[{"href":"https:\/\/www.univ-mosta.dz\/fsei\/wp-json\/wp\/v2\/pages"}],"about":[{"href":"https:\/\/www.univ-mosta.dz\/fsei\/wp-json\/wp\/v2\/types\/page"}],"author":[{"embeddable":true,"href":"https:\/\/www.univ-mosta.dz\/fsei\/wp-json\/wp\/v2\/users\/16"}],"replies":[{"embeddable":true,"href":"https:\/\/www.univ-mosta.dz\/fsei\/wp-json\/wp\/v2\/comments?post=1784"}],"version-history":[{"count":2,"href":"https:\/\/www.univ-mosta.dz\/fsei\/wp-json\/wp\/v2\/pages\/1784\/revisions"}],"predecessor-version":[{"id":1800,"href":"https:\/\/www.univ-mosta.dz\/fsei\/wp-json\/wp\/v2\/pages\/1784\/revisions\/1800"}],"wp:attachment":[{"href":"https:\/\/www.univ-mosta.dz\/fsei\/wp-json\/wp\/v2\/media?parent=1784"}],"curies":[{"name":"wp","href":"https:\/\/api.w.org\/{rel}","templated":true}]}}