{"id":154,"date":"2018-12-02T14:43:03","date_gmt":"2018-12-02T13:43:03","guid":{"rendered":"http:\/\/www.univ-mosta.dz\/fsei\/?page_id=154"},"modified":"2018-12-04T10:34:48","modified_gmt":"2018-12-04T09:34:48","slug":"prog-proemed","status":"publish","type":"page","link":"https:\/\/www.univ-mosta.dz\/fsei\/prog-proemed\/","title":{"rendered":"Prog-Proemed"},"content":{"rendered":"<hr \/>\n<p style=\"text-align: right\"><span style=\"font-size: 10pt\">| <a href=\"https:\/\/www.univ-mosta.dz\/fsei\/proemedmaster\/\">PROEMED MASTER<\/a> | PROGRAMME | <a href=\"http:\/\/www.univ-mosta.dz\/fsei\/wp-content\/uploads\/sites\/5\/2018\/11\/Etudiants.pdf\">EFFECTIFS<\/a> | <a href=\"http:\/\/www.univ-mosta.dz\/fsei\/wp-content\/uploads\/sites\/5\/2018\/11\/Emploi-du-Temps.pdf\">EMPLOI DU TEMPS<\/a> |<\/span><\/p>\n<p><strong><span style=\"font-size: 24pt\">PROGRAMME<\/span><\/strong><\/p>\n<p><span style=\"font-size: 18pt\"><strong>Organisation Semestrielle des Enseignements<\/strong> <\/span><\/p>\n<p>&nbsp;<\/p>\n<p style=\"text-align: left\"><span style=\"font-size: 14pt\"><strong>SEMESTRE 1<br \/>\n<\/strong><\/span><\/p>\n<hr \/>\n<p style=\"text-align: right\"><span style=\"font-size: 14pt\"><strong><img loading=\"lazy\" decoding=\"async\" class=\"alignnone size-full wp-image-156\" src=\"http:\/\/www.univ-mosta.dz\/fsei\/wp-content\/uploads\/sites\/5\/2018\/12\/s1.jpg\" alt=\"\" width=\"3076\" height=\"1432\" srcset=\"https:\/\/www.univ-mosta.dz\/fsei\/wp-content\/uploads\/sites\/5\/2018\/12\/s1.jpg 3076w, https:\/\/www.univ-mosta.dz\/fsei\/wp-content\/uploads\/sites\/5\/2018\/12\/s1-300x140.jpg 300w, https:\/\/www.univ-mosta.dz\/fsei\/wp-content\/uploads\/sites\/5\/2018\/12\/s1-768x358.jpg 768w, https:\/\/www.univ-mosta.dz\/fsei\/wp-content\/uploads\/sites\/5\/2018\/12\/s1-1024x477.jpg 1024w\" sizes=\"auto, (max-width: 3076px) 100vw, 3076px\" \/><\/strong><\/span><span style=\"font-size: 14pt\"><strong><a href=\"https:\/\/www.univ-mosta.dz\/fsei\/pro-s1\/\"><span style=\"font-size: 12pt\"><span style=\"font-size: 10pt\">Fiche d\u00e9taill\u00e9e par mati\u00e8re<\/span><\/span><\/a><\/strong><\/span><\/p>\n<p><span style=\"font-size: 14pt\"><strong>SEMESTRE<\/strong> <strong>2<br \/>\n<\/strong><\/span><\/p>\n<hr \/>\n<p style=\"text-align: right\"><img loading=\"lazy\" decoding=\"async\" class=\"alignnone size-full wp-image-157\" src=\"http:\/\/www.univ-mosta.dz\/fsei\/wp-content\/uploads\/sites\/5\/2018\/12\/s2.jpg\" alt=\"\" width=\"3074\" height=\"1386\" srcset=\"https:\/\/www.univ-mosta.dz\/fsei\/wp-content\/uploads\/sites\/5\/2018\/12\/s2.jpg 3074w, https:\/\/www.univ-mosta.dz\/fsei\/wp-content\/uploads\/sites\/5\/2018\/12\/s2-300x135.jpg 300w, https:\/\/www.univ-mosta.dz\/fsei\/wp-content\/uploads\/sites\/5\/2018\/12\/s2-768x346.jpg 768w, https:\/\/www.univ-mosta.dz\/fsei\/wp-content\/uploads\/sites\/5\/2018\/12\/s2-1024x462.jpg 1024w\" sizes=\"auto, (max-width: 3074px) 100vw, 3074px\" \/><span style=\"font-size: 14pt\"><strong><span style=\"font-size: 10pt\"><a href=\"https:\/\/www.univ-mosta.dz\/fsei\/pro-s2\/\">Fiche d\u00e9taill\u00e9e par mati\u00e8re<\/a><\/span><\/strong><\/span><\/p>\n<p><span style=\"font-size: 14pt\"><strong>SEMESTRE<\/strong> <strong>3<br \/>\n<\/strong><\/span><\/p>\n<hr \/>\n<p style=\"text-align: right\"><img loading=\"lazy\" decoding=\"async\" class=\"alignnone size-full wp-image-158\" src=\"http:\/\/www.univ-mosta.dz\/fsei\/wp-content\/uploads\/sites\/5\/2018\/12\/s3.jpg\" alt=\"\" width=\"3074\" height=\"1364\" srcset=\"https:\/\/www.univ-mosta.dz\/fsei\/wp-content\/uploads\/sites\/5\/2018\/12\/s3.jpg 3074w, https:\/\/www.univ-mosta.dz\/fsei\/wp-content\/uploads\/sites\/5\/2018\/12\/s3-300x133.jpg 300w, https:\/\/www.univ-mosta.dz\/fsei\/wp-content\/uploads\/sites\/5\/2018\/12\/s3-768x341.jpg 768w, https:\/\/www.univ-mosta.dz\/fsei\/wp-content\/uploads\/sites\/5\/2018\/12\/s3-1024x454.jpg 1024w\" sizes=\"auto, (max-width: 3074px) 100vw, 3074px\" \/><span style=\"font-size: 14pt\"><strong><span style=\"font-size: 10pt\"><a href=\"https:\/\/www.univ-mosta.dz\/fsei\/pro-s3\/\">Fiche d\u00e9taill\u00e9e par mati\u00e8re<\/a><\/span><\/strong><\/span><\/p>\n<p>Pour plus de d\u00e9tails voir <a href=\"http:\/\/www.univ-mosta.dz\/fsei\/wp-content\/uploads\/sites\/5\/2018\/12\/Pr\u00e9sentation_formation_Efficacit\u00e9_Energ\u00e9tiques_B\u00e2timents.pdf\" target=\"_blank\" rel=\"noopener\">Pr\u00e9sentation de la Formation<\/a><\/p>\n<p>&nbsp;<\/p>\n<hr \/>\n<p style=\"text-align: right\"><span style=\"font-size: 10pt\">| <a href=\"https:\/\/www.univ-mosta.dz\/fsei\/proemedmaster\/\">PROEMED MASTER<\/a> | PROGRAMME | <a href=\"http:\/\/www.univ-mosta.dz\/fsei\/wp-content\/uploads\/sites\/5\/2018\/11\/Etudiants.pdf\">EFFECTIFS<\/a> | <a href=\"http:\/\/www.univ-mosta.dz\/fsei\/wp-content\/uploads\/sites\/5\/2018\/11\/Emploi-du-Temps.pdf\">EMPLOI DU TEMPS<\/a> |<\/span><\/p>\n","protected":false},"excerpt":{"rendered":"<p>| PROEMED MASTER | PROGRAMME | EFFECTIFS | EMPLOI DU TEMPS | PROGRAMME Organisation Semestrielle des Enseignements &nbsp; SEMESTRE 1 Fiche d\u00e9taill\u00e9e par mati\u00e8re SEMESTRE 2 Fiche d\u00e9taill\u00e9e par mati\u00e8re &hellip;<\/p>\n","protected":false},"author":7,"featured_media":0,"parent":0,"menu_order":0,"comment_status":"closed","ping_status":"closed","template":"","meta":{"_coblocks_attr":"","_coblocks_dimensions":"","_coblocks_responsive_height":"","_coblocks_accordion_ie_support":"","footnotes":""},"class_list":["post-154","page","type-page","status-publish","hentry"],"_links":{"self":[{"href":"https:\/\/www.univ-mosta.dz\/fsei\/wp-json\/wp\/v2\/pages\/154","targetHints":{"allow":["GET"]}}],"collection":[{"href":"https:\/\/www.univ-mosta.dz\/fsei\/wp-json\/wp\/v2\/pages"}],"about":[{"href":"https:\/\/www.univ-mosta.dz\/fsei\/wp-json\/wp\/v2\/types\/page"}],"author":[{"embeddable":true,"href":"https:\/\/www.univ-mosta.dz\/fsei\/wp-json\/wp\/v2\/users\/7"}],"replies":[{"embeddable":true,"href":"https:\/\/www.univ-mosta.dz\/fsei\/wp-json\/wp\/v2\/comments?post=154"}],"version-history":[{"count":12,"href":"https:\/\/www.univ-mosta.dz\/fsei\/wp-json\/wp\/v2\/pages\/154\/revisions"}],"predecessor-version":[{"id":251,"href":"https:\/\/www.univ-mosta.dz\/fsei\/wp-json\/wp\/v2\/pages\/154\/revisions\/251"}],"wp:attachment":[{"href":"https:\/\/www.univ-mosta.dz\/fsei\/wp-json\/wp\/v2\/media?parent=154"}],"curies":[{"name":"wp","href":"https:\/\/api.w.org\/{rel}","templated":true}]}}