{"id":4875,"date":"2022-05-25T11:05:11","date_gmt":"2022-05-25T09:05:11","guid":{"rendered":"https:\/\/www.univ-mosta.dz\/fsecsg\/?page_id=4875"},"modified":"2026-04-16T12:24:22","modified_gmt":"2026-04-16T10:24:22","slug":"%d9%83%d8%aa%d8%a8-%d8%a8%d9%8a%d8%af%d8%a7%d8%ba%d9%88%d8%ac%d9%8a%d8%a9-%d9%88-%d8%b9%d9%84%d9%85%d9%8a%d8%a9","status":"publish","type":"page","link":"https:\/\/www.univ-mosta.dz\/fsecsg\/%d9%83%d8%aa%d8%a8-%d8%a8%d9%8a%d8%af%d8%a7%d8%ba%d9%88%d8%ac%d9%8a%d8%a9-%d9%88-%d8%b9%d9%84%d9%85%d9%8a%d8%a9\/","title":{"rendered":"\u0643\u062a\u0628 \u0628\u064a\u062f\u0627\u063a\u0648\u062c\u064a\u0629 \u0648 \u0639\u0644\u0645\u064a\u0629"},"content":{"rendered":"\n<div class=\"wp-block-group\"><div class=\"wp-block-group__inner-container is-layout-constrained wp-block-group-is-layout-constrained\">\n<div class=\"wp-block-columns is-layout-flex wp-container-core-columns-is-layout-9d6595d7 wp-block-columns-is-layout-flex\">\n<div class=\"wp-block-column is-layout-flow wp-block-column-is-layout-flow\" style=\"flex-basis:100%\">\n<figure class=\"wp-block-table is-style-stripes has-medium-font-size\"><table class=\"has-vivid-cyan-blue-color has-text-color has-background\" style=\"background-color:#d8f4e9\"><tbody><tr><td class=\"has-text-align-center\" data-align=\"center\">\u0627\u0644\u0631\u0642\u0645 <\/td><td class=\"has-text-align-center\" data-align=\"center\">\u0639\u0646\u0648\u0627\u0646 \u0627\u0644\u0643\u062a\u0627\u0628 <\/td><td class=\"has-text-align-center\" data-align=\"center\">\u0645\u0646 \u0627\u0639\u062f\u0627\u062f <\/td><td class=\"has-text-align-center\" data-align=\"center\">\u062a\u062d\u0645\u064a\u0644 <\/td><\/tr><tr><td class=\"has-text-align-center\" data-align=\"center\">01 <\/td><td class=\"has-text-align-center\" data-align=\"center\"><strong>Manuel de micro-\u00e9conomie (consommateur et producteur)<br>r\u00e9sum\u00e9s de cours et exercices avec solutions compl\u00e8tes <\/strong> <\/td><td class=\"has-text-align-center\" data-align=\"center\">  \u0627\u0644\u062f\u0643\u062a\u0648\u0631 \u064a\u0648\u0633\u0641 \u0628\u0646 \u062d\u0645\u0648\u062f\u0629  <\/td><td class=\"has-text-align-center\" data-align=\"center\"><a href=\"http:\/\/www.univ-mosta.dz\/fsecsg\/wp-content\/uploads\/sites\/9\/2022\/05\/Ouvrage-pedagogique-Manuel-de-microeconomie-consommateur-et-producteur.pdf\"><img loading=\"lazy\" decoding=\"async\" width=\"275\" height=\"100\" src=\"http:\/\/www.univ-mosta.dz\/fsecsg\/wp-content\/uploads\/sites\/9\/2020\/11\/Click-Download-09-03-2016.png\" alt=\"\"><\/a><\/td><\/tr><tr><td class=\"has-text-align-center\" data-align=\"center\">02<\/td><td class=\"has-text-align-center\" data-align=\"center\"> <strong>\u0643\u062a\u0627\u0628 \u0623\u0639\u0645\u0627\u0644  \u0627\u0644\u0645\u0644\u062a\u0642\u0649 \u0627\u0644\u0648\u0637\u0646\u064a \u0627\u0644\u0623\u0648\u0644 \u062d\u0648\u0644: \u0627\u0644\u062a\u0637\u0628\u064a\u0642\u0627\u062a \u0627\u0644\u062c\u062f\u064a\u062f\u0629 \u0644\u0644\u0627\u0642\u062a\u0635\u0627\u062f<\/strong><\/td><td class=\"has-text-align-center\" data-align=\"center\">  \u0627\u0644\u062f\u0643\u062a\u0648\u0631 \u064a\u0648\u0633\u0641 \u0628\u0646 \u062d\u0645\u0648\u062f\u0629  <\/td><td class=\"has-text-align-center\" data-align=\"center\"><a href=\"http:\/\/www.univ-mosta.dz\/fsecsg\/wp-content\/uploads\/sites\/9\/2022\/05\/\u0643\u062a\u0627\u0628-\u0623\u0639\u0645\u0627\u0644-\u0645\u0644\u062a\u0642\u0649-\u0627\u0644\u062a\u0637\u0628\u064a\u0642\u0627\u062a-\u0627\u0644\u062c\u062f\u064a\u062f\u0629-\u0644\u0644\u0625\u0642\u062a\u0635\u0627\u062f.pdf\" target=\"_blank\" rel=\"noreferrer noopener\"><img loading=\"lazy\" decoding=\"async\" width=\"275\" height=\"100\" src=\"http:\/\/www.univ-mosta.dz\/fsecsg\/wp-content\/uploads\/sites\/9\/2020\/11\/Click-Download-09-03-2016.png\" alt=\"\"><\/a><\/td><\/tr><tr><td class=\"has-text-align-center\" data-align=\"center\">03<\/td><td class=\"has-text-align-center\" data-align=\"center\"><strong>\u062a\u0633\u064a\u064a\u0631 \u0627\u0644\u0639\u0644\u0627\u0642\u0627\u062a \u0645\u0639 \u0627\u0644\u0632\u0628\u0627\u0626\u0646 <\/strong><br><strong>-\u0645\u062f\u062e\u0644 \u0645\u062a\u0643\u0627\u0645\u0644-<br>CRM: Customer Relationship Mangement <\/strong><\/td><td class=\"has-text-align-center\" data-align=\"center\">\u062f \u064a\u0648\u0633\u0641 \u0628\u0634\u0646\u064a <br>\u062f \u0628\u0646 \u0634\u0646\u064a \u0639\u0628\u062f \u0627\u0644\u0642\u0627\u062f\u0631<br>\u062f \u0628\u0633\u062f\u0627\u062a \u0643\u0631\u064a\u0645\u0629 <\/td><td class=\"has-text-align-center\" data-align=\"center\"><a href=\"http:\/\/www.univ-mosta.dz\/fsecsg\/wp-content\/uploads\/sites\/9\/2022\/06\/\u0625\u062f\u0627\u0631\u0629-\u0627\u0644\u0639\u0644\u0627\u0642\u0627\u062a-\u0645\u0639-\u0627\u0644\u0632\u0628\u0627\u0626\u0646-\u0628\u0646-\u0634\u0646\u064a-\u064a\u0648\u0633\u0641.pdf\"><img loading=\"lazy\" decoding=\"async\" width=\"275\" height=\"100\" src=\"http:\/\/www.univ-mosta.dz\/fsecsg\/wp-content\/uploads\/sites\/9\/2020\/11\/Click-Download-09-03-2016.png\" alt=\"\"><\/a><\/td><\/tr><tr><td class=\"has-text-align-center\" data-align=\"center\">04<\/td><td class=\"has-text-align-center\" data-align=\"center\"><strong>\u0623\u0633\u0627\u0633\u064a\u0627\u062a \u0627\u0644\u062a\u0633\u0648\u064a\u0642 \u0627\u0644\u0641\u0646\u062f\u0642\u064a<\/strong> <\/td><td class=\"has-text-align-center\" data-align=\"center\">\u062f \u064a\u0648\u0633\u0641 \u0628\u0634\u0646\u064a <br>\u062f \u0628\u0646 \u0634\u0646\u064a \u0639\u0628\u062f \u0627\u0644\u0642\u0627\u062f\u0631<br>\u062f \u0628\u0633\u062f\u0627\u062a \u0643\u0631\u064a\u0645\u0629 <\/td><td class=\"has-text-align-center\" data-align=\"center\"><a href=\"http:\/\/www.univ-mosta.dz\/fsecsg\/wp-content\/uploads\/sites\/9\/2022\/06\/\u0623\u0633\u0627\u0633\u064a\u0627\u062a-\u0627\u0644\u062a\u0633\u0648\u064a\u0642-\u0627\u0644\u0641\u0646\u062f\u0642\u064a-\u0628\u0646-\u0634\u0646\u064a-\u064a\u0648\u0633\u0641.pdf\"><img loading=\"lazy\" decoding=\"async\" width=\"275\" height=\"100\" src=\"http:\/\/www.univ-mosta.dz\/fsecsg\/wp-content\/uploads\/sites\/9\/2020\/11\/Click-Download-09-03-2016.png\" alt=\"\"><\/a><\/td><\/tr><tr><td class=\"has-text-align-center\" data-align=\"center\">05<\/td><td class=\"has-text-align-center\" data-align=\"center\"> <strong>\u0643\u062a\u0627\u0628 \u0627\u0644\u0645\u0644\u062a\u0642\u0649 \u0627\u0644\u0639\u0644\u0645\u064a \u0627\u0644\u062f\u0648\u0644\u064a \u0627\u0644\u0623\u0648\u0644 \u062d\u0648\u0644 \u00ab\u00a0\u0627\u0644\u0628\u0631\u0627\u0645\u062c&nbsp;\u0627\u0644\u062a\u0646\u0645\u0648\u064a\u0629 \u0628\u064a\u0646 \u0627\u0644\u0648\u0627\u0642\u0639 \u0648\u062a\u062d\u062f\u064a\u0627\u062a \u0627\u0644\u0627\u0646\u062a\u0642\u0627\u0644 \u0627\u0644\u0637\u0627\u0642\u0648\u064a \u0628\u0627\u0644\u062c\u0632\u0627\u0626\u0631\u00a0\u00bb\u060c&nbsp; \u0645\u0633\u062a\u063a\u0627\u0646\u0645\u060c \u064a\u0648\u0645\u064a&nbsp;19&nbsp;\u064820&nbsp;\u0641\u064a\u0641\u0631\u064a&nbsp;2020<\/strong><\/td><td class=\"has-text-align-center\" data-align=\"center\"><strong>\u0631\u0626\u064a\u0633&nbsp; \u0627\u0644\u0645\u0644\u062a\u0642\u0649:&nbsp;\u0627\u0644\u062f\u0643\u062a\u0648\u0631 \u0645\u0635\u0637\u0641\u0649 \u0628\u0646 \u0639\u0627\u0645\u0631<\/strong><\/td><td class=\"has-text-align-center\" data-align=\"center\"><a href=\"http:\/\/www.univ-mosta.dz\/fsecsg\/wp-content\/uploads\/sites\/9\/2023\/01\/\u0627\u0644\u0643\u062a\u0627\u0628-\u0627\u0644\u0623\u0648\u0644-\u0643\u0627\u0645\u0644\u0627-\u0628\u0627\u0644\u0648\u0627\u062c\u0647\u0629.pdf\" target=\"_blank\" rel=\"noreferrer noopener\"><img loading=\"lazy\" decoding=\"async\" width=\"275\" height=\"100\" src=\"http:\/\/www.univ-mosta.dz\/fsecsg\/wp-content\/uploads\/sites\/9\/2020\/11\/Click-Download-09-03-2016.png\" alt=\"\"><\/a><\/td><\/tr><tr><td class=\"has-text-align-center\" data-align=\"center\">06<\/td><td class=\"has-text-align-center\" data-align=\"center\"><strong>\u0645\u062a\u0637\u0644\u0628\u0627\u062a \u0625\u0631\u0633\u0627\u0621 \u0634\u0631\u0627\u0643\u0629 \u0630\u0627\u062a \u062c\u062f\u0648\u0649 \u0628\u064a\u0646 \u0645\u0624\u0633\u0633\u0627\u062a \u0627\u0644\u062a\u0639\u0644\u064a\u0645 \u0627\u0644\u0639\u0627\u0644\u064a<br>\u0648\u0645\u062d\u064a\u0637\u0647\u0627 \u0627\u0644\u0627\u0642\u062a\u0635\u0627\u062f\u064a \u0648\u0627\u0644\u0627\u062c\u062a\u0645\u0627\u0639\u064a <\/strong><\/td><td class=\"has-text-align-center\" data-align=\"center\"><strong>\u0627\u0644\u0645\u0624\u0644\u0641<\/strong>: \u0645\u062c\u0645\u0648\u0639\u0629 \u0645\u0646 \u0627\u0644\u0628\u0627\u062d\u062b\u064a\u0646<br><strong>\u062a\u0646\u0633\u064a\u0642<\/strong>: \u062f.\u0633\u064a\u062f\u0627\u062d\u0645\u062f \u0643\u0628\u062f\u0627\u0646\u064a<\/td><td class=\"has-text-align-center\" data-align=\"center\"><a href=\"http:\/\/www.univ-mosta.dz\/fsecsg\/wp-content\/uploads\/sites\/9\/2022\/09\/\u0645\u062a\u0637\u0644\u0628\u0627\u062a-\u0625\u0631\u0633\u0627\u0621-\u0634\u0631\u0627\u0643\u0629.pdf\" target=\"_blank\" rel=\"noreferrer noopener\"><img loading=\"lazy\" decoding=\"async\" width=\"275\" height=\"100\" src=\"http:\/\/www.univ-mosta.dz\/fsecsg\/wp-content\/uploads\/sites\/9\/2020\/11\/Click-Download-09-03-2016.png\" alt=\"\"><\/a><\/td><\/tr><tr><td class=\"has-text-align-center\" data-align=\"center\">07<\/td><td class=\"has-text-align-center\" data-align=\"center\"><strong>\u0637\u0631\u0642 \u0648 \u0639\u0645\u0644\u064a\u0627\u062a \u0627\u062a\u062e\u0627\u062f \u0627\u0644\u0642\u0631\u0627\u0631\u0627\u062a \u0627\u0644\u0627\u0633\u062a\u0631\u0627\u062a\u064a\u062c\u064a\u0629 <\/strong><\/td><td class=\"has-text-align-center\" data-align=\"center\">\u0623\/\u0645\u0642\u062f\u0627\u062f \u0646\u0627\u062f\u064a\u0629 <\/td><td class=\"has-text-align-center\" data-align=\"center\"><a href=\"http:\/\/www.univ-mosta.dz\/fsecsg\/wp-content\/uploads\/sites\/9\/2023\/03\/Methodes-et-processus-de-prise-de-decisions-strategiques.pdf\" target=\"_blank\" rel=\"noreferrer noopener\"><img loading=\"lazy\" decoding=\"async\" width=\"275\" height=\"100\" src=\"http:\/\/www.univ-mosta.dz\/fsecsg\/wp-content\/uploads\/sites\/9\/2020\/11\/Click-Download-09-03-2016.png\" alt=\"\"><\/a><\/td><\/tr><tr><td class=\"has-text-align-center\" data-align=\"center\">08<\/td><td class=\"has-text-align-center\" data-align=\"center\"><strong>\u0643\u062a\u0627\u0628 \u0628\u064a\u062f\u0627\u063a\u0648\u062c\u064a \u0641\u064a \u0645\u0627\u062f\u0629 \u0627\u0644\u0646\u0645\u0648 \u0648 \u0627\u0644\u062a\u0642\u0644\u0628\u0627\u062a \u0627\u0644\u0627\u0642\u062a\u0635\u0627\u062f\u064a\u0629 <\/strong><\/td><td class=\"has-text-align-center\" data-align=\"center\">\u0623\/\u0628\u0648\u0632\u064a\u0627\u0646 \u0627\u0644\u0639\u062c\u0627\u0644 <\/td><td class=\"has-text-align-center\" data-align=\"center\"><a href=\"http:\/\/www.univ-mosta.dz\/fsecsg\/wp-content\/uploads\/sites\/9\/2024\/05\/MY-BOOK02-4.pdf\"><img loading=\"lazy\" decoding=\"async\" width=\"275\" height=\"100\" src=\"http:\/\/www.univ-mosta.dz\/fsecsg\/wp-content\/uploads\/sites\/9\/2020\/11\/Click-Download-09-03-2016.png\" alt=\"\"><\/a><\/td><\/tr><tr><td class=\"has-text-align-center\" data-align=\"center\">09<\/td><td class=\"has-text-align-center\" data-align=\"center\"><strong>\ufe91\ufea4\ufeee\u062b \u0627\ufedf\ufe98\ufeb4\ufeee\ufef3\ufed6<\/strong><br><\/td><td class=\"has-text-align-center\" data-align=\"center\">\u062f\/\u0628\u0646 \u062d\u0645\u0648 \u0639\u0628\u062f \u0627\u0644\u0644\u0647 <\/td><td class=\"has-text-align-center\" data-align=\"center\"><a href=\"http:\/\/www.univ-mosta.dz\/fsecsg\/wp-content\/uploads\/sites\/9\/2024\/07\/Recherche-en-marketing.pdf\"><img loading=\"lazy\" decoding=\"async\" width=\"275\" height=\"100\" src=\"http:\/\/www.univ-mosta.dz\/fsecsg\/wp-content\/uploads\/sites\/9\/2020\/11\/Click-Download-09-03-2016.png\" alt=\"\"><\/a><\/td><\/tr><tr><td class=\"has-text-align-center\" data-align=\"center\">10<\/td><td class=\"has-text-align-center\" data-align=\"center\">\u0627\u0644\u0627\u0642\u062a\u0635\u0627\u062f \u0627\u0644\u062c\u0632\u0626\u064a<\/td><td class=\"has-text-align-center\" data-align=\"center\">\u062f\/\u0642\u0628\u0627\u064a\u0644\u064a \u0627\u0644\u062d\u0627\u062c\u0629 <\/td><td class=\"has-text-align-center\" data-align=\"center\"><a href=\"https:\/\/www.univ-mosta.dz\/fsecsg\/wp-content\/uploads\/sites\/9\/2026\/01\/880-%D8%BA%D9%84%D8%A7%D9%81-%D9%83%D8%AA%D8%A7%D8%A8-ILIA.pdf\" data-type=\"link\" data-id=\"https:\/\/www.univ-mosta.dz\/fsecsg\/wp-content\/uploads\/sites\/9\/2026\/01\/880-%D8%BA%D9%84%D8%A7%D9%81-%D9%83%D8%AA%D8%A7%D8%A8-ILIA.pdf\"><img loading=\"lazy\" decoding=\"async\" width=\"275\" height=\"100\" src=\"http:\/\/www.univ-mosta.dz\/fsecsg\/wp-content\/uploads\/sites\/9\/2020\/11\/Click-Download-09-03-2016.png\" alt=\"\"><\/a><\/td><\/tr><tr><td class=\"has-text-align-center\" data-align=\"center\">11<\/td><td class=\"has-text-align-center\" data-align=\"center\">\u0645\u0646\u0647\u062c\u064a\u0629 \u0627\u0644\u0628\u062d\u062a \u0627\u0644\u0639\u0644\u0645\u064a <\/td><td class=\"has-text-align-center\" data-align=\"center\">\u062f\/\u0639\u062a\u064a\u0642 \u0639\u0627\u0626\u0634\u0629 <\/td><td class=\"has-text-align-center\" data-align=\"center\"><a href=\"http:\/\/www.univ-mosta.dz\/fsecsg\/wp-content\/uploads\/sites\/9\/2026\/04\/Methodologie-de-recherche-scientifique.pdf\"><img loading=\"lazy\" decoding=\"async\" width=\"275\" height=\"100\" src=\"http:\/\/www.univ-mosta.dz\/fsecsg\/wp-content\/uploads\/sites\/9\/2020\/11\/Click-Download-09-03-2016.png\" alt=\"\"><\/a><\/td><\/tr><\/tbody><\/table><\/figure>\n<\/div>\n<\/div>\n<\/div><\/div>\n\n\n","protected":false},"excerpt":{"rendered":"<p>\u0627\u0644\u0631\u0642\u0645 \u0639\u0646\u0648\u0627\u0646 \u0627\u0644\u0643\u062a\u0627\u0628 \u0645\u0646 \u0627\u0639\u062f\u0627\u062f \u062a\u062d\u0645\u064a\u0644 01 Manuel de micro-\u00e9conomie (consommateur et producteur)r\u00e9sum\u00e9s de cours et exercices avec solutions compl\u00e8tes \u0627\u0644\u062f\u0643\u062a\u0648\u0631 \u064a\u0648\u0633\u0641 \u0628\u0646 \u062d\u0645\u0648\u062f\u0629 02 \u0643\u062a\u0627\u0628 \u0623\u0639\u0645\u0627\u0644 \u0627\u0644\u0645\u0644\u062a\u0642\u0649 \u0627\u0644\u0648\u0637\u0646\u064a \u0627\u0644\u0623\u0648\u0644 &hellip;<\/p>\n","protected":false},"author":20,"featured_media":0,"parent":0,"menu_order":0,"comment_status":"closed","ping_status":"closed","template":"","meta":{"_coblocks_attr":"","_coblocks_dimensions":"","_coblocks_responsive_height":"","_coblocks_accordion_ie_support":"","footnotes":""},"class_list":["post-4875","page","type-page","status-publish","hentry"],"_links":{"self":[{"href":"https:\/\/www.univ-mosta.dz\/fsecsg\/wp-json\/wp\/v2\/pages\/4875","targetHints":{"allow":["GET"]}}],"collection":[{"href":"https:\/\/www.univ-mosta.dz\/fsecsg\/wp-json\/wp\/v2\/pages"}],"about":[{"href":"https:\/\/www.univ-mosta.dz\/fsecsg\/wp-json\/wp\/v2\/types\/page"}],"author":[{"embeddable":true,"href":"https:\/\/www.univ-mosta.dz\/fsecsg\/wp-json\/wp\/v2\/users\/20"}],"replies":[{"embeddable":true,"href":"https:\/\/www.univ-mosta.dz\/fsecsg\/wp-json\/wp\/v2\/comments?post=4875"}],"version-history":[{"count":20,"href":"https:\/\/www.univ-mosta.dz\/fsecsg\/wp-json\/wp\/v2\/pages\/4875\/revisions"}],"predecessor-version":[{"id":8867,"href":"https:\/\/www.univ-mosta.dz\/fsecsg\/wp-json\/wp\/v2\/pages\/4875\/revisions\/8867"}],"wp:attachment":[{"href":"https:\/\/www.univ-mosta.dz\/fsecsg\/wp-json\/wp\/v2\/media?parent=4875"}],"curies":[{"name":"wp","href":"https:\/\/api.w.org\/{rel}","templated":true}]}}