{"id":826,"date":"2021-08-06T21:09:02","date_gmt":"2021-08-06T19:09:02","guid":{"rendered":"http:\/\/www.univ-mosta.dz\/fle\/?page_id=826"},"modified":"2021-09-13T20:22:12","modified_gmt":"2021-09-13T18:22:12","slug":"inscription2022m1","status":"publish","type":"page","link":"https:\/\/www.univ-mosta.dz\/fle\/inscription2022m1\/","title":{"rendered":"inscription2022m1"},"content":{"rendered":"<p style=\"text-align: center\"><span style=\"color: #3366ff\"><strong>ANNONCE AUX CANDIDATS AUX ETUDES DE MASTER\u00a0 &#8211; QUOTA DES 20%<\/strong><\/span><\/p>\n<p style=\"text-align: center\"><span style=\"color: #3366ff\"><strong>AU TITRE DE L\u2019ANNEE UNIVERSITAIRE 2021-2022<\/strong><\/span><\/p>\n<p>Les \u00e9tudiants de L3 promotion 2021 de la facult\u00e9 des langues \u00e9trang\u00e8res de l\u2019universit\u00e9 de Mostaganem ne sont pas concern\u00e9s par cette annonce.<\/p>\n<p>Les candidats du quota des 20% sont appel\u00e9s \u00e0 remplir le formulaire\u00a0et scanner et joindre les pi\u00e8ces justificatives demand\u00e9es jusqu\u2019au 17\/09\/2021.<\/p>\n<p>Le dossier en format papier \u00e0 d\u00e9poser au niveau de la scolarit\u00e9 sera affich\u00e9 aux candidats retenus ult\u00e9rieurement.<\/p>\n<p style=\"font-weight: 400\"><strong>Le d\u00e9pot des candidatures se fait en cliquant sur ce lien\u00a0<\/strong><\/p>\n<p><a href=\"https:\/\/forms.gle\/CCfGwA2RxpzWFtQ96\">https:\/\/forms.gle\/CCfGwA2RxpzWFtQ96<\/a><\/p>\n<p>&nbsp;<\/p>\n","protected":false},"excerpt":{"rendered":"<p>ANNONCE AUX CANDIDATS AUX ETUDES DE MASTER\u00a0 &#8211; QUOTA DES 20% AU TITRE DE L\u2019ANNEE UNIVERSITAIRE 2021-2022 Les \u00e9tudiants de L3 promotion 2021 de la facult\u00e9 des langues \u00e9trang\u00e8res de l\u2019universit\u00e9 de Mostaganem ne sont pas concern\u00e9s par cette annonce. Les candidats du quota des 20% sont appel\u00e9s \u00e0 remplir le formulaire\u00a0et scanner et joindre &hellip;<\/p>\n","protected":false},"author":18,"featured_media":0,"parent":0,"menu_order":0,"comment_status":"closed","ping_status":"closed","template":"","meta":{"_coblocks_attr":"","_coblocks_dimensions":"","_coblocks_responsive_height":"","_coblocks_accordion_ie_support":"","footnotes":""},"class_list":["post-826","page","type-page","status-publish","hentry"],"yoast_head":"<!-- This site is optimized with the Yoast SEO plugin v28.3 - https:\/\/yoast.com\/product\/yoast-seo-wordpress\/ -->\n<title>inscription2022m1 - Facult\u00e9 des langues \u00e9trang\u00e8res<\/title>\n<meta name=\"robots\" content=\"index, follow, max-snippet:-1, max-image-preview:large, max-video-preview:-1\" \/>\n<link rel=\"canonical\" href=\"https:\/\/www.univ-mosta.dz\/fle\/inscription2022m1\/\" \/>\n<meta property=\"og:locale\" content=\"fr_FR\" \/>\n<meta property=\"og:type\" content=\"article\" \/>\n<meta property=\"og:title\" content=\"inscription2022m1 - Facult\u00e9 des langues \u00e9trang\u00e8res\" \/>\n<meta property=\"og:description\" content=\"ANNONCE AUX CANDIDATS AUX ETUDES DE MASTER\u00a0 &#8211; QUOTA DES 20% AU TITRE DE L\u2019ANNEE UNIVERSITAIRE 2021-2022 Les \u00e9tudiants de L3 promotion 2021 de la facult\u00e9 des langues \u00e9trang\u00e8res de l\u2019universit\u00e9 de Mostaganem ne sont pas concern\u00e9s par cette annonce. Les candidats du quota des 20% sont appel\u00e9s \u00e0 remplir le formulaire\u00a0et scanner et joindre &hellip;\" \/>\n<meta property=\"og:url\" content=\"https:\/\/www.univ-mosta.dz\/fle\/inscription2022m1\/\" \/>\n<meta property=\"og:site_name\" content=\"Facult\u00e9 des langues \u00e9trang\u00e8res\" \/>\n<meta property=\"article:modified_time\" content=\"2021-09-13T18:22:12+00:00\" \/>\n<meta name=\"twitter:card\" content=\"summary_large_image\" \/>\n<meta name=\"twitter:label1\" content=\"Dur\u00e9e de lecture estim\u00e9e\" \/>\n\t<meta name=\"twitter:data1\" content=\"1 minute\" \/>\n<script type=\"application\/ld+json\" class=\"yoast-schema-graph\">{\"@context\":\"https:\\\/\\\/schema.org\",\"@graph\":[{\"@type\":\"WebPage\",\"@id\":\"https:\\\/\\\/www.univ-mosta.dz\\\/fle\\\/inscription2022m1\\\/\",\"url\":\"https:\\\/\\\/www.univ-mosta.dz\\\/fle\\\/inscription2022m1\\\/\",\"name\":\"inscription2022m1 - Facult\u00e9 des langues \u00e9trang\u00e8res\",\"isPartOf\":{\"@id\":\"https:\\\/\\\/www.univ-mosta.dz\\\/fle\\\/#website\"},\"datePublished\":\"2021-08-06T19:09:02+00:00\",\"dateModified\":\"2021-09-13T18:22:12+00:00\",\"breadcrumb\":{\"@id\":\"https:\\\/\\\/www.univ-mosta.dz\\\/fle\\\/inscription2022m1\\\/#breadcrumb\"},\"inLanguage\":\"fr-FR\",\"potentialAction\":[{\"@type\":\"ReadAction\",\"target\":[\"https:\\\/\\\/www.univ-mosta.dz\\\/fle\\\/inscription2022m1\\\/\"]}]},{\"@type\":\"BreadcrumbList\",\"@id\":\"https:\\\/\\\/www.univ-mosta.dz\\\/fle\\\/inscription2022m1\\\/#breadcrumb\",\"itemListElement\":[{\"@type\":\"ListItem\",\"position\":1,\"name\":\"Accueil\",\"item\":\"https:\\\/\\\/www.univ-mosta.dz\\\/fle\\\/\"},{\"@type\":\"ListItem\",\"position\":2,\"name\":\"inscription2022m1\"}]},{\"@type\":\"WebSite\",\"@id\":\"https:\\\/\\\/www.univ-mosta.dz\\\/fle\\\/#website\",\"url\":\"https:\\\/\\\/www.univ-mosta.dz\\\/fle\\\/\",\"name\":\"Facult\u00e9 des langues \u00e9trang\u00e8res\",\"description\":\"Universit\u00e9 Abdelhamid Ibn Badis Mostaganem\",\"potentialAction\":[{\"@type\":\"SearchAction\",\"target\":{\"@type\":\"EntryPoint\",\"urlTemplate\":\"https:\\\/\\\/www.univ-mosta.dz\\\/fle\\\/?s={search_term_string}\"},\"query-input\":{\"@type\":\"PropertyValueSpecification\",\"valueRequired\":true,\"valueName\":\"search_term_string\"}}],\"inLanguage\":\"fr-FR\"}]}<\/script>\n<!-- \/ Yoast SEO plugin. -->","yoast_head_json":{"title":"inscription2022m1 - Facult\u00e9 des langues \u00e9trang\u00e8res","robots":{"index":"index","follow":"follow","max-snippet":"max-snippet:-1","max-image-preview":"max-image-preview:large","max-video-preview":"max-video-preview:-1"},"canonical":"https:\/\/www.univ-mosta.dz\/fle\/inscription2022m1\/","og_locale":"fr_FR","og_type":"article","og_title":"inscription2022m1 - Facult\u00e9 des langues \u00e9trang\u00e8res","og_description":"ANNONCE AUX CANDIDATS AUX ETUDES DE MASTER\u00a0 &#8211; QUOTA DES 20% AU TITRE DE L\u2019ANNEE UNIVERSITAIRE 2021-2022 Les \u00e9tudiants de L3 promotion 2021 de la facult\u00e9 des langues \u00e9trang\u00e8res de l\u2019universit\u00e9 de Mostaganem ne sont pas concern\u00e9s par cette annonce. Les candidats du quota des 20% sont appel\u00e9s \u00e0 remplir le formulaire\u00a0et scanner et joindre &hellip;","og_url":"https:\/\/www.univ-mosta.dz\/fle\/inscription2022m1\/","og_site_name":"Facult\u00e9 des langues \u00e9trang\u00e8res","article_modified_time":"2021-09-13T18:22:12+00:00","twitter_card":"summary_large_image","twitter_misc":{"Dur\u00e9e de lecture estim\u00e9e":"1 minute"},"schema":{"@context":"https:\/\/schema.org","@graph":[{"@type":"WebPage","@id":"https:\/\/www.univ-mosta.dz\/fle\/inscription2022m1\/","url":"https:\/\/www.univ-mosta.dz\/fle\/inscription2022m1\/","name":"inscription2022m1 - Facult\u00e9 des langues \u00e9trang\u00e8res","isPartOf":{"@id":"https:\/\/www.univ-mosta.dz\/fle\/#website"},"datePublished":"2021-08-06T19:09:02+00:00","dateModified":"2021-09-13T18:22:12+00:00","breadcrumb":{"@id":"https:\/\/www.univ-mosta.dz\/fle\/inscription2022m1\/#breadcrumb"},"inLanguage":"fr-FR","potentialAction":[{"@type":"ReadAction","target":["https:\/\/www.univ-mosta.dz\/fle\/inscription2022m1\/"]}]},{"@type":"BreadcrumbList","@id":"https:\/\/www.univ-mosta.dz\/fle\/inscription2022m1\/#breadcrumb","itemListElement":[{"@type":"ListItem","position":1,"name":"Accueil","item":"https:\/\/www.univ-mosta.dz\/fle\/"},{"@type":"ListItem","position":2,"name":"inscription2022m1"}]},{"@type":"WebSite","@id":"https:\/\/www.univ-mosta.dz\/fle\/#website","url":"https:\/\/www.univ-mosta.dz\/fle\/","name":"Facult\u00e9 des langues \u00e9trang\u00e8res","description":"Universit\u00e9 Abdelhamid Ibn Badis Mostaganem","potentialAction":[{"@type":"SearchAction","target":{"@type":"EntryPoint","urlTemplate":"https:\/\/www.univ-mosta.dz\/fle\/?s={search_term_string}"},"query-input":{"@type":"PropertyValueSpecification","valueRequired":true,"valueName":"search_term_string"}}],"inLanguage":"fr-FR"}]}},"_links":{"self":[{"href":"https:\/\/www.univ-mosta.dz\/fle\/wp-json\/wp\/v2\/pages\/826","targetHints":{"allow":["GET"]}}],"collection":[{"href":"https:\/\/www.univ-mosta.dz\/fle\/wp-json\/wp\/v2\/pages"}],"about":[{"href":"https:\/\/www.univ-mosta.dz\/fle\/wp-json\/wp\/v2\/types\/page"}],"author":[{"embeddable":true,"href":"https:\/\/www.univ-mosta.dz\/fle\/wp-json\/wp\/v2\/users\/18"}],"replies":[{"embeddable":true,"href":"https:\/\/www.univ-mosta.dz\/fle\/wp-json\/wp\/v2\/comments?post=826"}],"version-history":[{"count":7,"href":"https:\/\/www.univ-mosta.dz\/fle\/wp-json\/wp\/v2\/pages\/826\/revisions"}],"predecessor-version":[{"id":1722,"href":"https:\/\/www.univ-mosta.dz\/fle\/wp-json\/wp\/v2\/pages\/826\/revisions\/1722"}],"wp:attachment":[{"href":"https:\/\/www.univ-mosta.dz\/fle\/wp-json\/wp\/v2\/media?parent=826"}],"curies":[{"name":"wp","href":"https:\/\/api.w.org\/{rel}","templated":true}]}}

<p style="text-align: center"><span style="color: #3366ff"><strong>ANNONCE AUX CANDIDATS AUX ETUDES DE MASTER  &#8211; QUOTA DES 20%</strong></span></p>
<p style="text-align: center"><span style="color: #3366ff"><strong>AU TITRE DE L’ANNEE UNIVERSITAIRE 2021-2022</strong></span></p>
<p>Les étudiants de L3 promotion 2021 de la faculté des langues étrangères de l’université de Mostaganem ne sont pas concernés par cette annonce.</p>
<p>Les candidats du quota des 20% sont appelés à remplir le formulaire et scanner et joindre les pièces justificatives demandées jusqu’au 17/09/2021.</p>
<p>Le dossier en format papier à déposer au niveau de la scolarité sera affiché aux candidats retenus ultérieurement.</p>
<p style="font-weight: 400"><strong>Le dépot des candidatures se fait en cliquant sur ce lien </strong></p>
<p><a href="https://forms.gle/CCfGwA2RxpzWFtQ96">https://forms.gle/CCfGwA2RxpzWFtQ96</a></p>
<p>&nbsp;</p>

<p>ANNONCE AUX CANDIDATS AUX ETUDES DE MASTER  &#8211; QUOTA DES 20% AU TITRE DE L’ANNEE UNIVERSITAIRE 2021-2022 Les étudiants de L3 promotion 2021 de la faculté des langues étrangères de l’université de Mostaganem ne sont pas concernés par cette annonce. Les candidats du quota des 20% sont appelés à remplir le formulaire et scanner et joindre &hellip;</p>

<!-- This site is optimized with the Yoast SEO plugin v28.3 - https://yoast.com/product/yoast-seo-wordpress/ -->
<title>inscription2022m1 - Faculté des langues étrangères</title>
<meta name="robots" content="index, follow, max-snippet:-1, max-image-preview:large, max-video-preview:-1" />
<link rel="canonical" href="https://www.univ-mosta.dz/fle/inscription2022m1/" />
<meta property="og:locale" content="fr_FR" />
<meta property="og:type" content="article" />
<meta property="og:title" content="inscription2022m1 - Faculté des langues étrangères" />
<meta property="og:description" content="ANNONCE AUX CANDIDATS AUX ETUDES DE MASTER  &#8211; QUOTA DES 20% AU TITRE DE L’ANNEE UNIVERSITAIRE 2021-2022 Les étudiants de L3 promotion 2021 de la faculté des langues étrangères de l’université de Mostaganem ne sont pas concernés par cette annonce. Les candidats du quota des 20% sont appelés à remplir le formulaire et scanner et joindre &hellip;" />
<meta property="og:url" content="https://www.univ-mosta.dz/fle/inscription2022m1/" />
<meta property="og:site_name" content="Faculté des langues étrangères" />
<meta property="article:modified_time" content="2021-09-13T18:22:12+00:00" />
<meta name="twitter:card" content="summary_large_image" />
<meta name="twitter:label1" content="Durée de lecture estimée" />
	<meta name="twitter:data1" content="1 minute" />
<script type="application/ld+json" class="yoast-schema-graph">{"@context":"https:\/\/schema.org","@graph":[{"@type":"WebPage","@id":"https:\/\/www.univ-mosta.dz\/fle\/inscription2022m1\/","url":"https:\/\/www.univ-mosta.dz\/fle\/inscription2022m1\/","name":"inscription2022m1 - Faculté des langues étrangères","isPartOf":{"@id":"https:\/\/www.univ-mosta.dz\/fle\/#website"},"datePublished":"2021-08-06T19:09:02+00:00","dateModified":"2021-09-13T18:22:12+00:00","breadcrumb":{"@id":"https:\/\/www.univ-mosta.dz\/fle\/inscription2022m1\/#breadcrumb"},"inLanguage":"fr-FR","potentialAction":[{"@type":"ReadAction","target":["https:\/\/www.univ-mosta.dz\/fle\/inscription2022m1\/"]}]},{"@type":"BreadcrumbList","@id":"https:\/\/www.univ-mosta.dz\/fle\/inscription2022m1\/#breadcrumb","itemListElement":[{"@type":"ListItem","position":1,"name":"Accueil","item":"https:\/\/www.univ-mosta.dz\/fle\/"},{"@type":"ListItem","position":2,"name":"inscription2022m1"}]},{"@type":"WebSite","@id":"https:\/\/www.univ-mosta.dz\/fle\/#website","url":"https:\/\/www.univ-mosta.dz\/fle\/","name":"Faculté des langues étrangères","description":"Université Abdelhamid Ibn Badis Mostaganem","potentialAction":[{"@type":"SearchAction","target":{"@type":"EntryPoint","urlTemplate":"https:\/\/www.univ-mosta.dz\/fle\/?s={search_term_string}"},"query-input":{"@type":"PropertyValueSpecification","valueRequired":true,"valueName":"search_term_string"}}],"inLanguage":"fr-FR"}]}</script>
<!-- / Yoast SEO plugin. -->

inscription2022m1 - Faculté des langues étrangères

ANNONCE AUX CANDIDATS AUX ETUDES DE MASTER  &#8211; QUOTA DES 20% AU TITRE DE L’ANNEE UNIVERSITAIRE 2021-2022 Les étudiants de L3 promotion 2021 de la faculté des langues étrangères de l’université de Mostaganem ne sont pas concernés par cette annonce. Les candidats du quota des 20% sont appelés à remplir le formulaire et scanner et joindre &hellip;

Faculté des langues étrangères

Université Abdelhamid Ibn Badis Mostaganem
