{"id":588,"date":"2020-10-31T00:43:11","date_gmt":"2020-10-30T23:43:11","guid":{"rendered":"http:\/\/www.univ-mosta.dz\/fle\/?page_id=588"},"modified":"2020-11-01T05:22:08","modified_gmt":"2020-11-01T04:22:08","slug":"doctorat","status":"publish","type":"page","link":"https:\/\/www.univ-mosta.dz\/fle\/doctorat\/","title":{"rendered":"doctorat"},"content":{"rendered":"<p>Le dernier d\u00e9lai des inscriptions et reinscriptions en doctorat a \u00e9t\u00e9 prolong\u00e9 jusqu&rsquo;au 15 d\u00e9cembre 2020.<\/p>\n<p><a href=\"https:\/\/www.univ-mosta.dz\/fle\/inscription-reinscription-doctorat-2020-2021\/\">https:\/\/www.univ-mosta.dz\/fle\/inscription-reinscription-doctorat-2020-2021\/<\/a><\/p>\n<div class=\"yj6qo\"><\/div>\n<p style=\"padding-left: 40px\">\n","protected":false},"excerpt":{"rendered":"<p>Le dernier d\u00e9lai des inscriptions et reinscriptions en doctorat a \u00e9t\u00e9 prolong\u00e9 jusqu&rsquo;au 15 d\u00e9cembre 2020. https:\/\/www.univ-mosta.dz\/fle\/inscription-reinscription-doctorat-2020-2021\/<\/p>\n","protected":false},"author":18,"featured_media":0,"parent":0,"menu_order":0,"comment_status":"closed","ping_status":"closed","template":"","meta":{"_coblocks_attr":"","_coblocks_dimensions":"","_coblocks_responsive_height":"","_coblocks_accordion_ie_support":"","footnotes":""},"class_list":["post-588","page","type-page","status-publish","hentry"],"_links":{"self":[{"href":"https:\/\/www.univ-mosta.dz\/fle\/wp-json\/wp\/v2\/pages\/588","targetHints":{"allow":["GET"]}}],"collection":[{"href":"https:\/\/www.univ-mosta.dz\/fle\/wp-json\/wp\/v2\/pages"}],"about":[{"href":"https:\/\/www.univ-mosta.dz\/fle\/wp-json\/wp\/v2\/types\/page"}],"author":[{"embeddable":true,"href":"https:\/\/www.univ-mosta.dz\/fle\/wp-json\/wp\/v2\/users\/18"}],"replies":[{"embeddable":true,"href":"https:\/\/www.univ-mosta.dz\/fle\/wp-json\/wp\/v2\/comments?post=588"}],"version-history":[{"count":10,"href":"https:\/\/www.univ-mosta.dz\/fle\/wp-json\/wp\/v2\/pages\/588\/revisions"}],"predecessor-version":[{"id":659,"href":"https:\/\/www.univ-mosta.dz\/fle\/wp-json\/wp\/v2\/pages\/588\/revisions\/659"}],"wp:attachment":[{"href":"https:\/\/www.univ-mosta.dz\/fle\/wp-json\/wp\/v2\/media?parent=588"}],"curies":[{"name":"wp","href":"https:\/\/api.w.org\/{rel}","templated":true}]}}