{"id":4599,"date":"2025-10-27T09:53:41","date_gmt":"2025-10-27T08:53:41","guid":{"rendered":"https:\/\/www.univ-mosta.dz\/fle\/?page_id=4599"},"modified":"2025-10-28T08:44:09","modified_gmt":"2025-10-28T07:44:09","slug":"la-vice-doyen","status":"publish","type":"page","link":"https:\/\/www.univ-mosta.dz\/fle\/la-vice-doyen\/","title":{"rendered":"La vice Doyen"},"content":{"rendered":"\n<p>\u00a0<\/p>\n<p><strong><span style=\"background-color: #ffffff\"><span class=\"wp-block-coblocks-author__name\"><span style=\"color: #339966\">\u00a0 \u00a0 \u00a0 \u00a0 \u00a0 \u00a0 \u00a0 \u00a0 \u00a0 \u00a0 \u00a0 \u00a0 \u00a0 \u00a0 \u00a0 \u00a0Dr bentaifour nadia<\/span><\/span><\/span><\/strong><\/p>\n<h5 class=\"wp-block-coblocks-author__biography\">\u00a0 \u00a0 \u00a0 \u00a0 \u00a0 \u00a0 \u00a0 \u00a0 \u00a0 \u00a0 \u00a0 \u00a0 \u00a0 \u00a0 \u00a0 \u00a0 \u00a0 \u00a0 <strong>nadia.bentaifour@univ-mosta.dz<\/strong><br \/><strong>\u00a0 \u00a0 \u00a0 \u00a0 \u00a0 \u00a0 \u00a0 \u00a0 \u00a0 \u00a0 \u00a0 \u00a0 \u00a0 \u00a0 \u00a0 \u00a0 \u00a0 \u00a0 Vice Doyen charg\u00e9 de la post-graduation, de la recherche scientifique et des relations ext\u00e9rieures.<\/strong><\/h5>\n<h5 class=\"wp-block-coblocks-author__biography\">\u00a0<\/h5>\n<h5 class=\"wp-block-coblocks-author__biography\"><strong>\u00a0 \u00a0 \u00a0 \u00a0 \u00a0 \u00a0 \u00a0 \u00a0 \u00a0 \u00a0 \u00a0 \u00a0 \u00a0 \u00a0 \u00a0 \u00a0 \u00a0 \u00a0 \u00a0 \u00a0 \u00a0 \u00a0 \u00a0 \u00a0 \u00a0 \u00a0 \u00a0 \u00a0 \u00a0 \u00a0 \u00a0 \u00a0 \u00a0 \u00a0 \u00a0 \u00a0 \u00a0 \u00a0 \u00a0\u00a0<\/strong><\/h5>\n\n\n\n<div class=\"wp-block-uagb-advanced-heading uagb-block-d80e9065\">\n<h2>\u00a0<\/h2>\n<h2 class=\"uagb-heading-text\">R\u00f4les et Missions<\/h2>\n<\/div>\n<div>\u00a0<\/div>\n<div class=\"wp-block-uagb-advanced-heading uagb-block-d80e9065\">\n<div class=\"uagb-separator-wrap\">\n<div class=\"uagb-separator\"><strong style=\"font-size: revert;color: initial\">Le vice-doyen charg\u00e9 de la post-graduation, de la recherche scientifique et des relations ext\u00e9rieures a pour t\u00e2ches :<\/strong><\/div>\n<\/div>\n<\/div>\n<ul class=\"wp-block-list\">\n<li>de suivre le d\u00e9roulement des concours d\u2019acc\u00e8s \u00e0 la post-graduation ;<\/li>\n<li>de prendre ou proposer les mesures n\u00e9cessaires pour assurer le fonctionnement des formations de\u00a0post-graduation ;<\/li>\n<li>de veiller au d\u00e9roulement des soutenances de m\u00e9moires et th\u00e8ses de post-graduation ;<\/li>\n<li>de suivre le d\u00e9roulement des activit\u00e9s de recherche scientifique ;<\/li>\n<li>d\u2019initier des actions de partenariat avec les secteurs socio-\u00e9conomiques ;<\/li>\n<li>d\u2019initier des actions en vue de dynamiser et de renforcer la coop\u00e9ration interuniversitaire nationale et internationale;<\/li>\n<li>de mettre en \u0153uvre les programmes de perfectionnement et de recyclage des enseignants ;<\/li>\n<li>de suivre le fonctionnement du conseil scientifique de la facult\u00e9 et conserver ses archives.<\/li>\n<\/ul>\n<p><em><strong>Le vice-doyen charg\u00e9 de la post-graduation, de la recherche scientifique et des relations ex<\/strong><strong>t\u00e9rieures est\u00a0<\/strong><\/em><strong><em>assist\u00e9 par<\/em>\u00a0<\/strong>:<\/p>\n<ul class=\"wp-block-list\">\n<li>le chef de service du suivi de la formation de post-graduation<\/li>\n<li>le chef de service du suivi des activit\u00e9s de recherche ;<\/li>\n<li>le chef de service de la coop\u00e9ration et des relations ext\u00e9rieures.<\/li>\n<\/ul>\n","protected":false},"excerpt":{"rendered":"<p>\u00a0 \u00a0 \u00a0 \u00a0 \u00a0 \u00a0 \u00a0 \u00a0 \u00a0 \u00a0 \u00a0 \u00a0 \u00a0 \u00a0 \u00a0 \u00a0 \u00a0Dr bentaifour nadia \u00a0 \u00a0 \u00a0 \u00a0 \u00a0 \u00a0 \u00a0 \u00a0 \u00a0 \u00a0 \u00a0 &hellip;<\/p>\n","protected":false},"author":18,"featured_media":0,"parent":0,"menu_order":0,"comment_status":"closed","ping_status":"closed","template":"","meta":{"_coblocks_attr":"","_coblocks_dimensions":"","_coblocks_responsive_height":"","_coblocks_accordion_ie_support":"","footnotes":""},"class_list":["post-4599","page","type-page","status-publish","hentry"],"_links":{"self":[{"href":"https:\/\/www.univ-mosta.dz\/fle\/wp-json\/wp\/v2\/pages\/4599","targetHints":{"allow":["GET"]}}],"collection":[{"href":"https:\/\/www.univ-mosta.dz\/fle\/wp-json\/wp\/v2\/pages"}],"about":[{"href":"https:\/\/www.univ-mosta.dz\/fle\/wp-json\/wp\/v2\/types\/page"}],"author":[{"embeddable":true,"href":"https:\/\/www.univ-mosta.dz\/fle\/wp-json\/wp\/v2\/users\/18"}],"replies":[{"embeddable":true,"href":"https:\/\/www.univ-mosta.dz\/fle\/wp-json\/wp\/v2\/comments?post=4599"}],"version-history":[{"count":8,"href":"https:\/\/www.univ-mosta.dz\/fle\/wp-json\/wp\/v2\/pages\/4599\/revisions"}],"predecessor-version":[{"id":4614,"href":"https:\/\/www.univ-mosta.dz\/fle\/wp-json\/wp\/v2\/pages\/4599\/revisions\/4614"}],"wp:attachment":[{"href":"https:\/\/www.univ-mosta.dz\/fle\/wp-json\/wp\/v2\/media?parent=4599"}],"curies":[{"name":"wp","href":"https:\/\/api.w.org\/{rel}","templated":true}]}}