{"id":1649,"date":"2021-05-31T21:06:52","date_gmt":"2021-05-31T19:06:52","guid":{"rendered":"https:\/\/www.univ-mosta.dz\/fle\/?page_id=1649"},"modified":"2021-05-31T21:14:40","modified_gmt":"2021-05-31T19:14:40","slug":"consultation-2021","status":"publish","type":"page","link":"https:\/\/www.univ-mosta.dz\/fle\/consultation-2021\/","title":{"rendered":"CONSULTATION 2021"},"content":{"rendered":"<p><strong>AVIS DE CONSULTATION RESTREINTE\u00a0<\/strong><\/p>\n<div><strong>ACQUISITION D&rsquo;OUVRAGES POUR LA BIBLIOTH\u00c8QUE DE LA FACULT\u00c9 DES LANGUES \u00c9TRANG\u00c8RES\u00a0<\/strong><\/div>\n<div><a href=\"http:\/\/www.univ-mosta.dz\/fle\/wp-content\/uploads\/sites\/2\/2021\/05\/AVIS-DE-CONSULTATION-RESTREINTE.pdf\"><img loading=\"lazy\" decoding=\"async\" class=\" wp-image-1654 alignright\" src=\"http:\/\/www.univ-mosta.dz\/fle\/wp-content\/uploads\/sites\/2\/2021\/05\/Sans-titre.png\" alt=\"\" width=\"173\" height=\"153\" \/><\/a><\/div>\n","protected":false},"excerpt":{"rendered":"<p>AVIS DE CONSULTATION RESTREINTE\u00a0 ACQUISITION D&rsquo;OUVRAGES POUR LA BIBLIOTH\u00c8QUE DE LA FACULT\u00c9 DES LANGUES \u00c9TRANG\u00c8RES\u00a0<\/p>\n","protected":false},"author":18,"featured_media":0,"parent":0,"menu_order":0,"comment_status":"closed","ping_status":"closed","template":"","meta":{"_coblocks_attr":"","_coblocks_dimensions":"","_coblocks_responsive_height":"","_coblocks_accordion_ie_support":"","footnotes":""},"class_list":["post-1649","page","type-page","status-publish","hentry"],"_links":{"self":[{"href":"https:\/\/www.univ-mosta.dz\/fle\/wp-json\/wp\/v2\/pages\/1649","targetHints":{"allow":["GET"]}}],"collection":[{"href":"https:\/\/www.univ-mosta.dz\/fle\/wp-json\/wp\/v2\/pages"}],"about":[{"href":"https:\/\/www.univ-mosta.dz\/fle\/wp-json\/wp\/v2\/types\/page"}],"author":[{"embeddable":true,"href":"https:\/\/www.univ-mosta.dz\/fle\/wp-json\/wp\/v2\/users\/18"}],"replies":[{"embeddable":true,"href":"https:\/\/www.univ-mosta.dz\/fle\/wp-json\/wp\/v2\/comments?post=1649"}],"version-history":[{"count":4,"href":"https:\/\/www.univ-mosta.dz\/fle\/wp-json\/wp\/v2\/pages\/1649\/revisions"}],"predecessor-version":[{"id":1656,"href":"https:\/\/www.univ-mosta.dz\/fle\/wp-json\/wp\/v2\/pages\/1649\/revisions\/1656"}],"wp:attachment":[{"href":"https:\/\/www.univ-mosta.dz\/fle\/wp-json\/wp\/v2\/media?parent=1649"}],"curies":[{"name":"wp","href":"https:\/\/api.w.org\/{rel}","templated":true}]}}