{"id":1246,"date":"2021-03-09T20:39:29","date_gmt":"2021-03-09T19:39:29","guid":{"rendered":"http:\/\/www.univ-mosta.dz\/fle\/?page_id=1246"},"modified":"2021-03-09T23:00:18","modified_gmt":"2021-03-09T22:00:18","slug":"e-colloque","status":"publish","type":"page","link":"https:\/\/www.univ-mosta.dz\/fle\/e-colloque\/","title":{"rendered":"e-colloque"},"content":{"rendered":"<div dir=\"ltr\">\n<p><strong><img loading=\"lazy\" decoding=\"async\" class=\"alignnone wp-image-1256\" src=\"http:\/\/www.univ-mosta.dz\/fle\/wp-content\/uploads\/sites\/2\/2021\/03\/star9.gif\" alt=\"\" width=\"12\" height=\"12\" \/><\/strong> E- COLLOQUE<strong> :<\/strong>\u00a0le 17 mars 2021<\/p>\n<p>\u00ab<span style=\"color: #0000ff\">Enseignement sup\u00e9rieur et pand\u00e9mie Covid-19. \u00c0 l\u2019\u00e8re du confinement et post-confinement, quelles r\u00e9flexions, quelles perspectives<\/span> <span style=\"color: #0000ff\">?<\/span>\u00bb<\/p>\n<p><a href=\"http:\/\/www.univ-mosta.dz\/fle\/wp-content\/uploads\/sites\/2\/2021\/03\/Programme-Vfinal.pdf\">PROGRAMME<\/a><\/p>\n<p><strong><img loading=\"lazy\" decoding=\"async\" class=\"alignnone wp-image-1256\" src=\"http:\/\/www.univ-mosta.dz\/fle\/wp-content\/uploads\/sites\/2\/2021\/03\/star9.gif\" alt=\"\" width=\"12\" height=\"12\" \/> <\/strong>Journ\u00e9e d\u2019\u00e9tude du laboratoire DPFCC\u00a0 portant sur la question de \u00ab<span style=\"color: #0000ff\">La professionnalisation des \u00e9tudes en langues \u00e9trang\u00e8res en Alg\u00e9rie<\/span>\u00bb : le 10 mars 2021 au si\u00e8ge du laboratoire \u00e0 l&rsquo;INES<\/p>\n<p><a href=\"http:\/\/www.univ-mosta.dz\/fle\/wp-content\/uploads\/sites\/2\/2021\/03\/Programme-de-la-journee-Professionnalisation-des-etudes-2021.pdf\">PROGRAMME<\/a> ET <a href=\"http:\/\/www.univ-mosta.dz\/fle\/wp-content\/uploads\/sites\/2\/2021\/03\/Affiche-journee-professionnalisation-2021.pdf\">AFFICHE<\/a><\/p>\n<p>&nbsp;<\/p>\n<\/div>\n<div dir=\"ltr\"><\/div>\n<div><\/div>\n","protected":false},"excerpt":{"rendered":"<p>E- COLLOQUE :\u00a0le 17 mars 2021 \u00abEnseignement sup\u00e9rieur et pand\u00e9mie Covid-19. \u00c0 l\u2019\u00e8re du confinement et post-confinement, quelles r\u00e9flexions, quelles perspectives ?\u00bb PROGRAMME Journ\u00e9e d\u2019\u00e9tude du laboratoire DPFCC\u00a0 portant sur &hellip;<\/p>\n","protected":false},"author":18,"featured_media":0,"parent":0,"menu_order":0,"comment_status":"closed","ping_status":"closed","template":"","meta":{"_coblocks_attr":"","_coblocks_dimensions":"","_coblocks_responsive_height":"","_coblocks_accordion_ie_support":"","footnotes":""},"class_list":["post-1246","page","type-page","status-publish","hentry"],"_links":{"self":[{"href":"https:\/\/www.univ-mosta.dz\/fle\/wp-json\/wp\/v2\/pages\/1246","targetHints":{"allow":["GET"]}}],"collection":[{"href":"https:\/\/www.univ-mosta.dz\/fle\/wp-json\/wp\/v2\/pages"}],"about":[{"href":"https:\/\/www.univ-mosta.dz\/fle\/wp-json\/wp\/v2\/types\/page"}],"author":[{"embeddable":true,"href":"https:\/\/www.univ-mosta.dz\/fle\/wp-json\/wp\/v2\/users\/18"}],"replies":[{"embeddable":true,"href":"https:\/\/www.univ-mosta.dz\/fle\/wp-json\/wp\/v2\/comments?post=1246"}],"version-history":[{"count":7,"href":"https:\/\/www.univ-mosta.dz\/fle\/wp-json\/wp\/v2\/pages\/1246\/revisions"}],"predecessor-version":[{"id":1262,"href":"https:\/\/www.univ-mosta.dz\/fle\/wp-json\/wp\/v2\/pages\/1246\/revisions\/1262"}],"wp:attachment":[{"href":"https:\/\/www.univ-mosta.dz\/fle\/wp-json\/wp\/v2\/media?parent=1246"}],"curies":[{"name":"wp","href":"https:\/\/api.w.org\/{rel}","templated":true}]}}