{"id":1233,"date":"2021-03-09T20:14:52","date_gmt":"2021-03-09T19:14:52","guid":{"rendered":"http:\/\/www.univ-mosta.dz\/fle\/?page_id=1233"},"modified":"2021-03-09T20:49:38","modified_gmt":"2021-03-09T19:49:38","slug":"journee-professionnalisation","status":"publish","type":"page","link":"https:\/\/www.univ-mosta.dz\/fle\/journee-professionnalisation\/","title":{"rendered":"journ\u00e9e professionnalisation"},"content":{"rendered":"<p><span style=\"color: #0000ff\">Cher coll\u00e8gue,<\/span><\/p>\n<p><span style=\"color: #0000ff\">\u00a0 \u00a0 Dans le cadre des activit\u00e9s scientifiques organis\u00e9es par le Laboratoire -Didactique des Projets de Formation et Conception de Curricula DPFcc-, j&rsquo;ai le plaisir de vous inviter \u00e0 assister \u00e0 une journ\u00e9e d&rsquo;\u00e9tude\u00a0 portant sur la question de <b>\u00ab\u00a0La professionnalisation des \u00e9tudes en langues \u00e9trang\u00e8res en Alg\u00e9rie\u00a0\u00bb\u00a0\u00a0<\/b>qui aura lieu\u00a0le mercredi 10 mars 2021 au si\u00e8ge du Laboratoire-INES.<\/span><\/p>\n<p><span style=\"color: #0000ff\">\u00a0 \u00a0Je compte sur votre pr\u00e9sence pour animer le d\u00e9bat avec les intervants invit\u00e9s : Nabila BNEHOUHOU (ENS de Bouzar\u00e9ah), Fouzia AMROUCHE (Universit\u00e9 de M&rsquo;sila) et Mokrane Mohand AIT DJIDA (Universit\u00e9 de Chlef ). Le d\u00e9bat sera \u00e9galement anim\u00e9 par l\u2019intervention de Djamel LABDAOUI<b>\u00a0<\/b>Bureau de Liaison Entreprise-Universit\u00e9 (BLEU) U. Mostaganem.<\/span><\/p>\n<p><span style=\"color: #0000ff\">Vous pouvez consulter,\u00a0 l&rsquo;<a href=\"http:\/\/www.univ-mosta.dz\/fle\/wp-content\/uploads\/sites\/2\/2021\/03\/Affiche-journee-professionnalisation-2021.pdf\">affiche<\/a> et le <a href=\"http:\/\/www.univ-mosta.dz\/fle\/wp-content\/uploads\/sites\/2\/2021\/03\/Programme-de-la-journee-Professionnalisation-des-etudes-2021.pdf\">programme de la journ\u00e9e<\/a>.<\/span><\/p>\n<p><span style=\"color: #0000ff\">Cordialement<\/span><\/p>\n","protected":false},"excerpt":{"rendered":"<p>Cher coll\u00e8gue, \u00a0 \u00a0 Dans le cadre des activit\u00e9s scientifiques organis\u00e9es par le Laboratoire -Didactique des Projets de Formation et Conception de Curricula DPFcc-, j&rsquo;ai le plaisir de vous inviter &hellip;<\/p>\n","protected":false},"author":18,"featured_media":0,"parent":0,"menu_order":0,"comment_status":"closed","ping_status":"closed","template":"","meta":{"_coblocks_attr":"","_coblocks_dimensions":"","_coblocks_responsive_height":"","_coblocks_accordion_ie_support":"","footnotes":""},"class_list":["post-1233","page","type-page","status-publish","hentry"],"_links":{"self":[{"href":"https:\/\/www.univ-mosta.dz\/fle\/wp-json\/wp\/v2\/pages\/1233","targetHints":{"allow":["GET"]}}],"collection":[{"href":"https:\/\/www.univ-mosta.dz\/fle\/wp-json\/wp\/v2\/pages"}],"about":[{"href":"https:\/\/www.univ-mosta.dz\/fle\/wp-json\/wp\/v2\/types\/page"}],"author":[{"embeddable":true,"href":"https:\/\/www.univ-mosta.dz\/fle\/wp-json\/wp\/v2\/users\/18"}],"replies":[{"embeddable":true,"href":"https:\/\/www.univ-mosta.dz\/fle\/wp-json\/wp\/v2\/comments?post=1233"}],"version-history":[{"count":6,"href":"https:\/\/www.univ-mosta.dz\/fle\/wp-json\/wp\/v2\/pages\/1233\/revisions"}],"predecessor-version":[{"id":1252,"href":"https:\/\/www.univ-mosta.dz\/fle\/wp-json\/wp\/v2\/pages\/1233\/revisions\/1252"}],"wp:attachment":[{"href":"https:\/\/www.univ-mosta.dz\/fle\/wp-json\/wp\/v2\/media?parent=1233"}],"curies":[{"name":"wp","href":"https:\/\/api.w.org\/{rel}","templated":true}]}}