{"id":1008,"date":"2021-01-13T15:30:32","date_gmt":"2021-01-13T14:30:32","guid":{"rendered":"http:\/\/www.univ-mosta.dz\/fle\/?page_id=1008"},"modified":"2021-01-16T20:07:10","modified_gmt":"2021-01-16T19:07:10","slug":"membres","status":"publish","type":"page","link":"https:\/\/www.univ-mosta.dz\/fle\/membres\/","title":{"rendered":"MEMBRES"},"content":{"rendered":"<div style=\"text-align: center\"><span style=\"font-size: large;color: #0000ff\">AVIS AUX ENSEIGNANTS DE LA FACULT\u00c9 DES LANGUES \u00c9TRANG\u00c8RES\u00a0<\/span><\/div>\n<div style=\"text-align: center\"><span style=\"color: #0000ff\">\u00a0\u00a0<span style=\"font-size: large\">CANDIDATURES AU CONSEIL SCIENTIFIQUE DE L&rsquo;UNIVERSIT\u00c9 &lsquo;CSU&rsquo;<\/span><\/span><\/div>\n<p style=\"text-align: left\"><img loading=\"lazy\" decoding=\"async\" class=\"aligncenter wp-image-1022 size-large\" src=\"http:\/\/www.univ-mosta.dz\/fle\/wp-content\/uploads\/sites\/2\/2021\/01\/candidatures-au-CSU-1024x744.jpg\" alt=\"\" width=\"1024\" height=\"744\" srcset=\"https:\/\/www.univ-mosta.dz\/fle\/wp-content\/uploads\/sites\/2\/2021\/01\/candidatures-au-CSU-1024x744.jpg 1024w, https:\/\/www.univ-mosta.dz\/fle\/wp-content\/uploads\/sites\/2\/2021\/01\/candidatures-au-CSU-300x218.jpg 300w, https:\/\/www.univ-mosta.dz\/fle\/wp-content\/uploads\/sites\/2\/2021\/01\/candidatures-au-CSU-768x558.jpg 768w, https:\/\/www.univ-mosta.dz\/fle\/wp-content\/uploads\/sites\/2\/2021\/01\/candidatures-au-CSU-1536x1116.jpg 1536w, https:\/\/www.univ-mosta.dz\/fle\/wp-content\/uploads\/sites\/2\/2021\/01\/candidatures-au-CSU-2048x1488.jpg 2048w\" sizes=\"auto, (max-width: 1024px) 100vw, 1024px\" \/><\/p>\n<div class=\"yj6qo\"><\/div>\n<div class=\"adL\" style=\"text-align: right\"><a href=\"https:\/\/www.univ-mosta.dz\/fle\/\"><img loading=\"lazy\" decoding=\"async\" class=\"alignnone size-full wp-image-490\" src=\"http:\/\/www.univ-mosta.dz\/fle\/wp-content\/uploads\/sites\/2\/2020\/09\/retour-suivant-gif-029.gif\" alt=\"\" width=\"120\" height=\"22\" \/><\/a><\/div>\n<p>&nbsp;<\/p>\n<p>&nbsp;<\/p>\n","protected":false},"excerpt":{"rendered":"<p>AVIS AUX ENSEIGNANTS DE LA FACULT\u00c9 DES LANGUES \u00c9TRANG\u00c8RES\u00a0 \u00a0\u00a0CANDIDATURES AU CONSEIL SCIENTIFIQUE DE L&rsquo;UNIVERSIT\u00c9 &lsquo;CSU&rsquo; &nbsp; &nbsp;<\/p>\n","protected":false},"author":18,"featured_media":0,"parent":0,"menu_order":0,"comment_status":"closed","ping_status":"closed","template":"","meta":{"_coblocks_attr":"","_coblocks_dimensions":"","_coblocks_responsive_height":"","_coblocks_accordion_ie_support":"","footnotes":""},"class_list":["post-1008","page","type-page","status-publish","hentry"],"_links":{"self":[{"href":"https:\/\/www.univ-mosta.dz\/fle\/wp-json\/wp\/v2\/pages\/1008","targetHints":{"allow":["GET"]}}],"collection":[{"href":"https:\/\/www.univ-mosta.dz\/fle\/wp-json\/wp\/v2\/pages"}],"about":[{"href":"https:\/\/www.univ-mosta.dz\/fle\/wp-json\/wp\/v2\/types\/page"}],"author":[{"embeddable":true,"href":"https:\/\/www.univ-mosta.dz\/fle\/wp-json\/wp\/v2\/users\/18"}],"replies":[{"embeddable":true,"href":"https:\/\/www.univ-mosta.dz\/fle\/wp-json\/wp\/v2\/comments?post=1008"}],"version-history":[{"count":10,"href":"https:\/\/www.univ-mosta.dz\/fle\/wp-json\/wp\/v2\/pages\/1008\/revisions"}],"predecessor-version":[{"id":1025,"href":"https:\/\/www.univ-mosta.dz\/fle\/wp-json\/wp\/v2\/pages\/1008\/revisions\/1025"}],"wp:attachment":[{"href":"https:\/\/www.univ-mosta.dz\/fle\/wp-json\/wp\/v2\/media?parent=1008"}],"curies":[{"name":"wp","href":"https:\/\/api.w.org\/{rel}","templated":true}]}}